000
CXUS54 KLZK 221430
CF6PBF
PRELIMINARY LOCAL CLIMATOLOGICAL DATA (WS FORM: F-6)

                                          STATION:   Pine Bluff
                                          MONTH:     NOVEMBER
                                          YEAR:      2014
                                          LATITUDE:   34 10 N
                                          LONGITUDE:  91 56 W

  TEMPERATURE IN F:       :PCPN:    SNOW:  WIND      :SUNSHINE: SKY     :PK WND
================================================================================
1   2   3   4   5  6A  6B    7    8   9   10  11  12  13   14  15   16   17  18
                                     12Z  AVG MX 2MIN
DY MAX MIN AVG DEP HDD CDD  WTR  SNW DPTH SPD SPD DIR MIN PSBL S-S WX    SPD DR
================================================================================

 1  52  33  43 -15  22   0 0.00  0.0    0  6.7 17  10   M    M   0        22  10
 2  61  32  47 -11  18   0 0.00  0.0    0  4.9 13 110   M    M   0        16 100
 3  70  39  55  -3  10   0 0.00  0.0    0  5.8 15 190   M    M   0        19 160
 4  75  53  64   7   1   0 0.33  0.0    0  9.5 20 210   M    M   5 1      28 180
 5  58  54  56  -1   9   0 1.21  0.0    0  6.5 13  20   M    M  10 1      16  30
 6  68  45  57   0   8   0 0.00  0.0    0  8.5 20 310   M    M   3 12     25 360
 7  58  36  47  -9  18   0 0.00  0.0    0  3.0 12  90   M    M   0        15  90
 8  62  39  51  -5  14   0 0.00  0.0    0  4.1 14  10   M    M   0        18 360
 9  65  37  51  -5  14   0 0.00  0.0    0  4.1 10 200   M    M   0        15 230
10  73  45  59   4   6   0 0.00  0.0    0 12.2 24 190   M    M   0        31 180
11  65  38  52  -3  13   0 0.02  0.0    0 11.5 21 320   M    M   7 1      29 330
12  45  31  38 -16  27   0    T  0.0    0 11.9 22  10   M    M   2        27  10
13  37  26  32 -22  33   0    T  0.1    T 10.5 22 340   M    M   5        28 330
14  38  25  32 -22  33   0 0.00  0.0    0  5.8 14  10   M    M   0        19  20
15  43  24  34 -19  31   0    T  0.0    0  3.9 13 120   M    M   5        16 100
16  40  36  38 -15  27   0 0.70    T    0  9.7 20 330   M    M  10 1      26 360
17  41  28  35 -18  30   0    T    T    0 11.7 23 330   M    M   3 1      32 340
18  44  20  32 -20  33   0 0.00  0.0    0  6.2 13 220   M    M   0        17 200
19  60  31  46  -6  19   0 0.00  0.0    0  9.3 24 240   M    M   0        33 240
20  55  31  43  -9  22   0 0.06  0.0    0  6.0 13  30   M    M   4 1      17  30
21  55  44  50  -1  15   0 0.12  0.0    0  3.8 10  70   M    M   9 1      12  60
================================================================================
SM 1165  747       403   0  2.44     0.1 155.6          M       63
================================================================================
AV 55.5 35.6                               7.4 FASTST   M    M   3    MAX(MPH)
                                 MISC ---->  # 24 190               # 33  240
================================================================================
NOTES:
# LAST OF SEVERAL OCCURRENCES

COLUMN 17 PEAK WIND IN M.P.H.

PRELIMINARY LOCAL CLIMATOLOGICAL DATA (WS FORM: F-6) , PAGE 2

                                          STATION:  Pine Bluff
                                          MONTH:    NOVEMBER
                                          YEAR:     2014
                                          LATITUDE:   34 10 N
                                          LONGITUDE:  91 56 W

[TEMPERATURE DATA]      [PRECIPITATION DATA]       SYMBOLS USED IN COLUMN 16

AVERAGE MONTHLY: 45.5   TOTAL FOR MONTH:   2.44    1 = FOG OR MIST
DPTR FM NORMAL:  -9.3   DPTR FM NORMAL:   -0.85    2 = FOG REDUCING VISIBILITY
HIGHEST:    75 ON  4    GRTST 24HR  1.48 ON  4- 5      TO 1/4 MILE OR LESS
LOWEST:     20 ON 18                               3 = THUNDER
                        SNOW, ICE PELLETS, HAIL    4 = ICE PELLETS
                        TOTAL MONTH:   0.1 INCH    5 = HAIL
                        GRTST 24HR   0.1 ON   M    6 = FREEZING RAIN OR DRIZZLE
                        GRTST DEPTH:   T           7 = DUSTSTORM OR SANDSTORM:
                                                       VSBY 1/2 MILE OR LESS
                                                   8 = SMOKE OR HAZE
[NO. OF DAYS WITH]      [WEATHER - DAYS WITH]      9 = BLOWING SNOW
                                                   X = TORNADO
MAX 32 OR BELOW:   0    0.01 INCH OR MORE:   6
MAX 90 OR ABOVE:   0    0.10 INCH OR MORE:   4
MIN 32 OR BELOW:   9    0.50 INCH OR MORE:   2
MIN  0 OR BELOW:   0    1.00 INCH OR MORE:   1

[HDD (BASE 65) ]
TOTAL THIS MO.   403    CLEAR  (SCALE 0-3)  13
DPTR FM NORMAL   177    PTCLDY (SCALE 4-7)   5
TOTAL FM JUL 1   488    CLOUDY (SCALE 8-10)  3
DPTR FM NORMAL   125

[CDD (BASE 65) ]
TOTAL THIS MO.     0
DPTR FM NORMAL   -10    [PRESSURE DATA]
TOTAL FM JAN 1  1898    HIGHEST SLP M ON M
DPTR FM NORMAL  -231    LOWEST  SLP 29.53 ON 10

[REMARKS]
ALL SNOWFALL DATA IS FROM THE PINE BLUFF WATER PLANT SITE
