000
CXUS51 KBTV 010700
CF6PBG
PRELIMINARY LOCAL CLIMATOLOGICAL DATA (WS FORM: F-6)

                                          STATION:   PLATTSBURGH NY
                                          MONTH:     JULY
                                          YEAR:      2015
                                          LATITUDE:   44 39 N
                                          LONGITUDE:  73 28 W

  TEMPERATURE IN F:       :PCPN:    SNOW:  WIND      :SUNSHINE: SKY     :PK WND
================================================================================
1   2   3   4   5  6A  6B    7    8   9   10  11  12  13   14  15   16   17  18
                                     12Z  AVG MX 2MIN
DY MAX MIN AVG DEP HDD CDD  WTR  SNW DPTH SPD SPD DIR MIN PSBL S-S WX    SPD DR
================================================================================

 1  76  59  68   0   0   3 0.85  0.0    0  5.6  9 230   M    M   6 1      20 220
 2  75  56  66  -2   0   1 0.00  0.0    0  5.7 14 300   M    M   2        21 280
 3  75  50  63  -5   2   0 0.00  0.0    0  5.5 15 150   M    M   0        18 140
 4  74  52  63  -5   2   0 0.20  0.0    0  3.9 16 140   M    M   3 13     21 140
 5  78  56  67  -2   0   2 0.00  0.0    0  4.2 14 140   M    M   3 1      17 140
 6  80  56  68  -1   0   3 0.00  0.0    0  4.4 14 160   M    M   0 1      27 170
 7  84  59  72   3   0   7    T  0.0    0  7.8 22 170   M    M   3 1      27 180
 8  74  56  65  -4   0   0 0.01  0.0    0  9.2 20 330   M    M   3        25 330
 9  72  54  63  -6   2   0    T  0.0    0  4.3 13 160   M    M   3        19 140
10  83  55  69   0   0   4 0.00  0.0    0  3.9 17 340   M    M   2 1      24 340
11  87  62  75   6   0  10 0.00  0.0    0  5.8 13 140   M    M   3        19 100
12  85  67  76   7   0  11 0.00  0.0    0  4.0 15 140   M    M   2        17 130
13  86  62  74   4   0   9 0.00  0.0    0  6.1 22 160   M    M   0 3      29 180
14  82  67  75   5   0  10 0.09  0.0    0  7.8 23 150   M    M   4 1      29 150
15  70  56  63  -7   2   0 0.09  0.0    0 12.1 25  20   M    M   6 1      33  10
16  72  50  61  -9   4   0 0.00  0.0    0  5.2 12  70   M    M   0        24  50
17  76  48  62  -8   3   0 0.10    M    0  5.9 17 150   M    M   1 1      23 170
18  82  64  73   3   0   8 0.38  0.0    0  7.5 16 150   M    M   8 13     21 170
19  87  66  77   7   0  12 0.07  0.0    0  3.9 17 150   M    M   5 13     22 140
20  87  63  75   5   0  10 0.00  0.0    0  3.9 10 300   M    M   1        18 220
21  80  59  70   0   0   5 0.32  0.0    0  4.7 17 150   M    M   3 13     22 270
22  77  56  67  -3   0   2 0.32  0.0    0  3.0 15 310   M    M   7 1      23 290
23  77  60  69  -1   0   4 0.00  0.0    0  4.1 15 350   M    M   7        17 360
24  75  58  67  -3   0   2 0.11  0.0    0  3.9 14  10   M    M   7 1      18  10
25  79  54  67  -3   0   2 0.03  0.0    0  4.4 14 130   M    M   2 1      19 140
26  80  64  72   2   0   7 0.01  0.0    0  5.1 16 140   M    M   5 13     22 140
27  81  60  71   1   0   6 0.38  0.0    0  4.4 21 350   M    M   1 138    28 130
28  85  61  73   3   0   8 0.58  0.0    0  3.0 14 210   M    M   0 123    20 210
29  86  64  75   6   0  10 0.24  0.0    0  4.6 15 150   M    M   1 13     20 170
30  85  64  75   6   0  10 0.39  0.0    0  2.1 13 140   M    M   3 18     28 210
31  83  59  71   2   0   6 0.00  0.0    0  4.8 15 290   M    M   2        26 260
================================================================================
SM 2473 1817        15 152  4.17     0.0 160.8          M       93
================================================================================
AV 79.8 58.6                               5.2 FASTST   M    M   3    MAX(MPH)
                                 MISC ---->  # 25  20               # 33   10
================================================================================
NOTES:
# LAST OF SEVERAL OCCURRENCES

COLUMN 17 PEAK WIND IN M.P.H.

PRELIMINARY LOCAL CLIMATOLOGICAL DATA (WS FORM: F-6) , PAGE 2

                                          STATION:  PLATTSBURGH NY
                                          MONTH:    JULY
                                          YEAR:     2015
                                          LATITUDE:   44 39 N
                                          LONGITUDE:  73 28 W

[TEMPERATURE DATA]      [PRECIPITATION DATA]       SYMBOLS USED IN COLUMN 16

AVERAGE MONTHLY: 69.2   TOTAL FOR MONTH:   4.17    1 = FOG OR MIST
DPTR FM NORMAL:  -0.1   DPTR FM NORMAL:       M    2 = FOG REDUCING VISIBILITY
HIGHEST:    87 ON 20,19 GRTST 24HR  0.96 ON 27-28      TO 1/4 MILE OR LESS
LOWEST:     48 ON 17                               3 = THUNDER
                        SNOW, ICE PELLETS, HAIL    4 = ICE PELLETS
                        TOTAL MONTH:   0.0 INCH    5 = HAIL
                        GRTST 24HR     0.0         6 = FREEZING RAIN OR DRIZZLE
                        GRTST DEPTH:   0           7 = DUSTSTORM OR SANDSTORM:
                                                       VSBY 1/2 MILE OR LESS
                                                   8 = SMOKE OR HAZE
[NO. OF DAYS WITH]      [WEATHER - DAYS WITH]      9 = BLOWING SNOW
                                                   X = TORNADO
MAX 32 OR BELOW:   0    0.01 INCH OR MORE:  17
MAX 90 OR ABOVE:   0    0.10 INCH OR MORE:  11
MIN 32 OR BELOW:   0    0.50 INCH OR MORE:   2
MIN  0 OR BELOW:   0    1.00 INCH OR MORE:   0

[HDD (BASE 65) ]
TOTAL THIS MO.    15    CLEAR  (SCALE 0-3)  17
DPTR FM NORMAL     4    PTCLDY (SCALE 4-7)  14
TOTAL FM JUL 1    15    CLOUDY (SCALE 8-10)  0
DPTR FM NORMAL     4

[CDD (BASE 65) ]
TOTAL THIS MO.   152
DPTR FM NORMAL     9    [PRESSURE DATA]
TOTAL FM JAN 1   222    HIGHEST SLP M ON M
DPTR FM NORMAL     9    LOWEST  SLP 29.55 ON 21

[REMARKS]
#FINAL-07-15#
