533
CXUS53 KARX 250930
CF6PDC
PRELIMINARY LOCAL CLIMATOLOGICAL DATA (WS FORM: F-6)

                                          STATION:   PRAIRIE_DU_CHIEN_MUN
                                          MONTH:     JULY
                                          YEAR:      2017
                                          LATITUDE:   43  1 N
                                          LONGITUDE:  91  7 W

  TEMPERATURE IN F:       :PCPN:    SNOW:  WIND      :SUNSHINE: SKY     :PK WND
================================================================================
1   2   3   4   5  6A  6B    7    8   9   10  11  12  13   14  15   16   17  18
                                     12Z  AVG MX 2MIN
DY MAX MIN AVG DEP HDD CDD  WTR  SNW DPTH SPD SPD DIR MIN PSBL S-S WX    SPD DR
================================================================================

 1  76  58  67   M   0   2 0.00  0.0    0  5.7 14 280   M    M   2        21 290
 2  85  57  71   M   0   6 0.00  0.0    0  3.4 12 240   M    M   4 8      16 240
 3  81  64  73   M   0   8 0.07  0.0    0  4.7  9 100   M    M   4         M  M
 4  84  62  73   M   0   8 0.00  0.0    0  3.4  9 100   M    M   1         M  M
 5  89  67  78   M   0  13 0.00  0.0    0  2.8 14  90   M    M   2         M  M
 6  90  66  78   M   0  13 0.00  0.0    0  3.7 12 220   M    M   1         M  M
 7  84  65  75   M   0  10 0.00  0.0    0  7.2 14 330   M    M   1        25 330
 8  80  58  69   M   0   4 0.00  0.0    0  1.7  6 240   M    M   0         M  M
 9  84  59  72   M   0   7 0.01  0.0    0  2.2  7 100   M    M   1 3       M  M
10  83  66  75   M   0  10 0.28  0.0    0  2.9  7 120   M    M   6         M  M
11  82  68  75   M   0  10 1.36  0.0    0  3.1 13 180   M    M   6 12     20 180
12  87  67  77   M   0  12 0.37  0.0    0  4.6 15  70   M    M   6        24 220
13  80  60  70   M   0   5 0.00  0.0    0  6.8 13 340   M    M   3        17 290
14  71  56  64   M   1   0 0.00  0.0    0  3.9 10 320   M    M   5        23 340
15  86  54  70   M   0   5 0.00  0.0    0  3.5 10 230   M    M   3 1       M  M
16  82  64  73   M   0   8 0.00  0.0    0  3.5  9  80   M    M   4         M  M
17  82  61  72   M   0   7 0.00  0.0    0  3.5  9 140   M    M   0         M  M
18  88  66  77   M   0  12 0.00  0.0    0  4.7 10 220   M    M   3         M  M
19  86  66  76   M   0  11    M  0.0    0  3.5 15 300   M    M   4        28 300
20  86  67  77   M   0  12 0.76  0.0    0  2.7 10 100   M    M   5 1       M  M
21  72  69  71   M   0   6 2.44  0.0    0  2.1  7 160   M    M   6 1       M  M
22  83  69  76   M   0  11 0.00  0.0    0  1.9  7  70   M    M   7 12      M  M
23  83  66  75   M   0  10 0.00  0.0    0  5.4 14 320   M    M   3 12     22 300
24  76  61  69   M   0   4 0.00  0.0    0  4.0  7 120   M    M   4         M  M
================================================================================
SM 1980 1516         1 194  5.29     0.0  90.9          M       81
================================================================================
AV 82.5 63.2                               3.8 FASTST   M    M   3    MAX(MPH)
                                 MISC ---->  # 15  70               # 28  300
================================================================================
NOTES:
# LAST OF SEVERAL OCCURRENCES

COLUMN 17 PEAK WIND IN M.P.H.

PRELIMINARY LOCAL CLIMATOLOGICAL DATA (WS FORM: F-6) , PAGE 2

                                          STATION:  PRAIRIE_DU_CHIEN_MUN
                                          MONTH:    JULY
                                          YEAR:     2017
                                          LATITUDE:   43  1 N
                                          LONGITUDE:  91  7 W

[TEMPERATURE DATA]      [PRECIPITATION DATA]       SYMBOLS USED IN COLUMN 16

AVERAGE MONTHLY: 72.8   TOTAL FOR MONTH:   5.29    1 = FOG OR MIST
DPTR FM NORMAL:     M   DPTR FM NORMAL:       M    2 = FOG REDUCING VISIBILITY
HIGHEST:    90 ON  6    GRTST 24HR  2.44 ON 21-21      TO 1/4 MILE OR LESS
LOWEST:     54 ON 15                               3 = THUNDER
                        SNOW, ICE PELLETS, HAIL    4 = ICE PELLETS
                        TOTAL MONTH:   0.0 INCH    5 = HAIL
                        GRTST 24HR     0.0         6 = FREEZING RAIN OR DRIZZLE
                        GRTST DEPTH:   0           7 = DUSTSTORM OR SANDSTORM:
                                                       VSBY 1/2 MILE OR LESS
                                                   8 = SMOKE OR HAZE
[NO. OF DAYS WITH]      [WEATHER - DAYS WITH]      9 = BLOWING SNOW
                                                   X = TORNADO
MAX 32 OR BELOW:   0    0.01 INCH OR MORE:   7
MAX 90 OR ABOVE:   1    0.10 INCH OR MORE:   5
MIN 32 OR BELOW:   0    0.50 INCH OR MORE:   3
MIN  0 OR BELOW:   0    1.00 INCH OR MORE:   2

[HDD (BASE 65) ]
TOTAL THIS MO.     1    CLEAR  (SCALE 0-3)  11
DPTR FM NORMAL     M    PTCLDY (SCALE 4-7)  13
TOTAL FM JUL 1     1    CLOUDY (SCALE 8-10)  0
DPTR FM NORMAL     M

[CDD (BASE 65) ]
TOTAL THIS MO.   194
DPTR FM NORMAL     M    [PRESSURE DATA]
TOTAL FM JAN 1   403    HIGHEST SLP M ON M
DPTR FM NORMAL     M    LOWEST  SLP M ON M

[REMARKS]
