000
CXUS53 KARX 280930
CF6PDC
PRELIMINARY LOCAL CLIMATOLOGICAL DATA (WS FORM: F-6)

                                          STATION:   PRAIRIE_DU_CHIEN_MUN
                                          MONTH:     APRIL
                                          YEAR:      2016
                                          LATITUDE:   43  1 N
                                          LONGITUDE:  91  7 W

  TEMPERATURE IN F:       :PCPN:    SNOW:  WIND      :SUNSHINE: SKY     :PK WND
================================================================================
1   2   3   4   5  6A  6B    7    8   9   10  11  12  13   14  15   16   17  18
                                     12Z  AVG MX 2MIN
DY MAX MIN AVG DEP HDD CDD  WTR  SNW DPTH SPD SPD DIR MIN PSBL S-S WX    SPD DR
================================================================================

 1  48  31  40   M  25   0 0.01  0.0    0  9.3 24 280   M    M   7        35 280
 2  38  31  35   M  30   0    T    T    0 16.5 32 300   M    M   6        41 300
 3  78  28  53   M  12   0 0.00  0.0    0 11.7 27 230   M    M   2        39 240
 4  43  27  35   M  30   0 0.00  0.0    0  6.5 12 330   M    M   3        17 340
 5  42  24  33   M  32   0 0.02    M    0  8.2 17 120   M    M   5        23 120
 6  52  38  45   M  20   0 0.25    M    0  6.9 17 310   M    M  10 1      25 310
 7  47  35  41   M  24   0    T  0.0    0 10.2 15 330   M    M   9        21 360
 8  41  30  36   M  29   0    M    M    M 15.5 24 290   M    M   7        40 340
 9  42  23  33   M  32   0 0.00  0.0    0  6.9 14 120   M    M   2        18 120
10  63  38  51   M  14   0 0.00  0.0    0  9.0 15 280   M    M   7        21 120
11  48  33  41   M  24   0 0.00  0.0    0 13.8 21 310   M    M   1        35 310
12  53  25  39   M  26   0 0.00  0.0    0  3.6  8 150   M    M   2         M  M
13  64  40  52   M  13   0 0.00  0.0    0  7.8 13 140   M    M   7        18 140
14  68  42  55   M  10   0 0.00  0.0    0  7.5 12 120   M    M   0        20 120
15  74  46  60   M   5   0 0.00  0.0    0  9.2 13 110   M    M   1        23 130
16  80  52  66   M   0   1 0.00  0.0    0  6.6 12 110   M    M   2        21 130
17  81  54  68   M   0   3 0.00  0.0    0  4.4 12 110   M    M   2        16 120
18  82  49  66   M   0   1    M  0.0    0  3.2  9 190   M    M   3         M  M
19  63  49  56   M   9   0 0.08  0.0    0  5.4 13  80   M    M   9        16  80
20  69  42  56   M   9   0 0.05  0.0    0  5.2 15 120   M    M   6 1      24 120
21  68  45  57   M   8   0 0.06  0.0    0  1.6 10 260   M    M   7 12      M  M
22  65  47  56   M   9   0 0.00  0.0    0  4.8 12 320   M    M   5         M  M
23  68  43  56   M   9   0 0.00  0.0    0  6.3  9 140   M    M   3        16 140
24  77  51  64   M   1   0 0.01  0.0    0  6.9 13 140   M    M   3        21 160
25  78  55  67   M   0   2 0.00  0.0    0  8.0 17 230   M    M   3        25 230
26  58  44  51   M  14   0 0.00  0.0    0  8.4 14  60   M    M   8        20  50
27  52  43  48   M  17   0 0.13  0.0    0 12.8 21  80   M    M   9        28  80
================================================================================
SM 1642 1065       402   7  0.61    T    216.2          M      129
================================================================================
AV 60.8 39.4                               8.0 FASTST   M    M   5    MAX(MPH)
                                 MISC ---->    32   M                 41    M
================================================================================
NOTES:
# LAST OF SEVERAL OCCURRENCES

COLUMN 17 PEAK WIND IN M.P.H.

PRELIMINARY LOCAL CLIMATOLOGICAL DATA (WS FORM: F-6) , PAGE 2

                                          STATION:  PRAIRIE_DU_CHIEN_MUN
                                          MONTH:    APRIL
                                          YEAR:     2016
                                          LATITUDE:   43  1 N
                                          LONGITUDE:  91  7 W

[TEMPERATURE DATA]      [PRECIPITATION DATA]       SYMBOLS USED IN COLUMN 16

AVERAGE MONTHLY: 50.1   TOTAL FOR MONTH:   0.61    1 = FOG OR MIST
DPTR FM NORMAL:     M   DPTR FM NORMAL:       M    2 = FOG REDUCING VISIBILITY
HIGHEST:    82 ON 18    GRTST 24HR  0.25 ON  6- 6      TO 1/4 MILE OR LESS
LOWEST:     23 ON  9                               3 = THUNDER
                        SNOW, ICE PELLETS, HAIL    4 = ICE PELLETS
                        TOTAL MONTH:    T          5 = HAIL
                        GRTST 24HR    T  ON  2- 2  6 = FREEZING RAIN OR DRIZZLE
                        GRTST DEPTH:   0           7 = DUSTSTORM OR SANDSTORM:
                                                       VSBY 1/2 MILE OR LESS
                                                   8 = SMOKE OR HAZE
[NO. OF DAYS WITH]      [WEATHER - DAYS WITH]      9 = BLOWING SNOW
                                                   X = TORNADO
MAX 32 OR BELOW:   0    0.01 INCH OR MORE:   8
MAX 90 OR ABOVE:   0    0.10 INCH OR MORE:   2
MIN 32 OR BELOW:   8    0.50 INCH OR MORE:   0
MIN  0 OR BELOW:   0    1.00 INCH OR MORE:   0

[HDD (BASE 65) ]
TOTAL THIS MO.   402    CLEAR  (SCALE 0-3)  10
DPTR FM NORMAL     M    PTCLDY (SCALE 4-7)  12
TOTAL FM JUL 1  5641    CLOUDY (SCALE 8-10)  5
DPTR FM NORMAL     M

[CDD (BASE 65) ]
TOTAL THIS MO.     7
DPTR FM NORMAL     M    [PRESSURE DATA]
TOTAL FM JAN 1     7    HIGHEST SLP M ON M
DPTR FM NORMAL     M    LOWEST  SLP M ON M

[REMARKS]
