000
CXUS56 KPQR 301230
CF6PDX
PRELIMINARY LOCAL CLIMATOLOGICAL DATA (WS FORM: F-6)

                                          STATION:   PORTLAND OR
                                          MONTH:     SEPTEMBER
                                          YEAR:      2014
                                          LATITUDE:   45 35 N
                                          LONGITUDE: 122 36 W

  TEMPERATURE IN F:       :PCPN:    SNOW:  WIND      :SUNSHINE: SKY     :PK WND
================================================================================
1   2   3   4   5  6A  6B    7    8   9   10  11  12  13   14  15   16   17  18
                                     12Z  AVG MX 2MIN
DY MAX MIN AVG DEP HDD CDD  WTR  SNW DPTH SPD SPD DIR MIN PSBL S-S WX    SPD DR
================================================================================

 1  80  54  67  -1   0   2 0.00  0.0    0  5.1 15 320   M    M   2        20 320
 2  76  59  68   0   0   3 0.00  0.0    0  7.7 26 310   M    M   5        32 310
 3  73  54  64  -3   1   0 0.00  0.0    0  5.7 12 350   M    M   4        16 310
 4  85  51  68   1   0   3 0.00  0.0    0  5.4 18  70   M    M   1        22  80
 5  90  56  73   6   0   8 0.00  0.0    0  9.9 26  80   M    M   0        31  80
 6  94  57  76   9   0  11 0.00  0.0    0  6.9 15  90   M    M   1        18 100
 7  87  55  71   4   0   6 0.00  0.0    0  4.9 12 300   M    M   2        13 310
 8  77  54  66   0   0   1 0.00  0.0    0  6.6 18 310   M    M   4        24 310
 9  76  58  67   1   0   2    T  0.0    0  3.6 13 310   M    M   4        16 310
10  78  56  67   1   0   2 0.00  0.0    0  8.5 15  80   M    M   3        19  70
11  76  61  69   3   0   4 0.00  0.0    0 22.3 35  80   M    M   0        44  80
12  85  51  68   2   0   3 0.00  0.0    0  6.0 21  80   M    M   0        27  80
13  89  51  70   5   0   5 0.00  0.0    0  6.1 16  70   M    M   1        21  80
14  89  52  71   6   0   6 0.00  0.0    0  5.0 10 140   M    M   6        12 260
15  90  53  72   7   0   7 0.00  0.0    0  4.0 10 100   M    M   4        13 280
16  75  56  66   1   0   1    T  0.0    0  6.1 10 310   M    M   7        13 210
17  77  61  69   5   0   4    T  0.0    0  2.8 10 290   M    M   9        13 350
18  73  61  67   3   0   2 0.05  0.0    0  2.6  9  70   M    M   9 1      11 100
19  82  62  72   8   0   7 0.00  0.0    0  5.2 12 320   M    M   4        17 320
20  94  59  77  13   0  12 0.00  0.0    0  8.9 23  80   M    M   3        27  80
21  87  60  74  11   0   9 0.00  0.0    0  4.8 15 310   M    M   5        18 310
22  71  61  66   3   0   1    T  0.0    0  5.1 12 190   M    M   9        13 190
23  68  60  64   2   1   0 0.43  0.0    0  4.6 10 120   M    M  10 18     14 120
24  66  60  63   1   2   0 0.30  0.0    0  8.5 15 110   M    M  10 1      17 110
25  73  58  66   4   0   1    T  0.0    0  7.1 22 250   M    M   7 1      28 230
26  74  58  66   4   0   1    T  0.0    0  8.2 16 180   M    M   7        25 210
27  70  58  64   3   1   0 0.00  0.0    0  5.3 15 310   M    M   7        19 310
28  77  53  65   4   0   0 0.00  0.0    0  4.1 14 280   M    M   3        16 280
29  63  54  59  -1   6   0 0.10  0.0    0  3.9 13 300   M    M   7 1      16 200
================================================================================
SM 2295 1643        11 101  0.88     0.0 184.9          M      134
================================================================================
AV 79.1 56.7                               6.4 FASTST   M    M   5    MAX(MPH)
                                 MISC ---->  # 35  80               # 44   80
================================================================================
NOTES:
# LAST OF SEVERAL OCCURRENCES

COLUMN 17 PEAK WIND IN M.P.H.

PRELIMINARY LOCAL CLIMATOLOGICAL DATA (WS FORM: F-6) , PAGE 2

                                          STATION:  PORTLAND OR
                                          MONTH:    SEPTEMBER
                                          YEAR:     2014
                                          LATITUDE:   45 35 N
                                          LONGITUDE: 122 36 W

[TEMPERATURE DATA]      [PRECIPITATION DATA]       SYMBOLS USED IN COLUMN 16

AVERAGE MONTHLY: 67.9   TOTAL FOR MONTH:   0.88    1 = FOG OR MIST
DPTR FM NORMAL:   3.3   DPTR FM NORMAL:   -0.53    2 = FOG REDUCING VISIBILITY
HIGHEST:    94 ON 20, 6 GRTST 24HR  0.70 ON 23-24      TO 1/4 MILE OR LESS
LOWEST:     51 ON 13,12                            3 = THUNDER
                        SNOW, ICE PELLETS, HAIL    4 = ICE PELLETS
                        TOTAL MONTH:   0.0 INCH    5 = HAIL
                        GRTST 24HR     0.0         6 = FREEZING RAIN OR DRIZZLE
                        GRTST DEPTH:   0           7 = DUSTSTORM OR SANDSTORM:
                                                       VSBY 1/2 MILE OR LESS
                                                   8 = SMOKE OR HAZE
[NO. OF DAYS WITH]      [WEATHER - DAYS WITH]      9 = BLOWING SNOW
                                                   X = TORNADO
MAX 32 OR BELOW:   0    0.01 INCH OR MORE:   4
MAX 90 OR ABOVE:   4    0.10 INCH OR MORE:   3
MIN 32 OR BELOW:   0    0.50 INCH OR MORE:   0
MIN  0 OR BELOW:   0    1.00 INCH OR MORE:   0

[HDD (BASE 65) ]
TOTAL THIS MO.    11    CLEAR  (SCALE 0-3)  11
DPTR FM NORMAL   -60    PTCLDY (SCALE 4-7)  13
TOTAL FM JUL 1    12    CLOUDY (SCALE 8-10)  5
DPTR FM NORMAL   -86

[CDD (BASE 65) ]
TOTAL THIS MO.   101
DPTR FM NORMAL    42    [PRESSURE DATA]
TOTAL FM JAN 1   636    HIGHEST SLP M ON M
DPTR FM NORMAL   214    LOWEST  SLP 29.68 ON 17

[REMARKS]
