000
CXUS54 KEWX 180910
CF6PEZ
PRELIMINARY LOCAL CLIMATOLOGICAL DATA (WS FORM: F-6)

                                          STATION:   PLEASANTON MUNICIPAL AIRPORT
                                          MONTH:     DECEMBER
                                          YEAR:      2017
                                          LATITUDE:   28 57 N
                                          LONGITUDE:  98 31 W

  TEMPERATURE IN F:       :PCPN:    SNOW:  WIND      :SUNSHINE: SKY     :PK WND
================================================================================
1   2   3   4   5  6A  6B    7    8   9   10  11  12  13   14  15   16   17  18
                                     12Z  AVG MX 2MIN
DY MAX MIN AVG DEP HDD CDD  WTR  SNW DPTH SPD SPD DIR MIN PSBL S-S WX    SPD DR
================================================================================

 1  79  51  65   M   0   0 0.00    M    M  2.5  6 160   M    M   2         M  M
 2  80  47  64   M   1   0 0.00    M    M  1.3  8 140   M    M   3 12      M  M
 3  83  64  74   M   0   9 0.00    M    M  4.8 10 200   M    M   7 12      M  M
 4  86  69  78   M   0  13 0.00    M    M  7.1 15 200   M    M   6        22 200
 5  71  54  63   M   2   0 0.00    M    M  8.1 17  30   M    M   9 1      27  40
 6  55  40  48   M  17   0 0.26    M    M  8.3 12 360   M    M  10        20 360
 7  42  32  37   M  28   0 0.69    M    M  7.3 15  30   M    M  10        23  30
 8  57  33  45   M  20   0 0.00    M    M  6.2 15 290   M    M   2        20 290
 9  70  37  54   M  11   0 0.00    M    M  6.2 12 350   M    M   0        21 350
10  69  31  50   M  15   0 0.00    M    M  1.2  5 310   M    M   0         M  M
11  73  35  54   M  11   0 0.00    M    M  3.5 10 260   M    M   0         M  M
12  68  39  54   M  11   0 0.00    M    M  5.2 13  50   M    M   0        21  50
13  62  34  48   M  17   0 0.00    M    M  1.4  8 220   M    M   0         M  M
14  64  40  52   M  13   0 0.00    M    M  1.9  9  40   M    M   1         M  M
15  58  46  52   M  13   0 0.00    M    M  5.7 14  50   M    M   4        22  20
16  50  44  47   M  18   0 0.87    M    M  1.8  7 330   M    M   9 1       M  M
17  51  46  49   M  16   0 0.00  0.0    0  1.2  6 320   M    M  10 1       M  M
================================================================================
SM 1118  742       193  22  1.82     0.0  73.7          M       73
================================================================================
AV 65.8 43.7                               4.3 FASTST   M    M   4    MAX(MPH)
                                 MISC ---->  # 17  30               # 27   40
================================================================================
NOTES:
# LAST OF SEVERAL OCCURRENCES

COLUMN 17 PEAK WIND IN M.P.H.

PRELIMINARY LOCAL CLIMATOLOGICAL DATA (WS FORM: F-6) , PAGE 2

                                          STATION:  PLEASANTON MUNICIPAL AIRPORT
                                          MONTH:    DECEMBER
                                          YEAR:     2017
                                          LATITUDE:   28 57 N
                                          LONGITUDE:  98 31 W

[TEMPERATURE DATA]      [PRECIPITATION DATA]       SYMBOLS USED IN COLUMN 16

AVERAGE MONTHLY: 54.7   TOTAL FOR MONTH:   1.82    1 = FOG OR MIST
DPTR FM NORMAL:     M   DPTR FM NORMAL:       M    2 = FOG REDUCING VISIBILITY
HIGHEST:    86 ON  4    GRTST 24HR  0.87 ON 16-16      TO 1/4 MILE OR LESS
LOWEST:     31 ON 10                               3 = THUNDER
                        SNOW, ICE PELLETS, HAIL    4 = ICE PELLETS
                        TOTAL MONTH:   0.0 INCH    5 = HAIL
                        GRTST 24HR     0.0         6 = FREEZING RAIN OR DRIZZLE
                        GRTST DEPTH:   0           7 = DUSTSTORM OR SANDSTORM:
                                                       VSBY 1/2 MILE OR LESS
                                                   8 = SMOKE OR HAZE
[NO. OF DAYS WITH]      [WEATHER - DAYS WITH]      9 = BLOWING SNOW
                                                   X = TORNADO
MAX 32 OR BELOW:   0    0.01 INCH OR MORE:   3
MAX 90 OR ABOVE:   0    0.10 INCH OR MORE:   3
MIN 32 OR BELOW:   2    0.50 INCH OR MORE:   2
MIN  0 OR BELOW:   0    1.00 INCH OR MORE:   0

[HDD (BASE 65) ]
TOTAL THIS MO.   193    CLEAR  (SCALE 0-3)   9
DPTR FM NORMAL     M    PTCLDY (SCALE 4-7)   3
TOTAL FM JUL 1   330    CLOUDY (SCALE 8-10)  5
DPTR FM NORMAL     M

[CDD (BASE 65) ]
TOTAL THIS MO.    22
DPTR FM NORMAL     M    [PRESSURE DATA]
TOTAL FM JAN 1  3690    HIGHEST SLP M ON M
DPTR FM NORMAL     M    LOWEST  SLP M ON M

[REMARKS]
