750
CXUS56 KFGZ 270900
CF6PGA
PRELIMINARY LOCAL CLIMATOLOGICAL DATA (WS FORM: F-6)

                                          STATION:   PAGE AZ AIRPORT
                                          MONTH:     MAY
                                          YEAR:      2016
                                          LATITUDE:   36 55 N
                                          LONGITUDE: 111 27 W

  TEMPERATURE IN F:       :PCPN:    SNOW:  WIND      :SUNSHINE: SKY     :PK WND
================================================================================
1   2   3   4   5  6A  6B    7    8   9   10  11  12  13   14  15   16   17  18
                                     12Z  AVG MX 2MIN
DY MAX MIN AVG DEP HDD CDD  WTR  SNW DPTH SPD SPD DIR MIN PSBL S-S WX    SPD DR
================================================================================

 1  57  47  52 -11  13   0 0.02    M    M  3.9 20  50   M    M   7        26  50
 2  67  50  59  -4   6   0 0.00    M    M  2.8 18 130   M    M   6        21 150
 3  76  48  62  -1   3   0 0.00    M    M  3.6 16  20   M    M   0        21  50
 4  86  53  70   6   0   5 0.00    M    M  7.0 20 150   M    M   0        26 140
 5  88  59  74  10   0   9 0.00    M    M  7.9 28 170   M    M   0        40 150
 6  76  52  64  -1   1   0 0.00  0.0    M 12.2 32 160   M    M   0        40 150
 7  64  47  56  -9   9   0 0.07    M    M  5.6 23 180   M    M   7 1      28 170
 8  69  47  58  -7   7   0    T    M    M  6.5 17 280   M    M   5        27 290
 9  79  53  66   0   0   1 0.00    M    M  6.6 17 280   M    M   2        26 270
10  78  57  68   2   0   3 0.01    M    M  6.9 16  30   M    M   4        23 340
11  75  52  64  -2   1   0 0.01    M    M  4.4 16 160   M    M   3        22 130
12  83  52  68   1   0   3 0.00    M    M  4.9 14  10   M    M   0 8      17  10
13  91  57  74   7   0   9 0.00    M    M  5.2 13  10   M    M   0        19  40
14  86  61  74   6   0   9    T    M    M  6.9 26 210   M    M   1        40 210
15  82  64  73   5   0   8    T  0.0    0  5.5 18 310   M    M   1        27 170
16  77  52  65  -3   0   0 0.14  0.0    0  6.6 23 290   M    M   2        36 320
17  74  49  62  -7   3   0 0.06    M    0  6.2 25 110   M    M   2        33 110
18  72  52  62  -7   3   0 0.24  0.0    0  4.6 15  20   M    M   5 1      17  10
19  83  54  69   0   0   4 0.00    M    M  5.7 13 230   M    M   1        23 230
20  84  64  74   4   0   9 0.00    M    M 14.8 26 190   M    M   0        40 180
21  80  62  71   1   0   6 0.00    M    M 14.7 31 180   M    M   1        40 170
22  76  55  66  -4   0   1 0.00    M    M  7.1 17 350   M    M   0        23 320
23  79  52  66  -5   0   1 0.00    M    M  5.4 15  30   M    M   0        20 210
24  78  60  69  -2   0   4 0.00    M    M  8.8 22 180   M    M   1        33 220
25  79  52  66  -5   0   1 0.00    M    M  3.9 18 190   M    M   1        26 200
26  73  60  67  -5   0   2 0.00    M    M  7.5 25  10   M    M   4        30  10
================================================================================
SM 2012 1411        46  75  0.55     0.0 175.2          M       53
================================================================================
AV 77.4 54.3                               6.7 FASTST   M    M   2    MAX(MPH)
                                 MISC ---->  # 32 160               # 40  150
================================================================================
NOTES:
# LAST OF SEVERAL OCCURRENCES

COLUMN 17 PEAK WIND IN M.P.H.

PRELIMINARY LOCAL CLIMATOLOGICAL DATA (WS FORM: F-6) , PAGE 2

                                          STATION:  PAGE AZ AIRPORT
                                          MONTH:    MAY
                                          YEAR:     2016
                                          LATITUDE:   36 55 N
                                          LONGITUDE: 111 27 W

[TEMPERATURE DATA]      [PRECIPITATION DATA]       SYMBOLS USED IN COLUMN 16

AVERAGE MONTHLY: 65.8   TOTAL FOR MONTH:   0.55    1 = FOG OR MIST
DPTR FM NORMAL:  -1.5   DPTR FM NORMAL:    0.16    2 = FOG REDUCING VISIBILITY
HIGHEST:    91 ON 13    GRTST 24HR  0.30 ON 17-18      TO 1/4 MILE OR LESS
LOWEST:     47 ON  8, 7                            3 = THUNDER
                        SNOW, ICE PELLETS, HAIL    4 = ICE PELLETS
                        TOTAL MONTH:   0.0 INCH    5 = HAIL
                        GRTST 24HR     0.0         6 = FREEZING RAIN OR DRIZZLE
                        GRTST DEPTH:   0           7 = DUSTSTORM OR SANDSTORM:
                                                       VSBY 1/2 MILE OR LESS
                                                   8 = SMOKE OR HAZE
[NO. OF DAYS WITH]      [WEATHER - DAYS WITH]      9 = BLOWING SNOW
                                                   X = TORNADO
MAX 32 OR BELOW:   0    0.01 INCH OR MORE:   7
MAX 90 OR ABOVE:   1    0.10 INCH OR MORE:   2
MIN 32 OR BELOW:   0    0.50 INCH OR MORE:   0
MIN  0 OR BELOW:   0    1.00 INCH OR MORE:   0

[HDD (BASE 65) ]
TOTAL THIS MO.    46    CLEAR  (SCALE 0-3)  19
DPTR FM NORMAL   -10    PTCLDY (SCALE 4-7)   7
TOTAL FM JUL 1  3556    CLOUDY (SCALE 8-10)  0
DPTR FM NORMAL  -385

[CDD (BASE 65) ]
TOTAL THIS MO.    75
DPTR FM NORMAL   -37    [PRESSURE DATA]
TOTAL FM JAN 1    86    HIGHEST SLP M ON M
DPTR FM NORMAL   -39    LOWEST  SLP 29.69 ON M

[REMARKS]
