000
CXUS53 KUNR 260945
CF6PHP
PRELIMINARY LOCAL CLIMATOLOGICAL DATA (WS FORM: F-6)

                                          STATION:   PHILIP SD
                                          MONTH:     FEBRUARY
                                          YEAR:      2017
                                          LATITUDE:   44  3 N
                                          LONGITUDE: 101 36 W

  TEMPERATURE IN F:       :PCPN:    SNOW:  WIND      :SUNSHINE: SKY     :PK WND
================================================================================
1   2   3   4   5  6A  6B    7    8   9   10  11  12  13   14  15   16   17  18
                                     12Z  AVG MX 2MIN
DY MAX MIN AVG DEP HDD CDD  WTR  SNW DPTH SPD SPD DIR MIN PSBL S-S WX    SPD DR
================================================================================

 1  24   8  16  -7  49   0    T    M    M  9.0 24 340   M    M   9 18     29 340
 2  19   6  13 -11  52   0 0.04    M    M  6.7 13 260   M    M   7 1      15 260
 3  31  -1  15  -9  50   0    T    M    M  9.4 20 170   M    M   1 1      24 170
 4  31  10  21  -3  44   0 0.00    M    M  9.2 24 330   M    M   2        28 330
 5  27   3  15  -9  50   0 0.00    M    M  6.2 17 120   M    M   0        20 130
 6  25  12  19  -5  46   0 0.00    M    M  8.0 17  10   M    M   6 1      20  10
 7  15   7  11 -13  54   0 0.05    M    M 10.2 21 330   M    M   9 1      24 330
 8  14   1   8 -16  57   0 0.03    M    M  5.4 13 240   M    M   6 1      15 230
 9  42   7  25   1  40   0 0.00    M    M  7.0 16 170   M    M   4        18 160
10  52  36  44  19  21   0 0.00    M    M  6.8 14 260   M    M   4        18 240
11  50  28  39  14  26   0 0.01    M    M  9.8 25 320   M    M   7        35 320
12  46  20  33   8  32   0 0.00    M    M  8.3 14 230   M    M   0        17 230
13  51  24  38  13  27   0 0.00    M    M 11.7 23 330   M    M   0        30 300
14  48  25  37  12  28   0 0.00    M    M  8.9 17 340   M    M   1        20 320
15  63  22  43  17  22   0 0.00    M    M  7.5 18 250   M    M   0        23 260
16  69  30  50  24  15   0 0.00    M    M  8.5 15 250   M    M   0        19 240
17  63  26  45  19  20   0 0.00    M    M 13.1 31 320   M    M   0        38 320
18  66  24  45  19  20   0 0.00    M    M  7.7 23 200   M    M   0        29 180
19  72  34  53  27  12   0 0.00    M    M  7.9 24 230   M    M   1        30 240
20  63  40  52  25  13   0 0.03    M    M 11.5 26 310   M    M   3        36 310
21  75  44  60  33   5   0 0.00    M    M 14.6 25 270   M    M   1        33 250
22  58  32  45  18  20   0    T    M    M 15.3 31 320   M    M   4        38 330
23  32  27  30   2  35   0    T    M    M 15.8 25  50   M    M  10        30  60
24  33  16  25  -3  40   0 0.00    M    M  9.1 21  10   M    M   5        25  20
25  42  14  28   0  37   0    T    M    M  8.5 24 280   M    M   8        30 290
================================================================================
SM 1111  495       815   0  0.16    M    236.1          M       88
================================================================================
AV 44.4 19.8                               9.4 FASTST   M    M   4    MAX(MPH)
                                 MISC ---->  # 31 320               # 38  320
================================================================================
NOTES:
# LAST OF SEVERAL OCCURRENCES

COLUMN 17 PEAK WIND IN M.P.H.

PRELIMINARY LOCAL CLIMATOLOGICAL DATA (WS FORM: F-6) , PAGE 2

                                          STATION:  PHILIP SD
                                          MONTH:    FEBRUARY
                                          YEAR:     2017
                                          LATITUDE:   44  3 N
                                          LONGITUDE: 101 36 W

[TEMPERATURE DATA]      [PRECIPITATION DATA]       SYMBOLS USED IN COLUMN 16

AVERAGE MONTHLY: 32.1   TOTAL FOR MONTH:   0.16    1 = FOG OR MIST
DPTR FM NORMAL:   6.7   DPTR FM NORMAL:   -0.22    2 = FOG REDUCING VISIBILITY
HIGHEST:    75 ON 21    GRTST 24HR  0.08 ON  7- 8      TO 1/4 MILE OR LESS
LOWEST:     -1 ON  3                               3 = THUNDER
                        SNOW, ICE PELLETS, HAIL    4 = ICE PELLETS
                        TOTAL MONTH:    M          5 = HAIL
                        GRTST 24HR    M  ON   M    6 = FREEZING RAIN OR DRIZZLE
                        GRTST DEPTH:  M  ON   M    7 = DUSTSTORM OR SANDSTORM:
                                                       VSBY 1/2 MILE OR LESS
                                                   8 = SMOKE OR HAZE
[NO. OF DAYS WITH]      [WEATHER - DAYS WITH]      9 = BLOWING SNOW
                                                   X = TORNADO
MAX 32 OR BELOW:   9    0.01 INCH OR MORE:   5
MAX 90 OR ABOVE:   0    0.10 INCH OR MORE:   0
MIN 32 OR BELOW:  21    0.50 INCH OR MORE:   0
MIN  0 OR BELOW:   1    1.00 INCH OR MORE:   0

[HDD (BASE 65) ]
TOTAL THIS MO.   815    CLEAR  (SCALE 0-3)  13
DPTR FM NORMAL  -177    PTCLDY (SCALE 4-7)   9
TOTAL FM JUL 1  4949    CLOUDY (SCALE 8-10)  3
DPTR FM NORMAL  -308

[CDD (BASE 65) ]
TOTAL THIS MO.     0
DPTR FM NORMAL     0    [PRESSURE DATA]
TOTAL FM JAN 1     0    HIGHEST SLP M ON M
DPTR FM NORMAL     0    LOWEST  SLP 29.16 ON 17

[REMARKS]
