000
CXUS55 KPSR 221005
CF6PHX
PRELIMINARY LOCAL CLIMATOLOGICAL DATA (WS FORM: F-6)

                                          STATION:   PHOENIX AZ
                                          MONTH:     NOVEMBER
                                          YEAR:      2017
                                          LATITUDE:   33 25 N
                                          LONGITUDE: 112  1 W

  TEMPERATURE IN F:       :PCPN:    SNOW:  WIND      :SUNSHINE: SKY     :PK WND
================================================================================
1   2   3   4   5  6A  6B    7    8   9   10  11  12  13   14  15   16   17  18
                                     12Z  AVG MX 2MIN
DY MAX MIN AVG DEP HDD CDD  WTR  SNW DPTH SPD SPD DIR MIN PSBL S-S WX    SPD DR
================================================================================

 1  84  63  74   4   0   9 0.00  0.0    0  6.9 16 300   M    M   4        24 320
 2  82  64  73   3   0   8 0.00  0.0    0  4.6 12 180   M    M   3        22 190
 3  81  60  71   2   0   6 0.00  0.0    0  5.6 12 290   M    M   5        16 170
 4  82  68  75   6   0  10    T  0.0    0  5.0 10 270   M    M   8        18 270
 5  79  63  71   2   0   6 0.00  0.0    0  4.6 12 310   M    M   5        19 340
 6  83  59  71   3   0   6 0.00  0.0    0  4.7 12 170   M    M   5        14 160
 7  81  65  73   5   0   8 0.00  0.0    0  4.1  9  10   M    M   8        14 360
 8  83  64  74   7   0   9 0.00  0.0    0  3.9 12  80   M    M   6        14 300
 9  85  64  75   8   0  10 0.00  0.0    0  3.4 10 120   M    M   3 8      13 270
10  86  61  74   8   0   9 0.00  0.0    0  3.4 10 120   M    M   3        12 280
11  85  59  72   6   0   7 0.00  0.0    0  4.0 10  80   M    M   3        13 300
12  86  58  72   6   0   7 0.00  0.0    0  3.0  9  80   M    M   6        13 350
13  88  64  76  11   0  11 0.00  0.0    0  4.3  9 110   M    M   8        12 120
14  87  60  74   9   0   9 0.00  0.0    0  3.9 10  90   M    M   5        14 280
15  84  58  71   7   0   6 0.00  0.0    0  3.7  9 120   M    M   6        13 100
16  86  60  73   9   0   8 0.00  0.0    0  4.6  9 140   M    M   4        11 150
17  80  62  71   8   0   6 0.00  0.0    0  5.8 13 100   M    M   7        17 360
18  79  56  68   5   0   3 0.00  0.0    0  4.1 12  60   M    M   2 8      18 330
19  82  52  67   5   0   2 0.00  0.0    0  4.2 16  70   M    M   2        20  60
20  79  54  67   5   0   2 0.00  0.0    0  2.8 10  60   M    M   7        14  70
21  79  55  67   5   0   2 0.00  0.0    0  3.8  9 300   M    M   7        16 310
================================================================================
SM 1741 1269         0 144    T      0.0  90.4          M      107
================================================================================
AV 82.9 60.4                               4.3 FASTST   M    M   5    MAX(MPH)
                                 MISC ---->  # 16 300               # 24  320
================================================================================
NOTES:
# LAST OF SEVERAL OCCURRENCES

COLUMN 17 PEAK WIND IN M.P.H.

PRELIMINARY LOCAL CLIMATOLOGICAL DATA (WS FORM: F-6) , PAGE 2

                                          STATION:  PHOENIX AZ
                                          MONTH:    NOVEMBER
                                          YEAR:     2017
                                          LATITUDE:   33 25 N
                                          LONGITUDE: 112  1 W

[TEMPERATURE DATA]      [PRECIPITATION DATA]       SYMBOLS USED IN COLUMN 16

AVERAGE MONTHLY: 71.7   TOTAL FOR MONTH:      T    1 = FOG OR MIST
DPTR FM NORMAL:   5.7   DPTR FM NORMAL:   -0.41    2 = FOG REDUCING VISIBILITY
HIGHEST:    88 ON 13    GRTST 24HR    T  ON  4- 4      TO 1/4 MILE OR LESS
LOWEST:     52 ON 19                               3 = THUNDER
                        SNOW, ICE PELLETS, HAIL    4 = ICE PELLETS
                        TOTAL MONTH:   0.0 INCH    5 = HAIL
                        GRTST 24HR     0.0         6 = FREEZING RAIN OR DRIZZLE
                        GRTST DEPTH:   0           7 = DUSTSTORM OR SANDSTORM:
                                                       VSBY 1/2 MILE OR LESS
                                                   8 = SMOKE OR HAZE
[NO. OF DAYS WITH]      [WEATHER - DAYS WITH]      9 = BLOWING SNOW
                                                   X = TORNADO
MAX 32 OR BELOW:   0    0.01 INCH OR MORE:   0
MAX 90 OR ABOVE:   0    0.10 INCH OR MORE:   0
MIN 32 OR BELOW:   0    0.50 INCH OR MORE:   0
MIN  0 OR BELOW:   0    1.00 INCH OR MORE:   0

[HDD (BASE 65) ]
TOTAL THIS MO.     0    CLEAR  (SCALE 0-3)   4
DPTR FM NORMAL   -46    PTCLDY (SCALE 4-7)  16
TOTAL FM JUL 1     0    CLOUDY (SCALE 8-10)  1
DPTR FM NORMAL   -52

[CDD (BASE 65) ]
TOTAL THIS MO.   144
DPTR FM NORMAL    79    [PRESSURE DATA]
TOTAL FM JAN 1  5145    HIGHEST SLP M ON M
DPTR FM NORMAL   544    LOWEST  SLP 29.77 ON  1

[REMARKS]
