000
CXUS55 KABR 271400
CF6PIR
PRELIMINARY LOCAL CLIMATOLOGICAL DATA (WS FORM: F-6)

                                          STATION:   PIERRE SD
                                          MONTH:     JULY
                                          YEAR:      2017
                                          LATITUDE:   44 22 N
                                          LONGITUDE: 100 17 W

  TEMPERATURE IN F:       :PCPN:    SNOW:  WIND      :SUNSHINE: SKY     :PK WND
================================================================================
1   2   3   4   5  6A  6B    7    8   9   10  11  12  13   14  15   16   17  18
                                     12Z  AVG MX 2MIN
DY MAX MIN AVG DEP HDD CDD  WTR  SNW DPTH SPD SPD DIR MIN PSBL S-S WX    SPD DR
================================================================================

 1  91  49  70  -3   0   5 0.00  0.0    0  7.2 17 250   M    M   0        22 290
 2  87  57  72  -1   0   7 0.00  0.0    0 12.2 22 100   M    M   0        29 110
 3  94  63  79   6   0  14    T  0.0    0 10.9 18 120   M    M   1        23 120
 4  99  61  80   6   0  15 0.03  0.0    0  6.4 28  10   M    M   0 3      35  20
 5 104  66  85  11   0  20 0.04  0.0    0 10.8 48 350   M    M   0 38     62 360
 6  96  64  80   6   0  15 0.00  0.0    0 14.0 25  20   M    M   0        33 150
 7  93  57  75   1   0  10 0.00  0.0    0  5.0 13  80   M    M   0        16  60
 8  92  60  76   1   0  11 0.00  0.0    0 10.0 21 120   M    M   1        27 110
 9 106  70  88  13   0  23 0.00  0.0    0 13.1 24  20   M    M   0        30 350
10  90  60  75   0   0  10 0.00  0.0    0  7.1 15 120   M    M   0        18 140
11  99  68  84   9   0  19 0.00  0.0    0  9.6 17 210   M    M   0        24 310
12  87  63  75   0   0  10    T  0.0    0 10.4 18 360   M    M   1        24 330
13  86  53  70  -5   0   5 0.00  0.0    0  8.3 17  80   M    M   1        21  90
14 100  60  80   4   0  15 0.00  0.0    0  9.8 31 360   M    M   0 8      41 360
15  97  68  83   7   0  18 0.00  0.0    0 11.9 25  50   M    M   0        32  40
16 103  63  83   7   0  18 0.00  0.0    0 12.5 20 140   M    M   0        28 140
17 100  74  87  11   0  22 0.00  0.0    0 10.8 22 130   M    M   1        28 210
18  88  63  76   0   0  11 0.02  0.0    0 13.2 36  10   M    M   2        46  10
19  95  66  81   5   0  16 0.00  0.0    0 13.5 28  70   M    M   2        31  70
20  96  70  83   7   0  18 0.00  0.0    0 10.6 31  20   M    M   3        39  10
21  99  69  84   8   0  19 0.03  0.0    M  7.1 26  90   M    M   0 8      32  80
22  96  63  80   4   0  15 0.00  0.0    0  8.9 17 350   M    M   0        23 350
23  90  60  75  -1   0  10 0.00  0.0    0  5.8 13  90   M    M   0        18  70
24  97  66  82   6   0  17    T  0.0    0 14.9 31 130   M    M   0 3      37 130
25  93  64  79   3   0  14 0.00  0.0    0 11.8 28  40   M    M   0        33  30
26  90  67  79   3   0  14 0.00  0.0    0 10.1 20  80   M    M   1        26  80
================================================================================
SM 2468 1644         0 371  0.12     0.0 265.9          M       13
================================================================================
AV 94.9 63.2                              10.2 FASTST   M    M   1    MAX(MPH)
                                 MISC ---->  # 48 350               # 62  360
================================================================================
NOTES:
# LAST OF SEVERAL OCCURRENCES

COLUMN 17 PEAK WIND IN M.P.H.

PRELIMINARY LOCAL CLIMATOLOGICAL DATA (WS FORM: F-6) , PAGE 2

                                          STATION:  PIERRE SD
                                          MONTH:    JULY
                                          YEAR:     2017
                                          LATITUDE:   44 22 N
                                          LONGITUDE: 100 17 W

[TEMPERATURE DATA]      [PRECIPITATION DATA]       SYMBOLS USED IN COLUMN 16

AVERAGE MONTHLY: 79.1   TOTAL FOR MONTH:   0.12    1 = FOG OR MIST
DPTR FM NORMAL:   4.0   DPTR FM NORMAL:   -2.07    2 = FOG REDUCING VISIBILITY
HIGHEST:   106 ON  9    GRTST 24HR  0.04 ON  5- 5      TO 1/4 MILE OR LESS
LOWEST:     49 ON  1                               3 = THUNDER
                        SNOW, ICE PELLETS, HAIL    4 = ICE PELLETS
                        TOTAL MONTH:   0.0 INCH    5 = HAIL
                        GRTST 24HR     0.0         6 = FREEZING RAIN OR DRIZZLE
                        GRTST DEPTH:   0           7 = DUSTSTORM OR SANDSTORM:
                                                       VSBY 1/2 MILE OR LESS
                                                   8 = SMOKE OR HAZE
[NO. OF DAYS WITH]      [WEATHER - DAYS WITH]      9 = BLOWING SNOW
                                                   X = TORNADO
MAX 32 OR BELOW:   0    0.01 INCH OR MORE:   4
MAX 90 OR ABOVE:  22    0.10 INCH OR MORE:   0
MIN 32 OR BELOW:   0    0.50 INCH OR MORE:   0
MIN  0 OR BELOW:   0    1.00 INCH OR MORE:   0

[HDD (BASE 65) ]
TOTAL THIS MO.     0    CLEAR  (SCALE 0-3)  26
DPTR FM NORMAL     0    PTCLDY (SCALE 4-7)   0
TOTAL FM JUL 1     0    CLOUDY (SCALE 8-10)  0
DPTR FM NORMAL     0

[CDD (BASE 65) ]
TOTAL THIS MO.   371
DPTR FM NORMAL   104    [PRESSURE DATA]
TOTAL FM JAN 1   559    HIGHEST SLP M ON M
DPTR FM NORMAL   126    LOWEST  SLP 29.60 ON 11

[REMARKS]
