000
CXUS51 KPBZ 010904
CF6PIT
PRELIMINARY LOCAL CLIMATOLOGICAL DATA (WS FORM: F-6)

                                          STATION:   PITTSBURGH PA
                                          MONTH:     SEPTEMBER
                                          YEAR:      2014
                                          LATITUDE:   40 30 N
                                          LONGITUDE:  80 13 W

  TEMPERATURE IN F:       :PCPN:    SNOW:  WIND      :SUNSHINE: SKY     :PK WND
================================================================================
1   2   3   4   5  6A  6B    7    8   9   10  11  12  13   14  15   16   17  18
                                     12Z  AVG MX 2MIN
DY MAX MIN AVG DEP HDD CDD  WTR  SNW DPTH SPD SPD DIR MIN PSBL S-S WX    SPD DR
================================================================================

 1  83  69  76   7   0  11 0.21  0.0    0  6.4 16 220   M    M   8 1      22 230
 2  81  65  73   4   0   8    T  0.0    0  7.7 23 220   M    M   7        29 210
 3  81  62  72   3   0   7 0.00  0.0    0  1.2 10 200   M    M   4 18     13 190
 4  84  61  73   5   0   8 0.00  0.0    0  2.6 10 260   M    M   2 1      13 280
 5  87  64  76   8   0  11 0.00  0.0    0  5.2 13 220   M    M   4 128    16 210
 6  80  58  69   1   0   4 0.02  0.0    0  9.2 25 350   M    M   9 18     30 360
 7  75  52  64  -4   1   0 0.00  0.0    0  3.9 13  40   M    M   2        16  40
 8  78  53  66  -1   0   1 0.00  0.0    0  8.5 18 130   M    M   3        24 150
 9  79  64  72   5   0   7 0.00  0.0    0  7.5 14 140   M    M   8        17 130
10  83  64  74   8   0   9    T  0.0    0  9.3 18 210   M    M   9        27 190
11  76  56  66   0   0   1 0.09  0.0    0 12.4 21 310   M    M  10 1      27 220
12  61  54  58  -8   7   0    T  0.0    0  6.1 12  30   M    M   9 1      16 360
13  65  46  56  -9   9   0 0.01  0.0    0  6.8 20 330   M    M   7        26 340
14  65  42  54 -11  11   0 0.00  0.0    0  2.5  8 110   M    M   4 12     12 360
15  68  42  55 -10  10   0 0.00  0.0    0  3.5 15 150   M    M   6        19 150
16  67  53  60  -4   5   0 0.13  0.0    0  5.7 15 360   M    M   6 1      22 350
17  70  48  59  -5   6   0 0.00  0.0    0  2.9  8 320   0    0   0         M  M
18  69  51  60  -3   5   0 0.00  0.0    0  6.1 16  20   M    M   4        20  10
19  74  49  62  -1   3   0 0.00  0.0    0  6.7 14 140   M    M   3        19 140
20  78  57  68   6   0   3 0.00  0.0    0  7.7 18 210   M    M   5        23 200
21  80  55  68   6   0   3 0.02  0.0    0 13.6 30 300   M    M   5 1      37 300
22  58  43  51 -11  14   0    T  0.0    0 10.5 21 320   M    M   7 1      27 320
23  69  38  54  -7  11   0 0.00  0.0    0  1.9  9  50   M    M   1        12 100
24  76  48  62   1   3   0 0.00  0.0    0  7.3 17 120   M    M   3        23 130
25  74  53  64   4   1   0 0.00  0.0    0  2.9 12  90   M    M   6        15  40
26  78  50  64   4   1   0 0.00  0.0    0  3.2 12  40   M    M   1 1      15  40
27  78  51  65   5   0   0 0.00  0.0    0  2.9 10  90   M    M   2        15  60
28  73  52  63   4   2   0 0.00  0.0    0  2.1  9 230   M    M   7        12 240
29  80  53  67   8   0   2 0.00  0.0    0  2.8 12 250   M    M   5        17 280
30  71  52  62   4   3   0 0.49  0.0    0  4.3 28 320   M    M   4 138    35 320
================================================================================
SM 2241 1605        92  75  0.97     0.0 173.4            0    151
================================================================================
AV 74.7 53.5                               5.8 FASTST    0   0   5    MAX(MPH)
                                 MISC ---->  # 30 300               # 37  300
================================================================================
NOTES:
# LAST OF SEVERAL OCCURRENCES

COLUMN 17 PEAK WIND IN M.P.H.

PRELIMINARY LOCAL CLIMATOLOGICAL DATA (WS FORM: F-6) , PAGE 2

                                          STATION:  PITTSBURGH PA
                                          MONTH:    SEPTEMBER
                                          YEAR:     2014
                                          LATITUDE:   40 30 N
                                          LONGITUDE:  80 13 W

[TEMPERATURE DATA]      [PRECIPITATION DATA]       SYMBOLS USED IN COLUMN 16

AVERAGE MONTHLY: 64.1   TOTAL FOR MONTH:   0.97    1 = FOG OR MIST
DPTR FM NORMAL:   0.0   DPTR FM NORMAL:   -2.14    2 = FOG REDUCING VISIBILITY
HIGHEST:    87 ON  5    GRTST 24HR  1.07 ON 31- 1      TO 1/4 MILE OR LESS
LOWEST:     38 ON 23                               3 = THUNDER
                        SNOW, ICE PELLETS, HAIL    4 = ICE PELLETS
                        TOTAL MONTH:   0.0 INCH    5 = HAIL
                        GRTST 24HR     0.0         6 = FREEZING RAIN OR DRIZZLE
                        GRTST DEPTH:   0           7 = DUSTSTORM OR SANDSTORM:
                                                       VSBY 1/2 MILE OR LESS
                                                   8 = SMOKE OR HAZE
[NO. OF DAYS WITH]      [WEATHER - DAYS WITH]      9 = BLOWING SNOW
                                                   X = TORNADO
MAX 32 OR BELOW:   0    0.01 INCH OR MORE:   7
MAX 90 OR ABOVE:   0    0.10 INCH OR MORE:   3
MIN 32 OR BELOW:   0    0.50 INCH OR MORE:   0
MIN  0 OR BELOW:   0    1.00 INCH OR MORE:   0

[HDD (BASE 65) ]
TOTAL THIS MO.    92    CLEAR  (SCALE 0-3)   9
DPTR FM NORMAL    -9    PTCLDY (SCALE 4-7)  16
TOTAL FM JUL 1   113    CLOUDY (SCALE 8-10)  5
DPTR FM NORMAL    -1

[CDD (BASE 65) ]
TOTAL THIS MO.    75
DPTR FM NORMAL    -1    [PRESSURE DATA]
TOTAL FM JAN 1   696    HIGHEST SLP 30.47 ON 24
DPTR FM NORMAL   -32    LOWEST  SLP 29.64 ON 21

[REMARKS]
#FINAL-09-14#
