000
CXUS53 KAPX 220631
CF6PLN
PRELIMINARY LOCAL CLIMATOLOGICAL DATA (WS FORM: F-6)

                                          STATION:   PELLSTON
                                          MONTH:     FEBRUARY
                                          YEAR:      2018
                                          LATITUDE:   45 34 N
                                          LONGITUDE:  84 48 W

  TEMPERATURE IN F:       :PCPN:    SNOW:  WIND      :SUNSHINE: SKY     :PK WND
================================================================================
1   2   3   4   5  6A  6B    7    8   9   10  11  12  13   14  15   16   17  18
                                     12Z  AVG MX 2MIN
DY MAX MIN AVG DEP HDD CDD  WTR  SNW DPTH SPD SPD DIR MIN PSBL S-S WX    SPD DR
================================================================================

 1  26   9  18   2  47   0 0.02    M    M 16.1 28 310   M    M   8 189    34 310
 2  13 -12   1 -15  64   0 0.01    M    M  6.5 21 280   M    M   7 18     26 280
 3  18   8  13  -3  52   0 0.11    M    M  6.2 15  10   M    M  10 18     18 290
 4  13 -11   1 -15  64   0 0.01    M    M  9.0 18 350   M    M   7 18     21 350
 5  16 -14   1 -15  64   0    T    M    M  8.8 23 230   M    M   9 18     33 260
 6  14  -6   4 -12  61   0    T    M    M  5.8 15 300   M    M   5 18     19 280
 7  17  -6   6 -10  59   0 0.00    M    M  3.6 14 300   M    M   6        17 320
 8  16  -9   4 -12  61   0    T    M    M  4.9 22 270   M    M   8 18     27 280
 9  17  -9   4 -12  61   0 0.00    M    M  2.3 12 310   M    M   6        12 290
10  21 -15   3 -14  62   0 0.00    M    M  2.1 12 280   M    M   1        14 280
11  23  -8   8  -9  57   0 0.05    M    M  5.5 20 310   M    M   6 18     25 240
12  18 -11   4 -13  61   0 0.00    M    M  8.8 18 300   M    M   0        25 290
13  30 -16   7 -10  58   0 0.00    M    M  4.6 17 210   M    M   5        25 210
14  44  26  35  18  30   0 0.00    M    M  9.7 20 230   M    M   0 8      28 240
15  41  24  33  16  32   0 0.00    M    M 15.7 24 310   M    M   8        34 230
16  25  17  21   3  44   0    T    M    M 11.1 29 320   M    M   5 18     35 320
17  33  11  22   4  43   0 0.01    M    M 10.1 24 230   M    M   4 18     35 230
18  38   9  24   6  41   0    T    M    M  7.0 20 160   M    M   6 1      29 150
19  41  26  34  16  31   0 0.09    M    M  6.1 21  90   M    M   9 18     27  80
20  41  29  35  17  30   0 0.24    M    M  7.0 20  90   M    M  10 126    25  80
21  33  14  24   5  41   0    T    M    M  9.4 23 310   M    M   8 1      28 330
================================================================================
SM  538   56      1063   0  0.54    M    160.3          M      128
================================================================================
AV 25.6  2.7                               7.6 FASTST   M    M   6    MAX(MPH)
                                 MISC ---->  # 29 320               # 35  320
================================================================================
NOTES:
# LAST OF SEVERAL OCCURRENCES

COLUMN 17 PEAK WIND IN M.P.H.

PRELIMINARY LOCAL CLIMATOLOGICAL DATA (WS FORM: F-6) , PAGE 2

                                          STATION:  PELLSTON
                                          MONTH:    FEBRUARY
                                          YEAR:     2018
                                          LATITUDE:   45 34 N
                                          LONGITUDE:  84 48 W

[TEMPERATURE DATA]      [PRECIPITATION DATA]       SYMBOLS USED IN COLUMN 16

AVERAGE MONTHLY: 14.1   TOTAL FOR MONTH:   0.54    1 = FOG OR MIST
DPTR FM NORMAL:  -2.8   DPTR FM NORMAL:   -0.43    2 = FOG REDUCING VISIBILITY
HIGHEST:    44 ON 14    GRTST 24HR  0.24 ON 20-20      TO 1/4 MILE OR LESS
LOWEST:    -16 ON 13                               3 = THUNDER
                        SNOW, ICE PELLETS, HAIL    4 = ICE PELLETS
                        TOTAL MONTH:    M          5 = HAIL
                        GRTST 24HR    M  ON   M    6 = FREEZING RAIN OR DRIZZLE
                        GRTST DEPTH:  M  ON   M    7 = DUSTSTORM OR SANDSTORM:
                                                       VSBY 1/2 MILE OR LESS
                                                   8 = SMOKE OR HAZE
[NO. OF DAYS WITH]      [WEATHER - DAYS WITH]      9 = BLOWING SNOW
                                                   X = TORNADO
MAX 32 OR BELOW:  14    0.01 INCH OR MORE:   8
MAX 90 OR ABOVE:   0    0.10 INCH OR MORE:   2
MIN 32 OR BELOW:  21    0.50 INCH OR MORE:   0
MIN  0 OR BELOW:  11    1.00 INCH OR MORE:   0

[HDD (BASE 65) ]
TOTAL THIS MO.  1063    CLEAR  (SCALE 0-3)   3
DPTR FM NORMAL    54    PTCLDY (SCALE 4-7)  11
TOTAL FM JUL 1  5614    CLOUDY (SCALE 8-10)  7
DPTR FM NORMAL  -177

[CDD (BASE 65) ]
TOTAL THIS MO.     0
DPTR FM NORMAL     0    [PRESSURE DATA]
TOTAL FM JAN 1     0    HIGHEST SLP M ON M
DPTR FM NORMAL     0    LOWEST  SLP 29.57 ON 15

[REMARKS]
