000
CXUS55 KLOX 211655
CF6PMD
PRELIMINARY LOCAL CLIMATOLOGICAL DATA (WS FORM: F-6)

                                          STATION:   PALMDALE AIRPORT CA
                                          MONTH:     JANUARY
                                          YEAR:      2017
                                          LATITUDE:   34 37 N
                                          LONGITUDE: 118  5 W

  TEMPERATURE IN F:       :PCPN:    SNOW:  WIND      :SUNSHINE: SKY     :PK WND
================================================================================
1   2   3   4   5  6A  6B    7    8   9   10  11  12  13   14  15   16   17  18
                                     12Z  AVG MX 2MIN
DY MAX MIN AVG DEP HDD CDD  WTR  SNW DPTH SPD SPD DIR MIN PSBL S-S WX    SPD DR
================================================================================

 1  57  36  47   3  18   0 0.00  0.0    0 11.0 26 240   M    M   2        32 220
 2  49  41  45   1  20   0 0.00  0.0    0 12.7 28 230   M    M   3        32 220
 3  52  38  45   1  20   0 0.00  0.0    0 10.6 23 230   M    M   1        27 230
 4  57  45  51   7  14   0 0.00  0.0    0 19.0 33 220   M    M   3        40 220
 5  58  42  50   6  15   0 0.01    M    0 15.3 30 220   M    M   7 1      35 220
 6  50  32  41  -3  24   0 0.00  0.0    0  5.1 18 270   M    M   0        22 270
 7  42  35  39  -5  26   0 0.17    M    0  3.0 18 270   M    M   7 1      20 270
 8  54  36  45   1  20   0 0.00  0.0    0  3.1 15 290   M    M   1 1      19 290
 9  57  45  51   7  14   0 0.16    M    0 12.9 29 210   M    M   4 1      36 210
10  54  45  50   5  15   0    T    M    0 19.1 38 230   M    M   4 1      47 220
11  56  47  52   7  13   0    T    M    0 18.5 35 210   M    M   4 1      44 200
12  50  38  44  -1  21   0 0.31    M    0 10.8 28 220   M    M   8 1      31 220
13  46  37  42  -3  23   0 0.29    M    0  5.7 18  60   M    M   9 1      21  60
14  57  36  47   2  18   0 0.00  0.0    0  5.2 12  70   M    M   2 1      14  60
15  57  34  46   1  19   0 0.00  0.0    0  4.3 12 230   M    M   0        13 230
16  56  32  44  -1  21   0 0.00  0.0    0  4.9 17  80   M    M   0 12     22  80
17  56  30  43  -2  22   0 0.00  0.0    0  5.3 13 350   M    M   0        16 350
18  61  31  46   1  19   0 0.01    M    0 10.8 35 220   M    M   1 8      42 220
19  55  45  50   5  15   0 0.07    M    0 13.8 28 220   M    M   6 1      34 240
20  52  43  48   3  17   0 0.49    M    0 17.9 36 220   M    M   9 1      46 190
================================================================================
SM 1076  768       374   0  1.51     0.0 209.0          M       71
================================================================================
AV 53.8 38.4                              10.4 FASTST   M    M   4    MAX(MPH)
                                 MISC ---->  # 38 230               # 47  220
================================================================================
NOTES:
# LAST OF SEVERAL OCCURRENCES

COLUMN 17 PEAK WIND IN M.P.H.

PRELIMINARY LOCAL CLIMATOLOGICAL DATA (WS FORM: F-6) , PAGE 2

                                          STATION:  PALMDALE AIRPORT CA
                                          MONTH:    JANUARY
                                          YEAR:     2017
                                          LATITUDE:   34 37 N
                                          LONGITUDE: 118  5 W

[TEMPERATURE DATA]      [PRECIPITATION DATA]       SYMBOLS USED IN COLUMN 16

AVERAGE MONTHLY: 46.1   TOTAL FOR MONTH:   1.51    1 = FOG OR MIST
DPTR FM NORMAL:   1.5   DPTR FM NORMAL:    0.38    2 = FOG REDUCING VISIBILITY
HIGHEST:    61 ON 18    GRTST 24HR  0.49 ON 20-20      TO 1/4 MILE OR LESS
LOWEST:     30 ON 17                               3 = THUNDER
                        SNOW, ICE PELLETS, HAIL    4 = ICE PELLETS
                        TOTAL MONTH:   0.0 INCH    5 = HAIL
                        GRTST 24HR     0.0         6 = FREEZING RAIN OR DRIZZLE
                        GRTST DEPTH:   0           7 = DUSTSTORM OR SANDSTORM:
                                                       VSBY 1/2 MILE OR LESS
                                                   8 = SMOKE OR HAZE
[NO. OF DAYS WITH]      [WEATHER - DAYS WITH]      9 = BLOWING SNOW
                                                   X = TORNADO
MAX 32 OR BELOW:   0    0.01 INCH OR MORE:   8
MAX 90 OR ABOVE:   0    0.10 INCH OR MORE:   5
MIN 32 OR BELOW:   4    0.50 INCH OR MORE:   0
MIN  0 OR BELOW:   0    1.00 INCH OR MORE:   0

[HDD (BASE 65) ]
TOTAL THIS MO.   374    CLEAR  (SCALE 0-3)  10
DPTR FM NORMAL   -35    PTCLDY (SCALE 4-7)   8
TOTAL FM JUL 1  1329    CLOUDY (SCALE 8-10)  2
DPTR FM NORMAL  -244

[CDD (BASE 65) ]
TOTAL THIS MO.     0
DPTR FM NORMAL     0    [PRESSURE DATA]
TOTAL FM JAN 1     0    HIGHEST SLP M ON M
DPTR FM NORMAL     0    LOWEST  SLP 29.38 ON 20

[REMARKS]
