000
CXUS55 KALY 230710
CF6POU
PRELIMINARY LOCAL CLIMATOLOGICAL DATA (WS FORM: F-6)

                                          STATION:   POUGHKEEPSIE NY
                                          MONTH:     JANUARY
                                          YEAR:      2017
                                          LATITUDE:   41 37 N
                                          LONGITUDE:  73 53 W

  TEMPERATURE IN F:       :PCPN:    SNOW:  WIND      :SUNSHINE: SKY     :PK WND
================================================================================
1   2   3   4   5  6A  6B    7    8   9   10  11  12  13   14  15   16   17  18
                                     12Z  AVG MX 2MIN
DY MAX MIN AVG DEP HDD CDD  WTR  SNW DPTH SPD SPD DIR MIN PSBL S-S WX    SPD DR
================================================================================

 1  44  22  33   7  32   0 0.00    M    M  5.2 17 290   M    M   3        23 300
 2  38  20  29   3  36   0 0.00    M    M  1.6  7 360   M    M   6 18      9  60
 3  39  33  36  10  29   0 0.46    M    M  5.1 12  10   M    M  10 1      15  10
 4  47  30  39  13  26   0 0.02    M    M  8.1 25 270   M    M   7 1      32 270
 5  30  25  28   2  37   0 0.00    M    M  8.3 22 260   M    M   4        28 250
 6  29  14  22  -4  43   0    T    M    M  3.2 14 240   M    M   6 18     19 250
 7  20   8  14 -12  51   0 0.02    M    M  4.6 15  10   M    M   7 18     19 340
 8  24   6  15 -11  50   0    T    M    M  7.1 20 340   M    M   3 1      28 280
 9  22  -1  11 -14  54   0 0.00    M    M  3.4 10 230   M    M   1        12 230
10  42   5  24  -1  41   0    T    M    M  3.8 15 170   M    M   4 18     21 170
11  49  35  42  17  23   0 0.41    M    M  6.1 22 220   M    M   3 18     32 210
12  56  40  48  23  17   0 0.20    M    M  2.8 10 180   M    M   9 1      16 200
13  55  25  40  15  25   0 0.00    M    M  8.6 20 330   M    M   1 12     25 340
14  28  19  24  -1  41   0    T    M    M  1.9 10  30   M    M   5 18     12  30
15  40  16  28   3  37   0 0.00    M    M  1.4  9 270   M    M   0 1      12 270
16  39  13  26   1  39   0 0.00    M    M  3.5 12 230   M    M   1 1      16 210
17  37  31  34   9  31   0 0.31    M    M  2.2  7 330   M    M  10 18     11 230
18  39  32  36  11  29   0 0.06    M    M  2.4  9 330   M    M  10 12     10 350
19  47  32  40  15  25   0 0.00    M    M  2.9 12  30   M    M   9 12     21 350
20  42  35  39  14  26   0 0.04    M    M  2.6 13  30   M    M  10 1      15  30
21  54  37  46  21  19   0 0.00    M    M  2.5 12 240   M    M   8 1      15 240
22  51  38  45  20  20   0 0.00    M    M  3.7 16  70   M    M  10 12     22  70
================================================================================
SM  872  515       731   0  1.52    M     91.0          M      127
================================================================================
AV 39.6 23.4                               4.1 FASTST   M    M   6    MAX(MPH)
                                 MISC ---->  # 25 270               # 32  270
================================================================================
NOTES:
# LAST OF SEVERAL OCCURRENCES

COLUMN 17 PEAK WIND IN M.P.H.

PRELIMINARY LOCAL CLIMATOLOGICAL DATA (WS FORM: F-6) , PAGE 2

                                          STATION:  POUGHKEEPSIE NY
                                          MONTH:    JANUARY
                                          YEAR:     2017
                                          LATITUDE:   41 37 N
                                          LONGITUDE:  73 53 W

[TEMPERATURE DATA]      [PRECIPITATION DATA]       SYMBOLS USED IN COLUMN 16

AVERAGE MONTHLY: 31.5   TOTAL FOR MONTH:   1.52    1 = FOG OR MIST
DPTR FM NORMAL:   6.2   DPTR FM NORMAL:   -0.69    2 = FOG REDUCING VISIBILITY
HIGHEST:    56 ON 12    GRTST 24HR  0.46 ON  3- 3      TO 1/4 MILE OR LESS
LOWEST:     -1 ON  9                               3 = THUNDER
                        SNOW, ICE PELLETS, HAIL    4 = ICE PELLETS
                        TOTAL MONTH:    M          5 = HAIL
                        GRTST 24HR    M  ON   M    6 = FREEZING RAIN OR DRIZZLE
                        GRTST DEPTH:  M  ON   M    7 = DUSTSTORM OR SANDSTORM:
                                                       VSBY 1/2 MILE OR LESS
                                                   8 = SMOKE OR HAZE
[NO. OF DAYS WITH]      [WEATHER - DAYS WITH]      9 = BLOWING SNOW
                                                   X = TORNADO
MAX 32 OR BELOW:   6    0.01 INCH OR MORE:   8
MAX 90 OR ABOVE:   0    0.10 INCH OR MORE:   4
MIN 32 OR BELOW:  16    0.50 INCH OR MORE:   0
MIN  0 OR BELOW:   1    1.00 INCH OR MORE:   0

[HDD (BASE 65) ]
TOTAL THIS MO.   731    CLEAR  (SCALE 0-3)   5
DPTR FM NORMAL  -141    PTCLDY (SCALE 4-7)  10
TOTAL FM JUL 1  2917    CLOUDY (SCALE 8-10)  7
DPTR FM NORMAL  -284

[CDD (BASE 65) ]
TOTAL THIS MO.     0
DPTR FM NORMAL     0    [PRESSURE DATA]
TOTAL FM JAN 1     0    HIGHEST SLP M ON M
DPTR FM NORMAL     0    LOWEST  SLP 29.49 ON  3

[REMARKS]
