000
CXUS56 KFGZ 190900
CF6PRC
PRELIMINARY LOCAL CLIMATOLOGICAL DATA (WS FORM: F-6)

                                          STATION:   PRESCOTT AZ AIRPORT
                                          MONTH:     DECEMBER
                                          YEAR:      2014
                                          LATITUDE:   34 39 N
                                          LONGITUDE: 112 26 W

  TEMPERATURE IN F:       :PCPN:    SNOW:  WIND      :SUNSHINE: SKY     :PK WND
================================================================================
1   2   3   4   5  6A  6B    7    8   9   10  11  12  13   14  15   16   17  18
                                     12Z  AVG MX 2MIN
DY MAX MIN AVG DEP HDD CDD  WTR  SNW DPTH SPD SPD DIR MIN PSBL S-S WX    SPD DR
================================================================================

 1  59  29  44   3  21   0 0.00    M    M  3.6 10 190   M    M   0        14 140
 2  60  36  48   8  17   0 0.14    M    M  5.8 17 130   M    M   7 1      23 130
 3  54  43  49   9  16   0 0.61    M    M  4.2 15 120   M    M  10 1      19 130
 4  52  41  47   7  18   0 0.82    M    M  3.5 14 240   M    M   8 1      16 240
 5  57  36  47   7  18   0 0.00    M    M  4.4 10 140   M    M   2 12     14 150
 6  56  38  47   8  18   0 0.00    M    M  3.9  9 200   M    M   2        10 350
 7  61  33  47   8  18   0 0.00    M    M  2.8 10 200   M    M   0        12 200
 8  59  33  46   7  19   0 0.00    M    M  3.1  9 360   M    M   0        11 200
 9  60  34  47   8  18   0 0.00    M    M  4.1 10 200   M    M   0        11 200
10  62  32  47   9  18   0 0.00    M    M  5.1 13 340   M    M   0        15 320
11  62  35  49  11  16   0 0.00    M    M  5.1 17 140   M    M   1        23 140
12  58  41  50  12  15   0    T    M    M 12.2 25 190   M    M   5        34 160
13  50  34  42   4  23   0 0.24    M    M  8.0 24 310   M    M   8 1      28 310
14  48  28  38   0  27   0 0.00    M    M  4.2 12 310   M    M   2        14 310
15  53  26  40   2  25   0 0.00    M    M  4.0 10 150   M    M   1        14 130
16  55  36  46   8  19   0 0.00    M    M  4.5 16 130   M    M   5 8      22 120
17  43  34  39   1  26   0    T    M    M  6.2 14 140   M    M  10        18 140
18  47  29  38   0  27   0    T    M    M  2.8 10  20   M    M   6        14 350
================================================================================
SM  996  618       359   0  1.81    M     87.5          M       67
================================================================================
AV 55.3 34.3                               4.9 FASTST   M    M   4    MAX(MPH)
                                 MISC ---->    25   M                 34    M
================================================================================
NOTES:
# LAST OF SEVERAL OCCURRENCES

COLUMN 17 PEAK WIND IN M.P.H.

PRELIMINARY LOCAL CLIMATOLOGICAL DATA (WS FORM: F-6) , PAGE 2

                                          STATION:  PRESCOTT AZ AIRPORT
                                          MONTH:    DECEMBER
                                          YEAR:     2014
                                          LATITUDE:   34 39 N
                                          LONGITUDE: 112 26 W

[TEMPERATURE DATA]      [PRECIPITATION DATA]       SYMBOLS USED IN COLUMN 16

AVERAGE MONTHLY: 44.8   TOTAL FOR MONTH:   1.81    1 = FOG OR MIST
DPTR FM NORMAL:   6.0   DPTR FM NORMAL:    1.27    2 = FOG REDUCING VISIBILITY
HIGHEST:    62 ON 11,10 GRTST 24HR  1.04 ON  3- 4      TO 1/4 MILE OR LESS
LOWEST:     26 ON 15                               3 = THUNDER
                        SNOW, ICE PELLETS, HAIL    4 = ICE PELLETS
                        TOTAL MONTH:    M          5 = HAIL
                        GRTST 24HR    M  ON   M    6 = FREEZING RAIN OR DRIZZLE
                        GRTST DEPTH:  M  ON   M    7 = DUSTSTORM OR SANDSTORM:
                                                       VSBY 1/2 MILE OR LESS
                                                   8 = SMOKE OR HAZE
[NO. OF DAYS WITH]      [WEATHER - DAYS WITH]      9 = BLOWING SNOW
                                                   X = TORNADO
MAX 32 OR BELOW:   0    0.01 INCH OR MORE:   4
MAX 90 OR ABOVE:   0    0.10 INCH OR MORE:   4
MIN 32 OR BELOW:   5    0.50 INCH OR MORE:   2
MIN  0 OR BELOW:   0    1.00 INCH OR MORE:   0

[HDD (BASE 65) ]
TOTAL THIS MO.   359    CLEAR  (SCALE 0-3)  10
DPTR FM NORMAL  -111    PTCLDY (SCALE 4-7)   6
TOTAL FM JUL 1  1016    CLOUDY (SCALE 8-10)  2
DPTR FM NORMAL  -328

[CDD (BASE 65) ]
TOTAL THIS MO.     0
DPTR FM NORMAL     0    [PRESSURE DATA]
TOTAL FM JAN 1  1039    HIGHEST SLP M ON M
DPTR FM NORMAL    98    LOWEST  SLP 29.83 ON 13

[REMARKS]
