000
CXUS56 KFGZ 290900
CF6PRC
PRELIMINARY LOCAL CLIMATOLOGICAL DATA (WS FORM: F-6)

                                          STATION:   PRESCOTT AZ AIRPORT
                                          MONTH:     APRIL
                                          YEAR:      2016
                                          LATITUDE:   34 39 N
                                          LONGITUDE: 112 26 W

  TEMPERATURE IN F:       :PCPN:    SNOW:  WIND      :SUNSHINE: SKY     :PK WND
================================================================================
1   2   3   4   5  6A  6B    7    8   9   10  11  12  13   14  15   16   17  18
                                     12Z  AVG MX 2MIN
DY MAX MIN AVG DEP HDD CDD  WTR  SNW DPTH SPD SPD DIR MIN PSBL S-S WX    SPD DR
================================================================================

 1   M   M   M   M   M   M 0.00    M    M   M   M   M   M    M   M         M  M
 2  68  31  50   1  15   0 0.00    M    M  4.5 14  40   M    M   0        19  30
 3  74  37  56   6   9   0 0.00    M    M  5.6 14 330   M    M   0        20 320
 4  75  39  57   7   8   0 0.00    M    M  7.1 16 230   M    M   0        25 230
 5  77  39  58   8   7   0 0.00    M    M  7.0 20 340   M    M   0 8      27 310
 6  81  39  60  10   5   0 0.00    M    M  5.7 16  10   M    M   0        21  20
 7  76  46  61  11   4   0 0.00    M    M  6.7 25 160   M    M   3        34 160
 8  63  48  56   5   9   0 0.57    M    M  8.9 25 140   M    M   9 138    33 150
 9  64  43  54   3  11   0 0.00    M    M  6.9 20 200   M    M   5        24 220
10  54  40  47  -4  18   0 0.07    M    M  9.3 26 150   M    M   6 13     31 150
11  60  43  52   1  13   0    T    M    M  4.6 14 240   M    M   7        19 190
12  66  39  53   1  12   0 0.35    M    M  5.3 20 230   M    M   4 3      23 230
13  70  40  55   3  10   0 0.00    M    M  5.7 17 240   M    M   1        23 230
14  70  43  57   5   8   0 0.00    M    M 11.0 26 220   M    M   0        35 220
15  63  42  53   1  12   0 0.00    M    M 13.8 38 310   M    M   3        47 350
16  62  38  50  -3  15   0 0.00    M    M 13.1 25 340   M    M   3        34 350
17  63  35  49  -4  16   0 0.00    M    M  9.1 25  10   M    M   2        32  10
18  68  33  51  -2  14   0 0.00    M    M  6.3 21 330   M    M   0        26 320
19  74  37  56   3   9   0 0.00    M    M  7.0 20 230   M    M   0        25 240
20  77  43  60   6   5   0 0.00  0.0    0  7.8 20 250   M    M   0        25 250
21  79  44  62   8   3   0 0.00    M    M  6.9 17 170   M    M   0        23 180
22  77  47  62   8   3   0 0.00    M    M 11.4 25 200   M    M   0        36 240
23  69  48  59   4   6   0 0.00    M    M 13.1 26 250   M    M   0        35 260
24  74  38  56   1   9   0 0.00    M    M  8.9 23 230   M    M   0        30 230
25  57  40  49  -6  16   0 0.09  0.0    0 17.0 33 220   M    M   4 8      43 210
26  62  34  48  -8  17   0 0.00    M    M  7.1 18 240   M    M   3        24 290
27  66  39  53  -3  12   0 0.02    M    M 10.5 25 230   M    M   3        32 190
28  54  39  47  -9  18   0 0.10    M    M  8.4 25 220   M    M   6        34 220
================================================================================
SM 1843 1084       284   0  1.20     0.0 228.7          M       59
================================================================================
AV 68.3 40.1                               8.5 FASTST   M    M   2    MAX(MPH)
                                 MISC ---->  # 38 310               # 47  350
================================================================================
NOTES:
# LAST OF SEVERAL OCCURRENCES

COLUMN 17 PEAK WIND IN M.P.H.

PRELIMINARY LOCAL CLIMATOLOGICAL DATA (WS FORM: F-6) , PAGE 2

                                          STATION:  PRESCOTT AZ AIRPORT
                                          MONTH:    APRIL
                                          YEAR:     2016
                                          LATITUDE:   34 39 N
                                          LONGITUDE: 112 26 W

[TEMPERATURE DATA]      [PRECIPITATION DATA]       SYMBOLS USED IN COLUMN 16

AVERAGE MONTHLY: 54.2   TOTAL FOR MONTH:   1.20    1 = FOG OR MIST
DPTR FM NORMAL:   1.8   DPTR FM NORMAL:    0.73    2 = FOG REDUCING VISIBILITY
HIGHEST:    81 ON  6    GRTST 24HR  0.57 ON  8- 8      TO 1/4 MILE OR LESS
LOWEST:     31 ON  2                               3 = THUNDER
                        SNOW, ICE PELLETS, HAIL    4 = ICE PELLETS
                        TOTAL MONTH:   0.0 INCH    5 = HAIL
                        GRTST 24HR     0.0         6 = FREEZING RAIN OR DRIZZLE
                        GRTST DEPTH:   0           7 = DUSTSTORM OR SANDSTORM:
                                                       VSBY 1/2 MILE OR LESS
                                                   8 = SMOKE OR HAZE
[NO. OF DAYS WITH]      [WEATHER - DAYS WITH]      9 = BLOWING SNOW
                                                   X = TORNADO
MAX 32 OR BELOW:   0    0.01 INCH OR MORE:   6
MAX 90 OR ABOVE:   0    0.10 INCH OR MORE:   3
MIN 32 OR BELOW:   1    0.50 INCH OR MORE:   1
MIN  0 OR BELOW:   0    1.00 INCH OR MORE:   0

[HDD (BASE 65) ]
TOTAL THIS MO.   284    CLEAR  (SCALE 0-3)  18
DPTR FM NORMAL   -70    PTCLDY (SCALE 4-7)   8
TOTAL FM JUL 1  3613    CLOUDY (SCALE 8-10)  1
DPTR FM NORMAL  -488

[CDD (BASE 65) ]
TOTAL THIS MO.     0
DPTR FM NORMAL     0    [PRESSURE DATA]
TOTAL FM JAN 1     0    HIGHEST SLP M ON M
DPTR FM NORMAL     0    LOWEST  SLP 29.50 ON M

[REMARKS]
