000
CXUS55 KALY 290710
CF6PSF
PRELIMINARY LOCAL CLIMATOLOGICAL DATA (WS FORM: F-6)

                                          STATION:   PITTSFIELD MA
                                          MONTH:     SEPTEMBER
                                          YEAR:      2016
                                          LATITUDE:   42 25 N
                                          LONGITUDE:  73 18 W

  TEMPERATURE IN F:       :PCPN:    SNOW:  WIND      :SUNSHINE: SKY     :PK WND
================================================================================
1   2   3   4   5  6A  6B    7    8   9   10  11  12  13   14  15   16   17  18
                                     12Z  AVG MX 2MIN
DY MAX MIN AVG DEP HDD CDD  WTR  SNW DPTH SPD SPD DIR MIN PSBL S-S WX    SPD DR
================================================================================

 1  79  56  68   4   0   3    T    M    M  4.0 13 320   M    M   6        17  10
 2  75  51  63   0   2   0 0.00    M    M  3.4 14 340   M    M   1        20 320
 3  74  50  62  -1   3   0 0.00    M    M  2.0  9 340   M    M   0 1      15  30
 4  76  49  63   0   2   0 0.00    M    M  2.5 14  50   M    M   0 1      17  40
 5  80  49  65   3   0   0 0.00    M    M  5.8 16  40   M    M   0        23  40
 6  78  63  71   9   0   6 0.00    M    M  7.4 15  40   M    M   9        20  60
 7  77  61  69   7   0   4 0.01    M    M  4.5 13 110   M    M   6 12     21 110
 8  85  58  72  10   0   7 0.05    M    M  2.9 22 270   M    M   6 12     29 260
 9  84  63  74  13   0   9 0.01    M    M  5.9 17 280   M    M   5 12     23 300
10  82  65  74  13   0   9 0.02    M    M  3.5 16 140   M    M   7 1      22 140
11  75  53  64   4   1   0 0.19    M    M 11.9 37 290   M    M   4 13     52 280
12  72  44  58  -2   7   0 0.00    M    M  2.0 12 250   M    M   0 1      15 260
13  78  45  62   2   3   0 0.00    M    M  4.8 14 240   M    M   2 12     21 220
14  80  49  65   6   0   0    T    M    M  5.8 18 300   M    M   4 1      25 300
15  69  42  56  -3   9   0 0.00    M    M  2.3 10 280   M    M   0 1      14  60
16  71  39  55  -3  10   0 0.00    M    M  2.5 12 170   M    M   2 12     15 170
17  74  43  59   1   6   0 0.02    M    M  6.6 17 180   M    M   3 12     25 190
18  73  62  68  10   0   3 0.23    M    M  4.6 14 220   M    M   9 13     19 190
19  75  64  70  13   0   5 0.89    M    M  2.3 12 360   M    M   8 13     14  10
20  80  57  69  12   0   4 0.00    M    M  2.0 10 320   M    M   4 12     13 320
21  76  52  64   8   1   0 0.00    M    M  3.2 12 280   M    M   0 1      14 270
22  81  48  65   9   0   0 0.00    M    M  2.2 12 260   M    M   0 1      17 290
23  77  53  65   9   0   0    T    M    M  4.0 13  40   M    M   4 18     20 280
24  63  43  53  -2  12   0 0.00    M    M  5.3 17 330   M    M   3        23 350
25  61  34  48  -7  17   0 0.00    M    M  5.5 17 300   M    M   0        25 280
26  66  32  49  -5  16   0    T    M    M  4.3 14 190   M    M   3 12     21 200
27  69  48  59   5   6   0 0.41    M    M  3.1 10 190   M    M   5 1      14 210
28  60  43  52  -2  13   0 0.00    M    M  6.9 17  50   M    M   9 12     25  40
================================================================================
SM 2090 1416       108  50  1.83    M    121.1          M      100
================================================================================
AV 74.6 50.6                               4.3 FASTST   M    M   4    MAX(MPH)
                                 MISC ---->    37   M                 52    M
================================================================================
NOTES:
# LAST OF SEVERAL OCCURRENCES

COLUMN 17 PEAK WIND IN M.P.H.

PRELIMINARY LOCAL CLIMATOLOGICAL DATA (WS FORM: F-6) , PAGE 2

                                          STATION:  PITTSFIELD MA
                                          MONTH:    SEPTEMBER
                                          YEAR:     2016
                                          LATITUDE:   42 25 N
                                          LONGITUDE:  73 18 W

[TEMPERATURE DATA]      [PRECIPITATION DATA]       SYMBOLS USED IN COLUMN 16

AVERAGE MONTHLY: 62.6   TOTAL FOR MONTH:   1.83    1 = FOG OR MIST
DPTR FM NORMAL:   3.7   DPTR FM NORMAL:   -1.78    2 = FOG REDUCING VISIBILITY
HIGHEST:    85 ON  8    GRTST 24HR  1.07 ON 18-19      TO 1/4 MILE OR LESS
LOWEST:     32 ON 26                               3 = THUNDER
                        SNOW, ICE PELLETS, HAIL    4 = ICE PELLETS
                        TOTAL MONTH:    M          5 = HAIL
                        GRTST 24HR    M  ON   M    6 = FREEZING RAIN OR DRIZZLE
                        GRTST DEPTH:  M  ON   M    7 = DUSTSTORM OR SANDSTORM:
                                                       VSBY 1/2 MILE OR LESS
                                                   8 = SMOKE OR HAZE
[NO. OF DAYS WITH]      [WEATHER - DAYS WITH]      9 = BLOWING SNOW
                                                   X = TORNADO
MAX 32 OR BELOW:   0    0.01 INCH OR MORE:   9
MAX 90 OR ABOVE:   0    0.10 INCH OR MORE:   4
MIN 32 OR BELOW:   1    0.50 INCH OR MORE:   1
MIN  0 OR BELOW:   0    1.00 INCH OR MORE:   0

[HDD (BASE 65) ]
TOTAL THIS MO.   108    CLEAR  (SCALE 0-3)  12
DPTR FM NORMAL   -82    PTCLDY (SCALE 4-7)  13
TOTAL FM JUL 1   132    CLOUDY (SCALE 8-10)  3
DPTR FM NORMAL  -136

[CDD (BASE 65) ]
TOTAL THIS MO.    50
DPTR FM NORMAL    34    [PRESSURE DATA]
TOTAL FM JAN 1   431    HIGHEST SLP M ON M
DPTR FM NORMAL   145    LOWEST  SLP 29.75 ON M

[REMARKS]
