000
CXUS55 KALY 260710
CF6PSF
PRELIMINARY LOCAL CLIMATOLOGICAL DATA (WS FORM: F-6)

                                          STATION:   PITTSFIELD MA
                                          MONTH:     MAY
                                          YEAR:      2016
                                          LATITUDE:   42 25 N
                                          LONGITUDE:  73 18 W

  TEMPERATURE IN F:       :PCPN:    SNOW:  WIND      :SUNSHINE: SKY     :PK WND
================================================================================
1   2   3   4   5  6A  6B    7    8   9   10  11  12  13   14  15   16   17  18
                                     12Z  AVG MX 2MIN
DY MAX MIN AVG DEP HDD CDD  WTR  SNW DPTH SPD SPD DIR MIN PSBL S-S WX    SPD DR
================================================================================

 1  49  38  44  -6  21   0 0.18    M    M  4.7 15 140   M    M   9 1      23 150
 2  51  38  45  -6  20   0 0.45    M    0  4.7 12 290   M    M  10 1      18 270
 3  52  45  49  -2  16   0 0.20    M    M  1.8 10 270   M    M  10 1      12 250
 4  46  43  45  -6  20   0 0.17    M    M  6.1 14  60   M    M  10 1      19  40
 5  52  42  47  -5  18   0 0.00    M    M  9.1 17  40   M    M  10        22  50
 6  62  47  55   3  10   0 0.15    M    M  5.5 14 110   M    M  10 1      19  40
 7  54  46  50  -2  15   0 0.03    M    M  5.2 12 120   M    M  10 1      15  40
 8  56  44  50  -2  15   0 0.05    M    M 14.6 36 290   M    M   7 1      44 290
 9  59  37  48  -5  17   0 0.00    M    M 12.0 25 300   M    M   2        34 280
10  65  32  49  -4  16   0 0.00    M    M  7.5 15 300   M    M   0        23 300
11  74  37  56   3   9   0 0.00    M    M  3.8 14 270   M    M   0        20 250
12  78  40  59   5   6   0 0.00  0.0    0  4.3 15 160   M    M   0        19 140
13  63  45  54   0  11   0 0.42    M    0  5.5 17 190   M    M   6 1      24 200
14  68  42  55   1  10   0 0.16    M    M  8.6 25 290   M    M   5 123    35 270
15  50  36  43 -12  22   0    T    M    M 15.3 26 270   M    M   9        39 300
16  55  35  45 -10  20   0 0.00    M    M 18.3 35 300   M    M   6        49 300
17  64  39  52  -3  13   0 0.00    M    M  9.8 18 250   M    M   6        23 290
18  67  38  53  -3  12   0 0.00    M    M  2.8 13 260   M    M   3        16 300
19  68  42  55  -1  10   0    T    M    M  3.6 18 260   M    M   8        22 270
20  71  39  55  -1  10   0 0.00    M    M  3.9 15 300   M    M   2 12     20 320
21  67  41  54  -2  11   0 0.00  0.0    0  2.6 12 170   M    M   3 1      15 170
22  73  49  61   4   4   0    T    M    M  4.4 14  40   M    M   7        20  50
23  79  44  62   5   3   0 0.00    M    M  4.7 15  30   M    M   3 1      21  50
24  68  53  61   4   4   0 0.18    M    M  4.3 15  30   M    M   7 12     21  30
25  84  47  66   8   0   1 0.00    M    M  5.8 22 290   M    M   4 12     28 290
================================================================================
SM 1575 1039       313   1  1.99     0.0 168.9          M      147
================================================================================
AV 63.0 41.6                               6.8 FASTST   M    M   6    MAX(MPH)
                                 MISC ---->  # 36 290               # 49  300
================================================================================
NOTES:
# LAST OF SEVERAL OCCURRENCES

COLUMN 17 PEAK WIND IN M.P.H.

PRELIMINARY LOCAL CLIMATOLOGICAL DATA (WS FORM: F-6) , PAGE 2

                                          STATION:  PITTSFIELD MA
                                          MONTH:    MAY
                                          YEAR:     2016
                                          LATITUDE:   42 25 N
                                          LONGITUDE:  73 18 W

[TEMPERATURE DATA]      [PRECIPITATION DATA]       SYMBOLS USED IN COLUMN 16

AVERAGE MONTHLY: 52.3   TOTAL FOR MONTH:   1.99    1 = FOG OR MIST
DPTR FM NORMAL:  -1.7   DPTR FM NORMAL:   -1.24    2 = FOG REDUCING VISIBILITY
HIGHEST:    84 ON 25    GRTST 24HR  0.63 ON  2- 3      TO 1/4 MILE OR LESS
LOWEST:     32 ON 10                               3 = THUNDER
                        SNOW, ICE PELLETS, HAIL    4 = ICE PELLETS
                        TOTAL MONTH:   0.0 INCH    5 = HAIL
                        GRTST 24HR     0.0         6 = FREEZING RAIN OR DRIZZLE
                        GRTST DEPTH:   0           7 = DUSTSTORM OR SANDSTORM:
                                                       VSBY 1/2 MILE OR LESS
                                                   8 = SMOKE OR HAZE
[NO. OF DAYS WITH]      [WEATHER - DAYS WITH]      9 = BLOWING SNOW
                                                   X = TORNADO
MAX 32 OR BELOW:   0    0.01 INCH OR MORE:  10
MAX 90 OR ABOVE:   0    0.10 INCH OR MORE:   8
MIN 32 OR BELOW:   1    0.50 INCH OR MORE:   0
MIN  0 OR BELOW:   0    1.00 INCH OR MORE:   0

[HDD (BASE 65) ]
TOTAL THIS MO.   313    CLEAR  (SCALE 0-3)   6
DPTR FM NORMAL    30    PTCLDY (SCALE 4-7)  11
TOTAL FM JUL 1  6129    CLOUDY (SCALE 8-10)  8
DPTR FM NORMAL -1189

[CDD (BASE 65) ]
TOTAL THIS MO.     1
DPTR FM NORMAL     1    [PRESSURE DATA]
TOTAL FM JAN 1     1    HIGHEST SLP M ON M
DPTR FM NORMAL    -1    LOWEST  SLP 29.53 ON 14

[REMARKS]
