000
CXUS55 KALY 280800
CF6PSF
PRELIMINARY LOCAL CLIMATOLOGICAL DATA (WS FORM: F-6)

                                          STATION:   PITTSFIELD MA
                                          MONTH:     DECEMBER
                                          YEAR:      2014
                                          LATITUDE:   42 25 N
                                          LONGITUDE:  73 18 W

  TEMPERATURE IN F:       :PCPN:    SNOW:  WIND      :SUNSHINE: SKY     :PK WND
================================================================================
1   2   3   4   5  6A  6B    7    8   9   10  11  12  13   14  15   16   17  18
                                     12Z  AVG MX 2MIN
DY MAX MIN AVG DEP HDD CDD  WTR  SNW DPTH SPD SPD DIR MIN PSBL S-S WX    SPD DR
================================================================================

 1  46  30  38   6  27   0 0.00    M    M  6.6 20 290   M    M   8 1      31 300
 2  33  21  27  -5  38   0 0.05    M    M  6.6 20 300   M    M   4 16     27 130
 3  40  32  36   4  29   0 0.05    M    M  7.6 24 290   M    M  10 126    35 290
 4  33  20  27  -4  38   0 0.00    M    M  9.8 24 290   M    M   2        36 300
 5  33  17  25  -6  40   0 0.23    M    M  4.5 16 130   M    M   5 16     20 140
 6  36  33  35   5  30   0 0.62    M    M  3.0 14 350   M    M  10 126    20  10
 7  33  16  25  -5  40   0 0.00    M    M  9.8 20 350   M    M   1        25 350
 8  27  13  20 -10  45   0    T    M    M  5.5 14  50   M    M   5 18     19 120
 9  37  26  32   3  33   0 1.03    M    M  8.7 18  40   M    M  10 16     26  30
10  33  26  30   1  35   0 0.25    M    M  7.6 13 300   M    M  10 126    20 290
11  28  25  27  -1  38   0 0.01    M    M  9.7 16 290   M    M  10 1      21 300
12  26  24  25  -3  40   0    T    M    M 10.4 20 300   M    M  10 1      28 330
13  31  25  28   0  37   0    T    M    M 10.4 23 300   M    M   9        29 290
14  34  31  33   6  32   0 0.00    M    M  7.7 15 320   M    M  10 1      22 310
15  32  27  30   3  35   0 0.00    M    M  7.0 17 320   M    M  10 1      24 300
16  36  22  29   3  36   0 0.15    M    M  1.7 10 160   M    M   9 12     15 120
17  40  32  36  10  29   0 0.12    M    M  5.1 21 290   M    M  10 1      28 290
18  32  29  31   5  34   0 0.02    M    M 15.3 28 290   M    M   9 1      36 300
19  29  24  27   2  38   0 0.00    M    M 11.7 22 290   M    M  10        29 290
20  27  16  22  -3  43   0 0.00    M    M  3.4 13 320   M    M   8        19 310
21  31  26  29   4  36   0 0.01    M    M  1.2  7  20   M    M  10 1       8  20
22  36  28  32   8  33   0 0.01    M    M  3.5 10 120   M    M  10 1      14  90
23  39  35  37  13  28   0 0.33    M    M  6.9 13  80   M    M  10 1      20  80
24  44  39  42  18  23   0 0.34    M    M  5.3 10  60   M    M  10 12     15  90
25  59  37  48  24  17   0 0.25    M    M 16.9 30 300   M    M   9 1      48 290
26  42  26  34  11  31   0 0.00    M    M  8.5 26 300   M    M   6        35 310
27  47  26  37  14  28   0 0.00    M    M  5.1 16 270   M    M   2        22 250
================================================================================
SM  964  706       913   0  3.47    M    199.5          M      217
================================================================================
AV 35.7 26.1                               7.4 FASTST   M    M   8    MAX(MPH)
                                 MISC ---->  # 30 300               # 48  290
================================================================================
NOTES:
# LAST OF SEVERAL OCCURRENCES

COLUMN 17 PEAK WIND IN M.P.H.

PRELIMINARY LOCAL CLIMATOLOGICAL DATA (WS FORM: F-6) , PAGE 2

                                          STATION:  PITTSFIELD MA
                                          MONTH:    DECEMBER
                                          YEAR:     2014
                                          LATITUDE:   42 25 N
                                          LONGITUDE:  73 18 W

[TEMPERATURE DATA]      [PRECIPITATION DATA]       SYMBOLS USED IN COLUMN 16

AVERAGE MONTHLY: 30.9   TOTAL FOR MONTH:   3.47    1 = FOG OR MIST
DPTR FM NORMAL:   3.6   DPTR FM NORMAL:    0.84    2 = FOG REDUCING VISIBILITY
HIGHEST:    59 ON 25    GRTST 24HR  1.03 ON  9- 9      TO 1/4 MILE OR LESS
LOWEST:     13 ON  8                               3 = THUNDER
                        SNOW, ICE PELLETS, HAIL    4 = ICE PELLETS
                        TOTAL MONTH:    M          5 = HAIL
                        GRTST 24HR    M  ON   M    6 = FREEZING RAIN OR DRIZZLE
                        GRTST DEPTH:  M  ON   M    7 = DUSTSTORM OR SANDSTORM:
                                                       VSBY 1/2 MILE OR LESS
                                                   8 = SMOKE OR HAZE
[NO. OF DAYS WITH]      [WEATHER - DAYS WITH]      9 = BLOWING SNOW
                                                   X = TORNADO
MAX 32 OR BELOW:   9    0.01 INCH OR MORE:  15
MAX 90 OR ABOVE:   0    0.10 INCH OR MORE:   9
MIN 32 OR BELOW:  23    0.50 INCH OR MORE:   2
MIN  0 OR BELOW:   0    1.00 INCH OR MORE:   1

[HDD (BASE 65) ]
TOTAL THIS MO.   913    CLEAR  (SCALE 0-3)   3
DPTR FM NORMAL  -103    PTCLDY (SCALE 4-7)   6
TOTAL FM JUL 1  2535    CLOUDY (SCALE 8-10) 18
DPTR FM NORMAL  -132

[CDD (BASE 65) ]
TOTAL THIS MO.     0
DPTR FM NORMAL     0    [PRESSURE DATA]
TOTAL FM JAN 1   238    HIGHEST SLP M ON M
DPTR FM NORMAL   -52    LOWEST  SLP 29.38 ON 25

[REMARKS]
