000
CXUS54 KHGX 221415
CF6PSX
PRELIMINARY LOCAL CLIMATOLOGICAL DATA (WS FORM: F-6)

                                          STATION:   PALACIOS
                                          MONTH:     JANUARY
                                          YEAR:      2018
                                          LATITUDE:   28 43 N
                                          LONGITUDE:  96 15 W

  TEMPERATURE IN F:       :PCPN:    SNOW:  WIND      :SUNSHINE: SKY     :PK WND
================================================================================
1   2   3   4   5  6A  6B    7    8   9   10  11  12  13   14  15   16   17  18
                                     12Z  AVG MX 2MIN
DY MAX MIN AVG DEP HDD CDD  WTR  SNW DPTH SPD SPD DIR MIN PSBL S-S WX    SPD DR
================================================================================

 1  39  33  36 -18  29   0 0.00    M    0 14.8 23 360   M    M   9        29  10
 2  37  29  33 -21  32   0 0.02    M    0 13.7 20 350   M    M  10 1468   24 350
 3  49  23  36 -18  29   0 0.00  0.0    0  8.5 21 350   M    M   1        26 340
 4  55  28  42 -12  23   0 0.00  0.0    0  4.1 10 190   M    M   0        13 220
 5  60  40  50  -4  15   0 0.00  0.0    0  7.0 13 110   M    M   2 18      M  M
 6  70  41  56   2   9   0 0.00  0.0    0 10.5 18 110   M    M   3 1      22 100
 7  74  51  63   9   2   0    T  0.0    0  8.6 17 170   M    M   4 1      23 160
 8  72  45  59   5   6   0 0.02    M    0 13.7 23 330   M    M   0 8      30 350
 9  64  38  51  -3  14   0 0.00  0.0    0  8.3 14 110   M    M   2 18     16 110
10  72  53  63   9   2   0 0.00  0.0    0 10.1 18 140   M    M  10        23 130
11  78  45  62   8   3   0 0.35    M    0 12.6 38 330   M    M   6 1      47 330
12  57  35  46  -8  19   0 0.00  0.0    0 14.3 30 340   M    M   0        48  30
13  56  30  43 -11  22   0 0.00  0.0    0  9.2 17 360   M    M   0        21  10
14  62  32  47  -7  18   0 0.00  0.0    0  9.9 17 110   M    M   0        23 110
15  69  46  58   4   7   0 0.00  0.0    0  9.8 21 160   M    M   5        45 200
16  58  27  43 -11  22   0 0.19    M    0 22.8 36  10   M    M   9 146    48  10
17  35  21  28 -26  37   0 0.00  0.0    0 12.2 22 360   M    M   7        27  10
18  45  34  40 -14  25   0 0.00  0.0    0  9.4 15  30   M    M  10        18  50
19  66  41  54   0  11   0 0.18    M    0 11.7 28 110   M    M  10 1      37 110
20  70  54  62   8   3   0 0.01  0.0    0  5.9 15 140   M    M   8 12     19 140
21  75  62  69  15   0   4 0.03  0.0    0 12.8 22 150   M    M   9 12     27 150
================================================================================
SM 1263  808       328   4  0.80     0.0 229.9          M      105
================================================================================
AV 60.1 38.5                              10.9 FASTST   M    M   5    MAX(MPH)
                                 MISC ---->  # 38 330               # 48   30
================================================================================
NOTES:
# LAST OF SEVERAL OCCURRENCES

COLUMN 17 PEAK WIND IN M.P.H.

PRELIMINARY LOCAL CLIMATOLOGICAL DATA (WS FORM: F-6) , PAGE 2

                                          STATION:  PALACIOS
                                          MONTH:    JANUARY
                                          YEAR:     2018
                                          LATITUDE:   28 43 N
                                          LONGITUDE:  96 15 W

[TEMPERATURE DATA]      [PRECIPITATION DATA]       SYMBOLS USED IN COLUMN 16

AVERAGE MONTHLY: 49.3   TOTAL FOR MONTH:   0.80    1 = FOG OR MIST
DPTR FM NORMAL:  -4.7   DPTR FM NORMAL:   -1.51    2 = FOG REDUCING VISIBILITY
HIGHEST:    78 ON 11    GRTST 24HR  0.35 ON 11-11      TO 1/4 MILE OR LESS
LOWEST:     21 ON 17                               3 = THUNDER
                        SNOW, ICE PELLETS, HAIL    4 = ICE PELLETS
                        TOTAL MONTH:   0.0 INCH    5 = HAIL
                        GRTST 24HR     0.0         6 = FREEZING RAIN OR DRIZZLE
                        GRTST DEPTH:   0           7 = DUSTSTORM OR SANDSTORM:
                                                       VSBY 1/2 MILE OR LESS
                                                   8 = SMOKE OR HAZE
[NO. OF DAYS WITH]      [WEATHER - DAYS WITH]      9 = BLOWING SNOW
                                                   X = TORNADO
MAX 32 OR BELOW:   0    0.01 INCH OR MORE:   7
MAX 90 OR ABOVE:   0    0.10 INCH OR MORE:   3
MIN 32 OR BELOW:   7    0.50 INCH OR MORE:   0
MIN  0 OR BELOW:   0    1.00 INCH OR MORE:   0

[HDD (BASE 65) ]
TOTAL THIS MO.   328    CLEAR  (SCALE 0-3)   8
DPTR FM NORMAL    93    PTCLDY (SCALE 4-7)   5
TOTAL FM JUL 1   739    CLOUDY (SCALE 8-10)  8
DPTR FM NORMAL    50

[CDD (BASE 65) ]
TOTAL THIS MO.     4
DPTR FM NORMAL     2    [PRESSURE DATA]
TOTAL FM JAN 1     4    HIGHEST SLP M ON M
DPTR FM NORMAL     2    LOWEST  SLP 29.70 ON 11

[REMARKS]
