000
CXUS54 KHGX 281429
CF6PSX
PRELIMINARY LOCAL CLIMATOLOGICAL DATA (WS FORM: F-6)

                                          STATION:   PALACIOS
                                          MONTH:     JANUARY
                                          YEAR:      2015
                                          LATITUDE:   28 43 N
                                          LONGITUDE:  96 15 W

  TEMPERATURE IN F:       :PCPN:    SNOW:  WIND      :SUNSHINE: SKY     :PK WND
================================================================================
1   2   3   4   5  6A  6B    7    8   9   10  11  12  13   14  15   16   17  18
                                     12Z  AVG MX 2MIN
DY MAX MIN AVG DEP HDD CDD  WTR  SNW DPTH SPD SPD DIR MIN PSBL S-S WX    SPD DR
================================================================================

 1  47  44  46  -8  19   0 0.01    M    0 13.8 21  30   M    M  10 18     26  30
 2  51  46  49  -5  16   0 0.39  0.0    0  9.9 15 340   M    M  10 13     19  10
 3  56  42  49  -5  16   0    T  0.0    0  6.5 20 300   M    M   7 13     24 290
 4  55  38  47  -7  18   0 0.00  0.0    0 15.6 30 360   M    M   0 1      37 350
 5  53  32  43 -11  22   0 0.00  0.0    0  7.6 18  20   M    M   0        21  10
 6  61  36  49  -5  16   0 0.00  0.0    0  4.1  8 160   M    M   0        10 200
 7  60  39  50  -4  15   0    T  0.0    0 13.6 29 360   M    M   7        36  10
 8  44  30  37 -17  28   0 0.00  0.0    M 10.7 22 360   M    M   7        28 350
 9  43  36  40 -14  25   0    T  0.0    0 15.3 22  30   M    M  10 1      27  30
10  40  37  39 -15  26   0 0.24    M    0 15.3 23  20   M    M  10 1      29  50
11  47  40  44 -10  21   0 0.21    M    0  8.8 26 340   M    M   9 1      34 340
12  49  45  47  -7  18   0 0.00  0.0    0 12.5 25  10   M    M  10 12     32  10
13  46  43  45  -9  20   0    T  0.0    0 13.2 25  10   M    M  10 1      29  10
14  46  43  45  -9  20   0    T  0.0    0 10.9 16  10   M    M  10 18     19  10
15  53  40  47  -7  18   0    T  0.0    0 10.0 18 340   M    M   6 18     23 360
16  60  35  48  -6  17   0 0.00  0.0    0  5.5 13 200   M    M   0        15 200
17  63  40  52  -2  13   0 0.00  0.0    0  5.0 13 190   M    M   1 1      16 190
18  69  43  56   2   9   0 0.00  0.0    0  7.6 17 360   M    M   0 1      21 360
19  70  40  55   1  10   0 0.00  0.0    0  6.6 16 170   M    M   0 12     19 180
20  71  47  59   5   6   0 0.00  0.0    0  5.6 14 170   M    M   3 128    16 220
21  73  52  63   9   2   0    T  0.0    0 12.7 22  80   M    M   9 12     28  90
22  69  45  57   3   8   0 2.66    M    0 19.5 43 320   M    M  10 1      52 320
23  47  40  44 -10  21   0 0.07    M    0 16.1 28 340   M    M   8 1      32 340
24  60  36  48  -6  17   0 0.00  0.0    0  8.3 15 270   M    M   0        19 280
25  70  46  58   3   7   0 0.00  0.0    0  9.5 16 300   M    M   0        24 280
26  68  41  55   0  10   0 0.00  0.0    0  7.0 12 360   M    M   0        14  10
27  78  47  63   8   2   0 0.00  0.0    0  7.8 16 250   M    M   0 8      21 290
================================================================================
SM 1549 1103       420   0  3.58     0.0 279.0          M      137
================================================================================
AV 57.4 40.9                              10.3 FASTST   M    M   5    MAX(MPH)
                                 MISC ---->  # 43 320               # 52  320
================================================================================
NOTES:
# LAST OF SEVERAL OCCURRENCES

COLUMN 17 PEAK WIND IN M.P.H.

PRELIMINARY LOCAL CLIMATOLOGICAL DATA (WS FORM: F-6) , PAGE 2

                                          STATION:  PALACIOS
                                          MONTH:    JANUARY
                                          YEAR:     2015
                                          LATITUDE:   28 43 N
                                          LONGITUDE:  96 15 W

[TEMPERATURE DATA]      [PRECIPITATION DATA]       SYMBOLS USED IN COLUMN 16

AVERAGE MONTHLY: 49.1   TOTAL FOR MONTH:   3.58    1 = FOG OR MIST
DPTR FM NORMAL:  -5.0   DPTR FM NORMAL:    0.61    2 = FOG REDUCING VISIBILITY
HIGHEST:    78 ON 27    GRTST 24HR  2.72 ON 22-23      TO 1/4 MILE OR LESS
LOWEST:     30 ON  8                               3 = THUNDER
                        SNOW, ICE PELLETS, HAIL    4 = ICE PELLETS
                        TOTAL MONTH:   0.0 INCH    5 = HAIL
                        GRTST 24HR     0.0         6 = FREEZING RAIN OR DRIZZLE
                        GRTST DEPTH:   0           7 = DUSTSTORM OR SANDSTORM:
                                                       VSBY 1/2 MILE OR LESS
                                                   8 = SMOKE OR HAZE
[NO. OF DAYS WITH]      [WEATHER - DAYS WITH]      9 = BLOWING SNOW
                                                   X = TORNADO
MAX 32 OR BELOW:   0    0.01 INCH OR MORE:   6
MAX 90 OR ABOVE:   0    0.10 INCH OR MORE:   4
MIN 32 OR BELOW:   2    0.50 INCH OR MORE:   1
MIN  0 OR BELOW:   0    1.00 INCH OR MORE:   1

[HDD (BASE 65) ]
TOTAL THIS MO.   420    CLEAR  (SCALE 0-3)  11
DPTR FM NORMAL   119    PTCLDY (SCALE 4-7)   6
TOTAL FM JUL 1   823    CLOUDY (SCALE 8-10) 10
DPTR FM NORMAL    68

[CDD (BASE 65) ]
TOTAL THIS MO.     0
DPTR FM NORMAL    -2    [PRESSURE DATA]
TOTAL FM JAN 1     0    HIGHEST SLP M ON M
DPTR FM NORMAL    -2    LOWEST  SLP 29.88 ON  3

[REMARKS]
