000
CXUS51 KBOX 191200
CF6PVD
PRELIMINARY LOCAL CLIMATOLOGICAL DATA (WS FORM: F-6)

                                          STATION:   PROVIDENCE RI
                                          MONTH:     DECEMBER
                                          YEAR:      2014
                                          LATITUDE:   41 43 N
                                          LONGITUDE:  71 26 W

  TEMPERATURE IN F:       :PCPN:    SNOW:  WIND      :SUNSHINE: SKY     :PK WND
================================================================================
1   2   3   4   5  6A  6B    7    8   9   10  11  12  13   14  15   16   17  18
                                     12Z  AVG MX 2MIN
DY MAX MIN AVG DEP HDD CDD  WTR  SNW DPTH SPD SPD DIR MIN PSBL S-S WX    SPD DR
================================================================================

 1  67  43  55  16  10   0    T  0.0    0 11.2 21 330   M    M   8        26 320
 2  43  34  39   0  26   0 0.05    T    0 11.0 21  10   M    M   8 14     27  10
 3  51  37  44   5  21   0 0.14  0.0    0 10.7 24 240   M    M   9 1      35 250
 4  45  29  37  -1  28   0 0.00  0.0    0  8.8 18 260   M    M   5        26 310
 5  44  26  35  -3  30   0 0.09  0.0    0  7.2 15 110   M    M   5 1      20 110
 6  47  39  43   5  22   0 1.06  0.0    0  5.2 22 360   M    M  10 1      26  10
 7  39  22  31  -6  34   0 0.22  0.0    0 20.0 30 360   M    M   7 1      37 360
 8  28  21  25 -12  40   0    T    T    0 13.5 21 360   M    M  10 1      27 360
 9  49  28  39   3  26   0 2.74    T    0 15.2 29  40   M    M  10 146    39  30
10  43  37  40   4  25   0 0.31  0.0    0  8.1 16  10   M    M  10 1      19  10
11  37  31  34  -2  31   0    T    T    0  9.9 17 240   M    M   9 1      23 250
12  39  27  33  -2  32   0 0.00  0.0    0  8.1 15 290   M    M   6        23 280
13  42  30  36   1  29   0 0.00  0.0    0  9.6 17 290   M    M   5        22 270
14  47  30  39   4  26   0 0.00  0.0    0  6.9 14 340   M    M   1        19 360
15  44  26  35   1  30   0 0.00  0.0    0  2.9 12 360   M    M   2        15 350
16  43  28  36   2  29   0 0.00  0.0    0  3.1  9 350   M    M   9        12  30
17  52  40  46  12  19   0 0.31  0.0    0 10.1 21 270   M    M   9 1      28 270
18  43  34  39   6  26   0    T  0.0    0 11.5 22 290   M    M   7        32 300
================================================================================
SM  803  562       484   0  4.92    T    173.0          M      130
================================================================================
AV 44.6 31.2                               9.6 FASTST   M    M   7    MAX(MPH)
                                 MISC ---->  # 30 360               # 39   30
================================================================================
NOTES:
# LAST OF SEVERAL OCCURRENCES

COLUMN 17 PEAK WIND IN M.P.H.

PRELIMINARY LOCAL CLIMATOLOGICAL DATA (WS FORM: F-6) , PAGE 2

                                          STATION:  PROVIDENCE RI
                                          MONTH:    DECEMBER
                                          YEAR:     2014
                                          LATITUDE:   41 43 N
                                          LONGITUDE:  71 26 W

[TEMPERATURE DATA]      [PRECIPITATION DATA]       SYMBOLS USED IN COLUMN 16

AVERAGE MONTHLY: 37.9   TOTAL FOR MONTH:   4.92    1 = FOG OR MIST
DPTR FM NORMAL:   1.6   DPTR FM NORMAL:    2.30    2 = FOG REDUCING VISIBILITY
HIGHEST:    67 ON  1    GRTST 24HR  2.74 ON  9- 9      TO 1/4 MILE OR LESS
LOWEST:     21 ON  8                               3 = THUNDER
                        SNOW, ICE PELLETS, HAIL    4 = ICE PELLETS
                        TOTAL MONTH:    T          5 = HAIL
                        GRTST 24HR    T  ON 11-11  6 = FREEZING RAIN OR DRIZZLE
                        GRTST DEPTH:   0           7 = DUSTSTORM OR SANDSTORM:
                                                       VSBY 1/2 MILE OR LESS
                                                   8 = SMOKE OR HAZE
[NO. OF DAYS WITH]      [WEATHER - DAYS WITH]      9 = BLOWING SNOW
                                                   X = TORNADO
MAX 32 OR BELOW:   1    0.01 INCH OR MORE:   8
MAX 90 OR ABOVE:   0    0.10 INCH OR MORE:   6
MIN 32 OR BELOW:  11    0.50 INCH OR MORE:   2
MIN  0 OR BELOW:   0    1.00 INCH OR MORE:   2

[HDD (BASE 65) ]
TOTAL THIS MO.   484    CLEAR  (SCALE 0-3)   2
DPTR FM NORMAL   -33    PTCLDY (SCALE 4-7)   7
TOTAL FM JUL 1  1520    CLOUDY (SCALE 8-10)  9
DPTR FM NORMAL   -72

[CDD (BASE 65) ]
TOTAL THIS MO.     0
DPTR FM NORMAL     0    [PRESSURE DATA]
TOTAL FM JAN 1   709    HIGHEST SLP M ON M
DPTR FM NORMAL   -35    LOWEST  SLP 29.43 ON M

[REMARKS]
