000
CXUS51 KGYX 311000
CF6PWM
PRELIMINARY LOCAL CLIMATOLOGICAL DATA (WS FORM: F-6)

                                          STATION:   PORTLAND ME
                                          MONTH:     AUGUST
                                          YEAR:      2014
                                          LATITUDE:   43 39 N
                                          LONGITUDE:  70 19 W

  TEMPERATURE IN F:       :PCPN:    SNOW:  WIND      :SUNSHINE: SKY     :PK WND
================================================================================
1   2   3   4   5  6A  6B    7    8   9   10  11  12  13   14  15   16   17  18
                                     12Z  AVG MX 2MIN
DY MAX MIN AVG DEP HDD CDD  WTR  SNW DPTH SPD SPD DIR MIN PSBL S-S WX    SPD DR
================================================================================

 1  78  61  70   0   0   5 0.00  0.0    0  5.6 16 150   M    M   5 1      22 160
 2  76  59  68  -1   0   3 0.00  0.0    0  4.5 14 150   M    M   7 1      19 150
 3  72  56  64  -5   1   0    T  0.0    0  3.4 13 160   M    M   6 1      16 160
 4  76  58  67  -2   0   2    T  0.0    0  3.7 15 170   M    M   5 12     19 160
 5  81  61  71   2   0   6    T  0.0    0  5.9 15 160   M    M   4 1      18 170
 6  80  61  71   2   0   6 0.52  0.0    0  5.7 21 320   M    M   7 138    34 340
 7  75  57  66  -3   0   1 0.12  0.0    0  5.9 18 280   M    M   5 13     22 290
 8  81  55  68  -1   0   3 0.00  0.0    0  8.0 15 350   M    M   2        20 280
 9  81  59  70   1   0   5 0.03  0.0    0  4.0 12 210   M    M   3         M  M
10  79  59  69   0   0   4    T  0.0    0  5.3 12 160   M    M   3        18 140
11  81  57  69   0   0   4 0.00  0.0    0  4.9 12 160   M    M   2 1      14 180
12  73  62  68  -1   0   3 0.00  0.0    0  6.8 13 150   M    M   8 128    17 150
13  68  61  65  -4   0   0 6.43  0.0    0 13.3 28  70   M    M  10 13     39  60
14  75  57  66  -2   0   1 0.01  0.0    0  8.4 16 260   M    M   6 1      23 250
15  70  52  61  -7   4   0    T  0.0    0  4.1 10 260   M    M   7 8      14 250
16  74  55  65  -3   0   0    T  0.0    0  5.1 15 250   M    M   8        19 250
17  75  57  66  -2   0   1 0.01  0.0    0  5.1 13 330   M    M   6        16 320
18  74  55  65  -3   0   0 0.01  0.0    0  7.3 17 310   M    M   5 1      24 340
19  73  49  61  -7   4   0 0.00  0.0    0  4.4 13 160   M    M   1 1      16 160
20  77  52  65  -3   0   0 0.00  0.0    0  3.9 10 160   M    M   2        14 190
21  72  54  63  -5   2   0    T  0.0    0  2.9  8  80   M    M   6        10  20
22  68  56  62  -5   3   0 0.00  0.0    0  6.7 14 100   M    M   9 1      17  90
23  71  55  63  -4   2   0    T  0.0    0  4.6 10 120   M    M   6        15  50
24  81  53  67   0   0   2 0.00  0.0    0  3.6 13 360   M    M   1        18  40
25  85  62  74   7   0   9 0.00  0.0    0  4.9 13 150   M    M   1        14 150
26  81  59  70   3   0   5 0.00  0.0    0  6.2 16 180   M    M   1 1      21 170
27  88  66  77  11   0  12 0.14  0.0    0  7.4 24 350   M    M   4 38     30 350
28  78  56  67   1   0   2 0.00  0.0    0 10.9 22 310   M    M   5        28 350
29  70  52  61  -5   4   0 0.00  0.0    0  7.0 12 110   M    M   1         M  M
30  70  51  61  -5   4   0 0.00  0.0    0  8.8 18 200   M    M   4        26 180
================================================================================
SM 2283 1707        24  74  7.27     0.0 178.3          M      140
================================================================================
AV 76.1 56.9                               5.9 FASTST   M    M   5    MAX(MPH)
                                 MISC ---->  # 28  70               # 39   60
================================================================================
NOTES:
# LAST OF SEVERAL OCCURRENCES

COLUMN 17 PEAK WIND IN M.P.H.

PRELIMINARY LOCAL CLIMATOLOGICAL DATA (WS FORM: F-6) , PAGE 2

                                          STATION:  PORTLAND ME
                                          MONTH:    AUGUST
                                          YEAR:     2014
                                          LATITUDE:   43 39 N
                                          LONGITUDE:  70 19 W

[TEMPERATURE DATA]      [PRECIPITATION DATA]       SYMBOLS USED IN COLUMN 16

AVERAGE MONTHLY: 66.5   TOTAL FOR MONTH:   7.27    1 = FOG OR MIST
DPTR FM NORMAL:  -1.5   DPTR FM NORMAL:    4.23    2 = FOG REDUCING VISIBILITY
HIGHEST:    88 ON 27    GRTST 24HR  6.44 ON 13-14      TO 1/4 MILE OR LESS
LOWEST:     49 ON 19                               3 = THUNDER
                        SNOW, ICE PELLETS, HAIL    4 = ICE PELLETS
                        TOTAL MONTH:   0.0 INCH    5 = HAIL
                        GRTST 24HR     0.0         6 = FREEZING RAIN OR DRIZZLE
                        GRTST DEPTH:   0           7 = DUSTSTORM OR SANDSTORM:
                                                       VSBY 1/2 MILE OR LESS
                                                   8 = SMOKE OR HAZE
[NO. OF DAYS WITH]      [WEATHER - DAYS WITH]      9 = BLOWING SNOW
                                                   X = TORNADO
MAX 32 OR BELOW:   0    0.01 INCH OR MORE:   8
MAX 90 OR ABOVE:   0    0.10 INCH OR MORE:   4
MIN 32 OR BELOW:   0    0.50 INCH OR MORE:   2
MIN  0 OR BELOW:   0    1.00 INCH OR MORE:   1

[HDD (BASE 65) ]
TOTAL THIS MO.    24    CLEAR  (SCALE 0-3)  10
DPTR FM NORMAL    -1    PTCLDY (SCALE 4-7)  18
TOTAL FM JUL 1    24    CLOUDY (SCALE 8-10)  2
DPTR FM NORMAL   -18

[CDD (BASE 65) ]
TOTAL THIS MO.    74
DPTR FM NORMAL   -45    [PRESSURE DATA]
TOTAL FM JAN 1   289    HIGHEST SLP M ON M
DPTR FM NORMAL   -38    LOWEST  SLP 29.64 ON 13

[REMARKS]
