000
CXUS56 KSGX 281445
CF6RAL
PRELIMINARY LOCAL CLIMATOLOGICAL DATA (WS FORM: F-6)

                                          STATION:   RIVERSIDE MUNI AIRPORT CA
                                          MONTH:     JULY
                                          YEAR:      2015
                                          LATITUDE:   33 57 N
                                          LONGITUDE: 117 27 W

  TEMPERATURE IN F:       :PCPN:    SNOW:  WIND      :SUNSHINE: SKY     :PK WND
================================================================================
1   2   3   4   5  6A  6B    7    8   9   10  11  12  13   14  15   16   17  18
                                     12Z  AVG MX 2MIN
DY MAX MIN AVG DEP HDD CDD  WTR  SNW DPTH SPD SPD DIR MIN PSBL S-S WX    SPD DR
================================================================================

 1  92  70  81   5   0  16 0.02  0.0    0  4.5 15 270   M    M   5 3      22 280
 2  95  71  83   7   0  18 0.00  0.0    0  5.1 16 250   M    M   2        22 280
 3  93  67  80   4   0  15 0.00  0.0    0  4.9 15 280   M    M   3        23 250
 4  89  63  76   0   0  11 0.00  0.0    0  6.4 16 270   M    M   0        22 270
 5  86  63  75  -2   0  10 0.00  0.0    0  6.0 15 280   M    M   3 18     22 280
 6  84  64  74  -3   0   9 0.00  0.0    0  3.5  M   M   M    M   5         M  M
 7  87  62  75  -2   0  10 0.00  0.0    0  7.9 14 270   M    M   1 8      22 280
 8  82  63  73  -4   0   8 0.00  0.0    0  5.9 17 270   M    M   6        26 280
 9  80  64  72  -6   0   7 0.00  0.0    0  8.1 21 250   M    M   5        26 250
10  82  63  73  -5   0   8 0.00  0.0    0  5.3 16 260   M    M   5        23 260
11  87  60  74  -4   0   9 0.00  0.0    0  4.9 17 280   M    M   0        23 280
12  92  62  77  -1   0  12 0.00  0.0    0  4.8 17 280   M    M   2        25 250
13  93  64  79   1   0  14 0.00  0.0    0  4.7 17 260   M    M   0        25 280
14  92  63  78   0   0  13 0.00  0.0    0  5.5 18 270   M    M   0        26 270
15  91  62  77  -2   0  12 0.00  0.0    0  4.6 16 280   M    M   3 18     23 280
16  92  62  77  -2   0  12 0.00  0.0    0  5.6 16 280   M    M   2 18     24 270
17  96  63  80   1   0  15 0.00  0.0    0  5.8 17 270   M    M   0        24 250
18  77  68  73  -6   0   8 0.55  0.0    0  3.0 16 130   M    M   7 13     22  60
19  94  70  82   3   0  17 1.34  0.0    0  4.3 21  90   M    M   5 13     28 100
20  88  70  79   0   0  14 0.03  0.0    0  5.8 16 250   M    M   6 1      22 250
21  84  70  77  -2   0  12 0.00  0.0    0  6.4 16 260   M    M   7 1      23 250
22  87  69  78  -1   0  13 0.00  0.0    0  7.4 17 250   M    M   5        23 250
23  90  66  78  -1   0  13 0.00  0.0    0  4.5 16 260   M    M   2        23 250
24  94  68  81   1   0  16 0.00  0.0    0  5.0 16 270   M    M   0        22 280
25  96  67  82   2   0  17 0.00  0.0    0  4.2 15 250   M    M   0        21 240
26  93  66  80   0   0  15 0.00  0.0    0  4.3 17 280   M    M   0        24 280
27  89  65  77  -3   0  12 0.00  0.0    0  4.4 17 250   M    M   3        22 260
================================================================================
SM 2405 1765         0 336  1.94     0.0 142.8          M       77
================================================================================
AV 89.1 65.4                               5.3 FASTST   M    M   3    MAX(MPH)
                                 MISC ---->  # 21 250               # 28  100
================================================================================
NOTES:
# LAST OF SEVERAL OCCURRENCES

COLUMN 17 PEAK WIND IN M.P.H.

PRELIMINARY LOCAL CLIMATOLOGICAL DATA (WS FORM: F-6) , PAGE 2

                                          STATION:  RIVERSIDE MUNI AIRPORT CA
                                          MONTH:    JULY
                                          YEAR:     2015
                                          LATITUDE:   33 57 N
                                          LONGITUDE: 117 27 W

[TEMPERATURE DATA]      [PRECIPITATION DATA]       SYMBOLS USED IN COLUMN 16

AVERAGE MONTHLY: 77.2   TOTAL FOR MONTH:   1.94    1 = FOG OR MIST
DPTR FM NORMAL:  -1.0   DPTR FM NORMAL:    1.88    2 = FOG REDUCING VISIBILITY
HIGHEST:    96 ON 25,17 GRTST 24HR  1.37 ON 19-20      TO 1/4 MILE OR LESS
LOWEST:     60 ON 11                               3 = THUNDER
                        SNOW, ICE PELLETS, HAIL    4 = ICE PELLETS
                        TOTAL MONTH:   0.0 INCH    5 = HAIL
                        GRTST 24HR     0.0         6 = FREEZING RAIN OR DRIZZLE
                        GRTST DEPTH:   0           7 = DUSTSTORM OR SANDSTORM:
                                                       VSBY 1/2 MILE OR LESS
                                                   8 = SMOKE OR HAZE
[NO. OF DAYS WITH]      [WEATHER - DAYS WITH]      9 = BLOWING SNOW
                                                   X = TORNADO
MAX 32 OR BELOW:   0    0.01 INCH OR MORE:   4
MAX 90 OR ABOVE:  14    0.10 INCH OR MORE:   2
MIN 32 OR BELOW:   0    0.50 INCH OR MORE:   2
MIN  0 OR BELOW:   0    1.00 INCH OR MORE:   1

[HDD (BASE 65) ]
TOTAL THIS MO.     0    CLEAR  (SCALE 0-3)  17
DPTR FM NORMAL     0    PTCLDY (SCALE 4-7)  10
TOTAL FM JUL 1     0    CLOUDY (SCALE 8-10)  0
DPTR FM NORMAL     0

[CDD (BASE 65) ]
TOTAL THIS MO.   336
DPTR FM NORMAL   -20    [PRESSURE DATA]
TOTAL FM JAN 1  1016    HIGHEST SLP M ON M
DPTR FM NORMAL   263    LOWEST  SLP 29.76 ON 17

[REMARKS]
