000
CXUS56 KSGX 231445
CF6RAL
PRELIMINARY LOCAL CLIMATOLOGICAL DATA (WS FORM: F-6)

                                          STATION:   RIVERSIDE MUNI AIRPORT CA
                                          MONTH:     MARCH
                                          YEAR:      2017
                                          LATITUDE:   33 57 N
                                          LONGITUDE: 117 27 W

  TEMPERATURE IN F:       :PCPN:    SNOW:  WIND      :SUNSHINE: SKY     :PK WND
================================================================================
1   2   3   4   5  6A  6B    7    8   9   10  11  12  13   14  15   16   17  18
                                     12Z  AVG MX 2MIN
DY MAX MIN AVG DEP HDD CDD  WTR  SNW DPTH SPD SPD DIR MIN PSBL S-S WX    SPD DR
================================================================================

 1  73  39  56  -1   9   0 0.00  0.0    0  5.2 14  10   M    M   0        24  40
 2  78  40  59   2   6   0 0.00  0.0    0  6.9 15  20   M    M   0        23 360
 3  81  47  64   7   1   0 0.00  0.0    0  5.8 15 270   M    M   2        20 270
 4  69  46  58   1   7   0 0.00  0.0    0  3.2 15 270   M    M   4        18 270
 5  58  49  54  -4  11   0 0.00  0.0    0  2.2 10 240   M    M   6         M  M
 6  63  38  51  -7  14   0 0.00  0.0    M  2.9 13 250   M    M   0        16 240
 7  78  40  59   1   6   0 0.00  0.0    0  3.5 12  80   M    M   2        14  80
 8  85  47  66   8   0   1 0.00  0.0    0  4.5 14  80   M    M   1        18  40
 9  88  52  70  12   0   5 0.00  0.0    0  3.9 15 270   M    M   0        17 280
10  82  51  67   9   0   2 0.00  0.0    0  3.5 14 270   M    M   5        18 280
11  84  51  68  10   0   3 0.00  0.0    0  4.1 15 270   M    M   0 18     19 270
12  92  52  72  14   0   7 0.00  0.0    0  3.7 17 280   M    M   0        21 270
13  92  55  74  16   0   9 0.00  0.0    0  4.0 15 270   M    M   0        19 270
14  89  55  72  13   0   7 0.00  0.0    0  4.9 15 260   M    M   1        19 270
15  88  55  72  13   0   7 0.00  0.0    0  4.3 17 280   M    M   1        22 270
16  84  53  69  10   0   4 0.00  0.0    0  4.3 16 270   M    M   1        19 270
17  85  54  70  11   0   5 0.00  0.0    0  4.2 12 280   M    M   4        16 250
18  83  51  67   8   0   2 0.00  0.0    0  2.9 14 270   M    M   2 128    17 270
19  83  52  68   9   0   3 0.00  0.0    0  6.6 21 270   M    M   3 1      24 280
20  71  53  62   3   3   0 0.00  0.0    0  5.3 17 270   M    M   5 18     21 280
21  68  53  61   2   4   0 0.11  0.0    0  4.2 14 280   M    M   9 1      20 280
22  68  52  60   1   5   0 0.05  0.0    0  8.1 22 260   M    M   6 1      27 270
================================================================================
SM 1742 1085        66  55  0.16     0.0  98.2          M       52
================================================================================
AV 79.2 49.3                               4.5 FASTST   M    M   2    MAX(MPH)
                                 MISC ---->  # 22 260               # 27  270
================================================================================
NOTES:
# LAST OF SEVERAL OCCURRENCES

COLUMN 17 PEAK WIND IN M.P.H.

PRELIMINARY LOCAL CLIMATOLOGICAL DATA (WS FORM: F-6) , PAGE 2

                                          STATION:  RIVERSIDE MUNI AIRPORT CA
                                          MONTH:    MARCH
                                          YEAR:     2017
                                          LATITUDE:   33 57 N
                                          LONGITUDE: 117 27 W

[TEMPERATURE DATA]      [PRECIPITATION DATA]       SYMBOLS USED IN COLUMN 16

AVERAGE MONTHLY: 64.3   TOTAL FOR MONTH:   0.16    1 = FOG OR MIST
DPTR FM NORMAL:   6.0   DPTR FM NORMAL:   -1.60    2 = FOG REDUCING VISIBILITY
HIGHEST:    92 ON 13,12 GRTST 24HR  0.11 ON 21-21      TO 1/4 MILE OR LESS
LOWEST:     38 ON  6                               3 = THUNDER
                        SNOW, ICE PELLETS, HAIL    4 = ICE PELLETS
                        TOTAL MONTH:   0.0 INCH    5 = HAIL
                        GRTST 24HR     0.0         6 = FREEZING RAIN OR DRIZZLE
                        GRTST DEPTH:   0           7 = DUSTSTORM OR SANDSTORM:
                                                       VSBY 1/2 MILE OR LESS
                                                   8 = SMOKE OR HAZE
[NO. OF DAYS WITH]      [WEATHER - DAYS WITH]      9 = BLOWING SNOW
                                                   X = TORNADO
MAX 32 OR BELOW:   0    0.01 INCH OR MORE:   2
MAX 90 OR ABOVE:   2    0.10 INCH OR MORE:   1
MIN 32 OR BELOW:   0    0.50 INCH OR MORE:   0
MIN  0 OR BELOW:   0    1.00 INCH OR MORE:   0

[HDD (BASE 65) ]
TOTAL THIS MO.    66    CLEAR  (SCALE 0-3)  15
DPTR FM NORMAL   -90    PTCLDY (SCALE 4-7)   6
TOTAL FM JUL 1  1030    CLOUDY (SCALE 8-10)  1
DPTR FM NORMAL  -234

[CDD (BASE 65) ]
TOTAL THIS MO.    55
DPTR FM NORMAL    51    [PRESSURE DATA]
TOTAL FM JAN 1    55    HIGHEST SLP M ON M
DPTR FM NORMAL    42    LOWEST  SLP 29.92 ON  3

[REMARKS]
