000
CXUS53 KUNR 180945
CF6RAP
PRELIMINARY LOCAL CLIMATOLOGICAL DATA (WS FORM: F-6)

                                          STATION:   RAPID CITY AIRPORT SD
                                          MONTH:     DECEMBER
                                          YEAR:      2014
                                          LATITUDE:   44  2 N
                                          LONGITUDE: 103  4 W

  TEMPERATURE IN F:       :PCPN:    SNOW:  WIND      :SUNSHINE: SKY     :PK WND
================================================================================
1   2   3   4   5  6A  6B    7    8   9   10  11  12  13   14  15   16   17  18
                                     12Z  AVG MX 2MIN
DY MAX MIN AVG DEP HDD CDD  WTR  SNW DPTH SPD SPD DIR MIN PSBL S-S WX    SPD DR
================================================================================

 1  38  -2  18 -10  47   0 0.00  0.0    T 13.1 35 170   M    M   0        42 180
 2  41  15  28   1  37   0 0.00  0.0    T  9.5 25 340   M    M   4        31 350
 3  37  11  24  -3  41   0 0.00  0.0    T  9.4 26 170   M    M   0        33 180
 4  52  19  36   9  29   0 0.00  0.0    T  5.7 20 340   M    M   0        23 340
 5  48  25  37  11  28   0 0.00  0.0    0  7.5 20 340   M    M   2        24 340
 6  46  21  34   8  31   0 0.00  0.0    0  9.2 36 150   M    M   1        46 150
 7  58  24  41  15  24   0 0.00  0.0    0 14.2 33 310   M    M   1        40 310
 8  51  21  36  10  29   0 0.00  0.0    0  7.4 21  10   M    M   0        25  10
 9  48  21  35  10  30   0 0.00  0.0    0  3.8 12 350   M    M   0        14 130
10  63  25  44  19  21   0 0.00  0.0    0  5.8 13  10   M    M   0        16 150
11  71  32  52  27  13   0 0.00  0.0    0  5.0  7 140   M    M   0         M  M
12  71  31  51  26  14   0 0.00  0.0    0  5.8 17 170   M    M   0        20 170
13  59  31  45  20  20   0 0.00  0.0    0  5.5 26 350   M    M   0        32 350
14  47  29  38  14  27   0 0.00  0.0    0 28.0 38 350   M    M   6        48 340
15  29  22  26   2  39   0 0.02  0.5    0 26.3 41 330   M    M  10 169    52 330
16  24  18  21  -3  44   0 0.00  0.0    T  9.3 15 120   M    M  10        17 120
17  23  18  21  -3  44   0 0.00  0.0    T  7.7 15 130   M    M  10 1      18 130
================================================================================
SM  806  361       518   0  0.02     0.5 173.2          M       44
================================================================================
AV 47.4 21.2                              10.2 FASTST   M    M   3    MAX(MPH)
                                 MISC ---->  # 41 330               # 52  330
================================================================================
NOTES:
# LAST OF SEVERAL OCCURRENCES

COLUMN 17 PEAK WIND IN M.P.H.

PRELIMINARY LOCAL CLIMATOLOGICAL DATA (WS FORM: F-6) , PAGE 2

                                          STATION:  RAPID CITY AIRPORT SD
                                          MONTH:    DECEMBER
                                          YEAR:     2014
                                          LATITUDE:   44  2 N
                                          LONGITUDE: 103  4 W

[TEMPERATURE DATA]      [PRECIPITATION DATA]       SYMBOLS USED IN COLUMN 16

AVERAGE MONTHLY: 34.3   TOTAL FOR MONTH:   0.02    1 = FOG OR MIST
DPTR FM NORMAL:   8.8   DPTR FM NORMAL:   -0.20    2 = FOG REDUCING VISIBILITY
HIGHEST:    71 ON 12,11 GRTST 24HR  0.03 ON 30- 1      TO 1/4 MILE OR LESS
LOWEST:     -2 ON  1                               3 = THUNDER
                        SNOW, ICE PELLETS, HAIL    4 = ICE PELLETS
                        TOTAL MONTH:   0.5 INCH    5 = HAIL
                        GRTST 24HR   0.5 ON 15-15  6 = FREEZING RAIN OR DRIZZLE
                        GRTST DEPTH:   0           7 = DUSTSTORM OR SANDSTORM:
                                                       VSBY 1/2 MILE OR LESS
                                                   8 = SMOKE OR HAZE
[NO. OF DAYS WITH]      [WEATHER - DAYS WITH]      9 = BLOWING SNOW
                                                   X = TORNADO
MAX 32 OR BELOW:   3    0.01 INCH OR MORE:   1
MAX 90 OR ABOVE:   0    0.10 INCH OR MORE:   0
MIN 32 OR BELOW:  17    0.50 INCH OR MORE:   0
MIN  0 OR BELOW:   1    1.00 INCH OR MORE:   0

[HDD (BASE 65) ]
TOTAL THIS MO.   518    CLEAR  (SCALE 0-3)  12
DPTR FM NORMAL  -152    PTCLDY (SCALE 4-7)   2
TOTAL FM JUL 1  2326    CLOUDY (SCALE 8-10)  3
DPTR FM NORMAL   -19

[CDD (BASE 65) ]
TOTAL THIS MO.     0
DPTR FM NORMAL     0    [PRESSURE DATA]
TOTAL FM JAN 1   424    HIGHEST SLP M ON M
DPTR FM NORMAL  -212    LOWEST  SLP 29.66 ON 14

[REMARKS]
