000
CXUS54 KFWD 160730
CF6RBD
PRELIMINARY LOCAL CLIMATOLOGICAL DATA (WS FORM: F-6)

                                          STATION:   DALLAS EXECUTIVE
                                          MONTH:     JANUARY
                                          YEAR:      2018
                                          LATITUDE:   32 40 N
                                          LONGITUDE:  96 52 W

  TEMPERATURE IN F:       :PCPN:    SNOW:  WIND      :SUNSHINE: SKY     :PK WND
================================================================================
1   2   3   4   5  6A  6B    7    8   9   10  11  12  13   14  15   16   17  18
                                     12Z  AVG MX 2MIN
DY MAX MIN AVG DEP HDD CDD  WTR  SNW DPTH SPD SPD DIR MIN PSBL S-S WX    SPD DR
================================================================================

 1  30  16  23 -23  42   0 0.00  0.0    0  9.3 16  20   M    M   0        21  20
 2  27  22  25 -21  40   0 0.00  0.0    0  7.5 13 330   M    M   9        17 340
 3  49  19  34 -12  31   0 0.00  0.0    0  7.0 16 320   M    M   0        20 320
 4  51  27  39  -7  26   0 0.00  0.0    0  2.8  8  30   M    M   0        11  20
 5  62  34  48   2  17   0 0.00  0.0    0  6.6 14 220   M    M   0        19 190
 6  63  37  50   4  15   0 0.00  0.0    0  9.5 20 150   M    M   3        25 140
 7  62  50  56  10   9   0 0.07  0.0    0 11.9 20 160   M    M   9 13     27 170
 8  59  41  50   4  15   0 0.00  0.0    0 10.8 20 340   M    M   2 1      24 330
 9  50  36  43  -3  22   0 0.00  0.0    0  7.8 16 130   M    M   6 128    20 140
10  59  45  52   6  13   0 0.00  0.0    0 13.8 22 140   M    M   8 18     29 140
11  63  30  47   1  18   0 0.00  0.0    0 19.3 37 330   M    M   4        43 330
12  44  23  34 -12  31   0 0.00  0.0    0 13.8 30 340   M    M   0        37 340
13  46  27  37  -9  28   0 0.00  0.0    0  7.9 17 350   M    M   0        20 350
14  55  28  42  -5  23   0 0.00  0.0    0  7.0 17 160   M    M   0        21 180
15  58  29  44  -3  21   0    T    M    0 11.8 28 360   M    M   5        36  10
================================================================================
SM  778  464       351   0  0.07     0.0 146.8          M       46
================================================================================
AV 51.9 30.9                               9.8 FASTST   M    M   3    MAX(MPH)
                                 MISC ---->  # 37 330               # 43  330
================================================================================
NOTES:
# LAST OF SEVERAL OCCURRENCES

COLUMN 17 PEAK WIND IN M.P.H.

PRELIMINARY LOCAL CLIMATOLOGICAL DATA (WS FORM: F-6) , PAGE 2

                                          STATION:  DALLAS EXECUTIVE
                                          MONTH:    JANUARY
                                          YEAR:     2018
                                          LATITUDE:   32 40 N
                                          LONGITUDE:  96 52 W

[TEMPERATURE DATA]      [PRECIPITATION DATA]       SYMBOLS USED IN COLUMN 16

AVERAGE MONTHLY: 41.4   TOTAL FOR MONTH:   0.07    1 = FOG OR MIST
DPTR FM NORMAL:  -4.7   DPTR FM NORMAL:   -1.23    2 = FOG REDUCING VISIBILITY
HIGHEST:    63 ON 11, 6 GRTST 24HR  0.07 ON  7- 7      TO 1/4 MILE OR LESS
LOWEST:     16 ON  1                               3 = THUNDER
                        SNOW, ICE PELLETS, HAIL    4 = ICE PELLETS
                        TOTAL MONTH:   0.0 INCH    5 = HAIL
                        GRTST 24HR     0.0         6 = FREEZING RAIN OR DRIZZLE
                        GRTST DEPTH:   0           7 = DUSTSTORM OR SANDSTORM:
                                                       VSBY 1/2 MILE OR LESS
                                                   8 = SMOKE OR HAZE
[NO. OF DAYS WITH]      [WEATHER - DAYS WITH]      9 = BLOWING SNOW
                                                   X = TORNADO
MAX 32 OR BELOW:   2    0.01 INCH OR MORE:   1
MAX 90 OR ABOVE:   0    0.10 INCH OR MORE:   0
MIN 32 OR BELOW:   9    0.50 INCH OR MORE:   0
MIN  0 OR BELOW:   0    1.00 INCH OR MORE:   0

[HDD (BASE 65) ]
TOTAL THIS MO.   351    CLEAR  (SCALE 0-3)   9
DPTR FM NORMAL    68    PTCLDY (SCALE 4-7)   4
TOTAL FM JUL 1  1059    CLOUDY (SCALE 8-10)  2
DPTR FM NORMAL  -122

[CDD (BASE 65) ]
TOTAL THIS MO.     0
DPTR FM NORMAL     0    [PRESSURE DATA]
TOTAL FM JAN 1     0    HIGHEST SLP M ON M
DPTR FM NORMAL     0    LOWEST  SLP 29.64 ON 11

[REMARKS]
