000
CXUS56 KMFR 211000
CF6RBG
PRELIMINARY LOCAL CLIMATOLOGICAL DATA (WS FORM: F-6)

                                          STATION:   ROSEBURG OR
                                          MONTH:     AUGUST
                                          YEAR:      2017
                                          LATITUDE:   43 13 N
                                          LONGITUDE: 123 22 W

  TEMPERATURE IN F:       :PCPN:    SNOW:  WIND      :SUNSHINE: SKY     :PK WND
================================================================================
1   2   3   4   5  6A  6B    7    8   9   10  11  12  13   14  15   16   17  18
                                     12Z  AVG MX 2MIN
DY MAX MIN AVG DEP HDD CDD  WTR  SNW DPTH SPD SPD DIR MIN PSBL S-S WX    SPD DR
================================================================================

 1 102  62  82  10   0  17 0.00    M    M  5.2 20  20   M    M   0        24  10
 2 108  63  86  14   0  21 0.00    M    M  2.7 14  10   M    M   0 8      18 360
 3 108  65  87  16   0  22 0.00    M    M  3.3 14 330   M    M   0 8      17 320
 4 101  65  83  12   0  18 0.00    M    M  2.7 14 300   M    M   0 8      22 330
 5  94  58  76   5   0  11 0.00    M    M  2.9 12 300   M    M   0        17 300
 6  91  61  76   5   0  11 0.00    M    M  5.7 13 360   M    M   0        19  20
 7  96  65  81  10   0  16 0.00    M    M  3.8 14  10   M    M   0        17 360
 8  98  66  82  11   0  17 0.00    M    M  3.6 15  20   M    M   0 8      19  20
 9  95  68  82  11   0  17    T    M    M  6.6 13 330   M    M   0 8      17 330
10  95  66  81  10   0  16 0.00    M    M  6.0 15  20   M    M   0 8      22  10
11  90  63  77   6   0  12 0.00    M    M  7.2 15 350   M    M   0        21 330
12  85  60  73   2   0   8 0.00    M    M  4.6 15  10   M    M   3        19  10
13  76  59  68  -3   0   3    T    M    M  3.5 13 330   M    M   7 18     17 360
14  80  58  69  -1   0   4 0.00    M    M  6.7 16 360   M    M   4 8      20 360
15  85  51  68  -2   0   3 0.00    M    M  4.2 20  10   M    M   0 8      25  20
16  93  54  74   4   0   9 0.00    M    M  4.6 17  10   M    M   0 8      21  10
17  94  59  77   7   0  12 0.00    M    M  4.6 16 360   M    M   1 8      21 360
18  93  56  75   5   0  10 0.00    M    M  5.0 17  10   M    M   0 8      22  10
19  86  63  75   5   0  10 0.00    M    M  9.7 23 360   M    M   2        31 360
20  88  57  73   3   0   8 0.00    M    M  8.6 22  10   M    M   0        27  10
================================================================================
SM 1858 1219         0 245    T     M    101.2          M       17
================================================================================
AV 92.9 61.0                               5.1 FASTST   M    M   1    MAX(MPH)
                                 MISC ---->  # 23 360               # 31  360
================================================================================
NOTES:
# LAST OF SEVERAL OCCURRENCES

COLUMN 17 PEAK WIND IN M.P.H.

PRELIMINARY LOCAL CLIMATOLOGICAL DATA (WS FORM: F-6) , PAGE 2

                                          STATION:  ROSEBURG OR
                                          MONTH:    AUGUST
                                          YEAR:     2017
                                          LATITUDE:   43 13 N
                                          LONGITUDE: 123 22 W

[TEMPERATURE DATA]      [PRECIPITATION DATA]       SYMBOLS USED IN COLUMN 16

AVERAGE MONTHLY: 76.9   TOTAL FOR MONTH:      T    1 = FOG OR MIST
DPTR FM NORMAL:   6.2   DPTR FM NORMAL:   -0.21    2 = FOG REDUCING VISIBILITY
HIGHEST:   108 ON  3, 2 GRTST 24HR    T  ON 13-13      TO 1/4 MILE OR LESS
LOWEST:     51 ON 15                               3 = THUNDER
                        SNOW, ICE PELLETS, HAIL    4 = ICE PELLETS
                        TOTAL MONTH:    M          5 = HAIL
                        GRTST 24HR    M  ON   M    6 = FREEZING RAIN OR DRIZZLE
                        GRTST DEPTH:  M  ON   M    7 = DUSTSTORM OR SANDSTORM:
                                                       VSBY 1/2 MILE OR LESS
                                                   8 = SMOKE OR HAZE
[NO. OF DAYS WITH]      [WEATHER - DAYS WITH]      9 = BLOWING SNOW
                                                   X = TORNADO
MAX 32 OR BELOW:   0    0.01 INCH OR MORE:   0
MAX 90 OR ABOVE:  14    0.10 INCH OR MORE:   0
MIN 32 OR BELOW:   0    0.50 INCH OR MORE:   0
MIN  0 OR BELOW:   0    1.00 INCH OR MORE:   0

[HDD (BASE 65) ]
TOTAL THIS MO.     0    CLEAR  (SCALE 0-3)  17
DPTR FM NORMAL     0    PTCLDY (SCALE 4-7)   3
TOTAL FM JUL 1     0    CLOUDY (SCALE 8-10)  0
DPTR FM NORMAL   -11

[CDD (BASE 65) ]
TOTAL THIS MO.   245
DPTR FM NORMAL   127    [PRESSURE DATA]
TOTAL FM JAN 1   637    HIGHEST SLP M ON M
DPTR FM NORMAL   276    LOWEST  SLP  0.00 ON 14

[REMARKS]
