000
CXUS51 KPHI 250800
CF6RDG
PRELIMINARY LOCAL CLIMATOLOGICAL DATA (WS FORM: F-6)

                                          STATION:   READING PA
                                          MONTH:     JULY
                                          YEAR:      2016
                                          LATITUDE:   40 22 N
                                          LONGITUDE:  75 58 W

  TEMPERATURE IN F:       :PCPN:    SNOW:  WIND      :SUNSHINE: SKY     :PK WND
================================================================================
1   2   3   4   5  6A  6B    7    8   9   10  11  12  13   14  15   16   17  18
                                     12Z  AVG MX 2MIN
DY MAX MIN AVG DEP HDD CDD  WTR  SNW DPTH SPD SPD DIR MIN PSBL S-S WX    SPD DR
================================================================================

 1  87  64  76   2   0  11 0.42    M    M  4.7 29 210   M    M   3 3      41 220
 2  78  61  70  -4   0   5 0.00    M    M  8.2 20 310   M    M   2        30 290
 3  80  58  69  -5   0   4 0.00    M    M  3.4 13 220   M    M   1        17 200
 4  81  59  70  -4   0   5 0.37    M    M  3.8 13 200   M    M   7 1      17 190
 5  88  70  79   4   0  14 0.34    M    M  5.6 16 300   M    M   6 1      19 300
 6  93  68  81   6   0  16 0.00    M    M  2.7 12 300   M    M   2 1      16 300
 7  91  72  82   7   0  17 0.00    M    M  5.6 18 280   M    M   0 18     24 290
 8  92  72  82   7   0  17 0.07    M    M  3.6 16 280   M    M   2 18     22 280
 9  82  72  77   2   0  12 0.59    M    M  6.2 14 130   M    M   8 13     17 150
10  84  65  75   0   0  10 0.00    M    M  9.0 18 350   M    M   3        25 290
11  85  58  72  -3   0   7 0.00    M    M  3.3 13 330   M    M   1        17 330
12  88  63  76   1   0  11 0.00    M    M  5.5 16 230   M    M   2        20 200
13  86  73  80   5   0  15 0.05    M    M  4.9 15 130   M    M   8 13     21 120
14  95  74  85  10   0  20 0.00    M    M  7.1 22 240   M    M   5 18     31 240
15  92  73  83   8   0  18 0.00    M    M  5.9 17 260   M    M   1        23 260
16  92  70  81   6   0  16 0.00    M    M  3.2 10 260   M    M   0        15 280
17  91  68  80   5   0  15 0.00    M    M  4.8 14 240   M    M   1        18 230
18  93  69  81   6   0  16 0.08    M    M  6.2 20 230   M    M   1 3      26 230
19  88  64  76   1   0  11 0.00    M    M  5.9 21 310   M    M   3 12     31 310
20  86  64  75   0   0  10 0.00    M    M  4.4 12  50   M    M   1        14  50
21  91  61  76   1   0  11 0.00    M    M  6.3 14 200   M    M   0        20 230
22  96  69  83   8   0  18 0.00    M    M  7.1 17 230   M    M   0        24 270
23  98  73  86  11   0  21    T    M    M  7.0 18 310   M    M   1        26 280
24  96  67  82   7   0  17    T    M    M  4.7 15 230   M    M   1 1      19 220
================================================================================
SM 2133 1607         0 317  1.92    M    129.1          M       59
================================================================================
AV 88.9 67.0                               5.4 FASTST   M    M   2    MAX(MPH)
                                 MISC ---->  # 29 210               # 41  220
================================================================================
NOTES:
# LAST OF SEVERAL OCCURRENCES

COLUMN 17 PEAK WIND IN M.P.H.

PRELIMINARY LOCAL CLIMATOLOGICAL DATA (WS FORM: F-6) , PAGE 2

                                          STATION:  READING PA
                                          MONTH:    JULY
                                          YEAR:     2016
                                          LATITUDE:   40 22 N
                                          LONGITUDE:  75 58 W

[TEMPERATURE DATA]      [PRECIPITATION DATA]       SYMBOLS USED IN COLUMN 16

AVERAGE MONTHLY: 77.9   TOTAL FOR MONTH:   1.92    1 = FOG OR MIST
DPTR FM NORMAL:   3.1   DPTR FM NORMAL:   -1.61    2 = FOG REDUCING VISIBILITY
HIGHEST:    98 ON 23    GRTST 24HR  0.71 ON  4- 5      TO 1/4 MILE OR LESS
LOWEST:     58 ON 11, 3                            3 = THUNDER
                        SNOW, ICE PELLETS, HAIL    4 = ICE PELLETS
                        TOTAL MONTH:    M          5 = HAIL
                        GRTST 24HR    M  ON   M    6 = FREEZING RAIN OR DRIZZLE
                        GRTST DEPTH:  M  ON   M    7 = DUSTSTORM OR SANDSTORM:
                                                       VSBY 1/2 MILE OR LESS
                                                   8 = SMOKE OR HAZE
[NO. OF DAYS WITH]      [WEATHER - DAYS WITH]      9 = BLOWING SNOW
                                                   X = TORNADO
MAX 32 OR BELOW:   0    0.01 INCH OR MORE:   7
MAX 90 OR ABOVE:  12    0.10 INCH OR MORE:   4
MIN 32 OR BELOW:   0    0.50 INCH OR MORE:   1
MIN  0 OR BELOW:   0    1.00 INCH OR MORE:   0

[HDD (BASE 65) ]
TOTAL THIS MO.     0    CLEAR  (SCALE 0-3)  17
DPTR FM NORMAL     0    PTCLDY (SCALE 4-7)   5
TOTAL FM JUL 1     0    CLOUDY (SCALE 8-10)  2
DPTR FM NORMAL     0

[CDD (BASE 65) ]
TOTAL THIS MO.   317
DPTR FM NORMAL    80    [PRESSURE DATA]
TOTAL FM JAN 1   637    HIGHEST SLP  0.00 ON 12
DPTR FM NORMAL   151    LOWEST  SLP 29.73 ON  7

[REMARKS]
