000
CXUS56 KPDT 211032
CF6RDM
PRELIMINARY LOCAL CLIMATOLOGICAL DATA (WS FORM: F-6)

                                          STATION:   REDMOND OR
                                          MONTH:     DECEMBER
                                          YEAR:      2014
                                          LATITUDE:   44 16 N
                                          LONGITUDE: 121  9 W

  TEMPERATURE IN F:       :PCPN:    SNOW:  WIND      :SUNSHINE: SKY     :PK WND
================================================================================
1   2   3   4   5  6A  6B    7    8   9   10  11  12  13   14  15   16   17  18
                                     12Z  AVG MX 2MIN
DY MAX MIN AVG DEP HDD CDD  WTR  SNW DPTH SPD SPD DIR MIN PSBL S-S WX    SPD DR
================================================================================

 1  38  14  26  -6  39   0 0.19    M    M  3.2 14 160   M    M   7 16     17 160
 2  36  20  28  -4  37   0    T  0.0    0  8.3 15 320   M    M  10 12     19 320
 3  26  20  23  -9  42   0 0.15    M    0  4.1 12 310   M    M  10 16     16 150
 4  41  26  34   2  31   0 0.05  0.0    0  2.2  9 310   M    M   9 126    12 320
 5  32  25  29  -3  36   0 0.00  0.0    0  3.2  9 290   M    M   9 12     11 300
 6  50  27  39   8  26   0 0.06  0.0    0  4.6 15 200   M    M   3 126    20 180
 7  51  26  39   8  26   0 0.01  0.0    0  4.2 12 280   M    M   1 1      15 160
 8  54  29  42  11  23   0 0.00  0.0    0  4.3 15 160   M    M   7 12     20 150
 9  57  46  52  21  13   0    T    M    0 10.1 23 190   M    M   6        29 190
10  60  45  53  22  12   0    T  0.0    0 13.9 29 210   M    M   2        38 210
11  57  43  50  20  15   0 0.03    M    0 16.0 45 170   M    M   4        60 170
12  44  27  36   6  29   0 0.09    M    0  2.8 12 300   M    M   7 1      14 310
13  45  23  34   4  31   0 0.00  0.0    0  3.1  8 180   M    M   1        10 160
14  43  19  31   1  34   0 0.00  0.0    0  4.3 15 130   M    M   1 12     19 130
15  30  26  28  -2  37   0 0.03    M    0  3.6  9 300   M    M  10 12     10 310
16   M   M   M   M   M   M    T    M    0  2.2  7 310   M    M   9 12      M  M
17  37  29  33   3  32   0    T    M    0  1.3  8 290   M    M  10 12     10 300
18  49  31  40  10  25   0    T    M    0  6.6 14 150   M    M   6        21 180
19  47  33  40  10  25   0    T    M    0  6.3 15 190   M    M   7        21 180
20  48  39  44  14  21   0 0.24    M    0 15.3 30 180   M    M  10 1      37 170
================================================================================
SM  845  548       534   0  0.85     0.0 119.6          M      129
================================================================================
AV 44.5 28.8                               6.0 FASTST   M    M   6    MAX(MPH)
                                 MISC ---->  # 45 170               # 60  170
================================================================================
NOTES:
# LAST OF SEVERAL OCCURRENCES

COLUMN 17 PEAK WIND IN M.P.H.

PRELIMINARY LOCAL CLIMATOLOGICAL DATA (WS FORM: F-6) , PAGE 2

                                          STATION:  REDMOND OR
                                          MONTH:    DECEMBER
                                          YEAR:     2014
                                          LATITUDE:   44 16 N
                                          LONGITUDE: 121  9 W

[TEMPERATURE DATA]      [PRECIPITATION DATA]       SYMBOLS USED IN COLUMN 16

AVERAGE MONTHLY: 36.7   TOTAL FOR MONTH:   0.85    1 = FOG OR MIST
DPTR FM NORMAL:   5.9   DPTR FM NORMAL:    0.07    2 = FOG REDUCING VISIBILITY
HIGHEST:    60 ON 10    GRTST 24HR  0.24 ON 20-20      TO 1/4 MILE OR LESS
LOWEST:     14 ON  1                               3 = THUNDER
                        SNOW, ICE PELLETS, HAIL    4 = ICE PELLETS
                        TOTAL MONTH:   0.0 INCH    5 = HAIL
                        GRTST 24HR     0.0         6 = FREEZING RAIN OR DRIZZLE
                        GRTST DEPTH:   0           7 = DUSTSTORM OR SANDSTORM:
                                                       VSBY 1/2 MILE OR LESS
                                                   8 = SMOKE OR HAZE
[NO. OF DAYS WITH]      [WEATHER - DAYS WITH]      9 = BLOWING SNOW
                                                   X = TORNADO
MAX 32 OR BELOW:   3    0.01 INCH OR MORE:   9
MAX 90 OR ABOVE:   0    0.10 INCH OR MORE:   3
MIN 32 OR BELOW:  14    0.50 INCH OR MORE:   0
MIN  0 OR BELOW:   0    1.00 INCH OR MORE:   0

[HDD (BASE 65) ]
TOTAL THIS MO.   534    CLEAR  (SCALE 0-3)   5
DPTR FM NORMAL  -152    PTCLDY (SCALE 4-7)   7
TOTAL FM JUL 1  2121    CLOUDY (SCALE 8-10)  8
DPTR FM NORMAL  -339

[CDD (BASE 65) ]
TOTAL THIS MO.     0
DPTR FM NORMAL     0    [PRESSURE DATA]
TOTAL FM JAN 1   311    HIGHEST SLP M ON M
DPTR FM NORMAL    89    LOWEST  SLP 29.28 ON 11

[REMARKS]
