000
CXUS56 KBOI 301002
CF6REO
PRELIMINARY LOCAL CLIMATOLOGICAL DATA (WS FORM: F-6)

                                          STATION:   ROME OR
                                          MONTH:     MAY
                                          YEAR:      2016
                                          LATITUDE:   42 35 N
                                          LONGITUDE: 117 52 W

  TEMPERATURE IN F:       :PCPN:    SNOW:  WIND      :SUNSHINE: SKY     :PK WND
================================================================================
1   2   3   4   5  6A  6B    7    8   9   10  11  12  13   14  15   16   17  18
                                     12Z  AVG MX 2MIN
DY MAX MIN AVG DEP HDD CDD  WTR  SNW DPTH SPD SPD DIR MIN PSBL S-S WX    SPD DR
================================================================================

 1  70  30  50   0  15   0 0.00    M    M  8.6 22  60   M    M   0        30  40
 2  74  31  53   3  12   0 0.00    M    M  5.0 13 130   M    M   0        17  80
 3  80  34  57   7   8   0 0.00    M    M  6.9 18 150   M    M   0        26 160
 4  79  53  66  15   0   1 0.00    M    M  6.2 18  50   M    M   0        26  40
 5  76  44  60   9   5   0 0.04    M    M  8.6 33 210   M    M   0        42 220
 6  69  40  55   4  10   0 0.17    M    M  7.5 24  80   M    M   0        32  80
 7  75  47  61  10   4   0 0.46    M    M  6.6 16 310   M    M   0        19  50
 8  78  48  63  11   2   0 0.11    M    M  7.4 20 300   M    M   0        29 280
 9  64  33  49  -3  16   0 0.00    M    M 11.0 26 360   M    M   0        34 290
10  65  32  49  -3  16   0 0.00    M    M  8.4 18 350   M    M   0        27 350
11  72  29  51  -1  14   0 0.00    M    M  6.0 15 150   M    M   0        18 150
12  84  47  66  13   0   1 0.00    M    M  9.4 23 190   M    M   0        29 210
13  87  48  68  15   0   3 0.00    M    M  4.8 14 240   M    M   0        18 230
14  81  50  66  13   0   1 0.00    M    M 11.7 38 210   M    M   0        45 200
15  65  46  56   3   9   0 0.10    M    M  9.8 23 250   M    M   0        29 250
16  67  44  56   2   9   0 0.02    M    M  6.1 21 350   M    M   0        26 340
17  77  35  56   2   9   0 0.00    M    M  5.5 15 330   M    M   0        19 320
18  82  42  62   8   3   0 0.00    M    M  6.7 16 260   M    M   0        22 270
19  69  50  60   6   5   0 0.00    M    M 10.8 22 310   M    M   0        29 310
20  57  36  47  -8  18   0 0.46    M    M 10.4 22  50   M    M   0        27 250
21  54  36  45 -10  20   0 0.00    M    M 16.0 29 210   M    M   0        38 220
22  61  37  49  -6  16   0 0.03    M    M  9.8 26 180   M    M   0        33 180
23  67  34  51  -4  14   0 0.00    M    M  6.6 16  30   M    M   0        26 360
24  69  44  57   1   8   0 0.00    M    M  7.2 25 290   M    M   0        31 290
25  68  44  56   0   9   0 0.00    M    M  5.8 16 310   M    M   0        21 310
26  73  42  58   2   7   0 0.00    M    M  5.6 16  20   M    M   0        19  20
27  69  39  54  -2  11   0 0.00    M    M  5.7 20 320   M    M   0        26 320
28  74  32  53  -4  12   0 0.00    M    M  4.4 13 340   M    M   0        17  50
29  82  38  60   3   5   0 0.00    M    M  8.2 21 260   M    M   0        30 240
================================================================================
SM 2088 1165       257   6  1.39    M    226.7          M        0
================================================================================
AV 72.0 40.2                               7.8 FASTST   M    M   0    MAX(MPH)
                                 MISC ---->  # 38 210               # 45  200
================================================================================
NOTES:
# LAST OF SEVERAL OCCURRENCES

COLUMN 17 PEAK WIND IN M.P.H.

PRELIMINARY LOCAL CLIMATOLOGICAL DATA (WS FORM: F-6) , PAGE 2

                                          STATION:  ROME OR
                                          MONTH:    MAY
                                          YEAR:     2016
                                          LATITUDE:   42 35 N
                                          LONGITUDE: 117 52 W

[TEMPERATURE DATA]      [PRECIPITATION DATA]       SYMBOLS USED IN COLUMN 16

AVERAGE MONTHLY: 56.1   TOTAL FOR MONTH:   1.39    1 = FOG OR MIST
DPTR FM NORMAL:   2.7   DPTR FM NORMAL:    0.05    2 = FOG REDUCING VISIBILITY
HIGHEST:    87 ON 13    GRTST 24HR  0.57 ON  7- 8      TO 1/4 MILE OR LESS
LOWEST:     29 ON 11                               3 = THUNDER
                        SNOW, ICE PELLETS, HAIL    4 = ICE PELLETS
                        TOTAL MONTH:    M          5 = HAIL
                        GRTST 24HR    M  ON   M    6 = FREEZING RAIN OR DRIZZLE
                        GRTST DEPTH:  M  ON   M    7 = DUSTSTORM OR SANDSTORM:
                                                       VSBY 1/2 MILE OR LESS
                                                   8 = SMOKE OR HAZE
[NO. OF DAYS WITH]      [WEATHER - DAYS WITH]      9 = BLOWING SNOW
                                                   X = TORNADO
MAX 32 OR BELOW:   0    0.01 INCH OR MORE:   8
MAX 90 OR ABOVE:   0    0.10 INCH OR MORE:   5
MIN 32 OR BELOW:   5    0.50 INCH OR MORE:   0
MIN  0 OR BELOW:   0    1.00 INCH OR MORE:   0

[HDD (BASE 65) ]
TOTAL THIS MO.   257    CLEAR  (SCALE 0-3)  29
DPTR FM NORMAL   -89    PTCLDY (SCALE 4-7)   0
TOTAL FM JUL 1  5356    CLOUDY (SCALE 8-10)  0
DPTR FM NORMAL -1084

[CDD (BASE 65) ]
TOTAL THIS MO.     6
DPTR FM NORMAL     3    [PRESSURE DATA]
TOTAL FM JAN 1     6    HIGHEST SLP M ON M
DPTR FM NORMAL     3    LOWEST  SLP 29.53 ON  8

[REMARKS]
