000
CXUS56 KBOI 261002
CF6REO
PRELIMINARY LOCAL CLIMATOLOGICAL DATA (WS FORM: F-6)

                                          STATION:   ROME OR
                                          MONTH:     AUGUST
                                          YEAR:      2016
                                          LATITUDE:   42 35 N
                                          LONGITUDE: 117 52 W

  TEMPERATURE IN F:       :PCPN:    SNOW:  WIND      :SUNSHINE: SKY     :PK WND
================================================================================
1   2   3   4   5  6A  6B    7    8   9   10  11  12  13   14  15   16   17  18
                                     12Z  AVG MX 2MIN
DY MAX MIN AVG DEP HDD CDD  WTR  SNW DPTH SPD SPD DIR MIN PSBL S-S WX    SPD DR
================================================================================

 1  98  50  74   2   0   9 0.00    M    M  6.0 17 260   M    M   0        23 270
 2  98  56  77   5   0  12 0.00    M    M 11.0 31 250   M    M   0        38 250
 3  87  52  70  -2   0   5 0.00    M    M  7.2 16  30   M    M   0        20  30
 4  94  46  70  -2   0   5 0.00    M    M  7.6 16  40   M    M   0        24  10
 5  96  54  75   3   0  10 0.00    M    M  6.9 20 300   M    M   0        25  60
 6  93  57  75   3   0  10 0.00    M    M  6.8 16 340   M    M   0        21 350
 7  90  57  74   2   0   9 0.00    M    M 10.4 23 220   M    M   0        31 220
 8  86  56  71  -1   0   6 0.00    M    M  8.6 21 250   M    M   0        26 250
 9  79  46  63  -8   2   0 0.00    M    M  6.6 20  20   M    M   0        24  20
10  84  48  66  -5   0   1 0.00    M    M  6.2 16 300   M    M   0        19 300
11  92  47  70  -1   0   5 0.00    M    M  4.8 18 270   M    M   0        26 270
12  96  49  73   2   0   8 0.00    M    M  6.2 17 290   M    M   0        22 280
13  99  51  75   4   0  10 0.00    M    M  5.8 18 260   M    M   0        26 220
14 100  54  77   6   0  12 0.00    M    M  7.7 33 240   M    M   0        43 240
15  98  55  77   7   0  12 0.00    M    M  5.8 12  60   M    M   0        17  10
16 100  56  78   8   0  13 0.00    M    M  7.5 20 250   M    M   0        27  40
17  98  59  79   9   0  14 0.00    M    M  6.8 29  90   M    M   0        35  80
18  97  55  76   6   0  11 0.00    M    M  7.1 16 330   M    M   0        20 350
19  96  50  73   3   0   8 0.00    M    M  7.3 17  30   M    M   0        23 320
20  97  50  74   5   0   9 0.00    M    M  5.7 15 340   M    M   0        25 350
21  98  52  75   6   0  10 0.00    M    M  7.3 20 280   M    M   0        26 300
22  92  53  73   4   0   8 0.00    M    M  8.6 26 240   M    M   0        36 270
23  85  40  63  -6   2   0 0.00    M    M  5.2 17 330   M    M   0        22 330
24  84  43  64  -4   1   0 0.00    M    M  7.4 18 360   M    M   0        24 350
25  84  42  63  -5   2   0 0.00    M    M  6.0 14  30   M    M   0        19 340
================================================================================
SM 2321 1278         7 187  0.00    M    176.5          M        0
================================================================================
AV 92.8 51.1                               7.1 FASTST   M    M   0    MAX(MPH)
                                 MISC ---->  # 33 240               # 43  240
================================================================================
NOTES:
# LAST OF SEVERAL OCCURRENCES

COLUMN 17 PEAK WIND IN M.P.H.

PRELIMINARY LOCAL CLIMATOLOGICAL DATA (WS FORM: F-6) , PAGE 2

                                          STATION:  ROME OR
                                          MONTH:    AUGUST
                                          YEAR:     2016
                                          LATITUDE:   42 35 N
                                          LONGITUDE: 117 52 W

[TEMPERATURE DATA]      [PRECIPITATION DATA]       SYMBOLS USED IN COLUMN 16

AVERAGE MONTHLY: 72.0   TOTAL FOR MONTH:   0.00    1 = FOG OR MIST
DPTR FM NORMAL:   1.4   DPTR FM NORMAL:   -0.29    2 = FOG REDUCING VISIBILITY
HIGHEST:   100 ON 16,14 GRTST 24HR  0.00 ON 25-25      TO 1/4 MILE OR LESS
LOWEST:     40 ON 23                               3 = THUNDER
                        SNOW, ICE PELLETS, HAIL    4 = ICE PELLETS
                        TOTAL MONTH:    M          5 = HAIL
                        GRTST 24HR    M  ON   M    6 = FREEZING RAIN OR DRIZZLE
                        GRTST DEPTH:  M  ON   M    7 = DUSTSTORM OR SANDSTORM:
                                                       VSBY 1/2 MILE OR LESS
                                                   8 = SMOKE OR HAZE
[NO. OF DAYS WITH]      [WEATHER - DAYS WITH]      9 = BLOWING SNOW
                                                   X = TORNADO
MAX 32 OR BELOW:   0    0.01 INCH OR MORE:   0
MAX 90 OR ABOVE:  18    0.10 INCH OR MORE:   0
MIN 32 OR BELOW:   0    0.50 INCH OR MORE:   0
MIN  0 OR BELOW:   0    1.00 INCH OR MORE:   0

[HDD (BASE 65) ]
TOTAL THIS MO.     7    CLEAR  (SCALE 0-3)  25
DPTR FM NORMAL   -10    PTCLDY (SCALE 4-7)   0
TOTAL FM JUL 1    21    CLOUDY (SCALE 8-10)  0
DPTR FM NORMAL   -10

[CDD (BASE 65) ]
TOTAL THIS MO.   187
DPTR FM NORMAL    34    [PRESSURE DATA]
TOTAL FM JAN 1   617    HIGHEST SLP M ON M
DPTR FM NORMAL   177    LOWEST  SLP 29.60 ON  7

[REMARKS]
