000
CXUS53 KLOT 280800
CF6RFD
PRELIMINARY LOCAL CLIMATOLOGICAL DATA (WS FORM: F-6)
STATION: ROCKFORD IL
MONTH: MARCH
YEAR: 2024
LATITUDE: 42 12 N
LONGITUDE: 89 6 W
TEMPERATURE IN F: :PCPN: SNOW: WIND :SUNSHINE: SKY :PK WND
================================================================================
1 2 3 4 5 6A 6B 7 8 9 10 11 12 13 14 15 16 17 18
12Z AVG MX 2MIN
DY MAX MIN AVG DEP HDD CDD WTR SNW DPTH SPD SPD DIR MIN PSBL S-S WX SPD DR
================================================================================
1 47 28 38 7 27 0 0.00 0.0 0 9.9 17 150 M M 7 25 160
2 62 29 46 15 19 0 0.00 0.0 0 9.5 20 180 M M 2 26 160
3 75 42 59 27 6 0 0.00 0.0 0 16.9 32 160 M M 5 50 150
4 75 36 56 24 9 0 0.14 0.0 0 10.4 30 180 M M 7 13 43 170
5 55 37 46 13 19 0 0.24 0.0 0 10.1 18 10 M M 7 13 27 10
6 56 34 45 12 20 0 0.00 0.0 0 7.7 16 60 M M 4 24 40
7 49 33 41 7 24 0 0.00 0.0 0 6.1 13 130 M M 8 18 130
8 45 39 42 8 23 0 0.46 0.0 0 10.1 22 350 M M 10 18 29 340
9 44 32 38 4 27 0 T 0.0 0 12.3 22 280 M M 4 29 310
10 49 27 38 3 27 0 0.00 0.0 0 9.5 20 310 M M 0 24 320
11 71 25 48 13 17 0 0.00 0.0 0 12.8 25 210 M M 2 40 200
12 71 44 58 22 7 0 0.00 0.0 0 10.3 24 210 M M 8 33 240
13 73 37 55 19 10 0 0.00 0.0 0 5.4 13 60 M M 7 23 60
14 53 39 46 9 19 0 0.38 0.0 0 10.8 23 10 M M 9 13 34 350
15 57 36 47 10 18 0 0.00 0.0 0 7.5 15 320 M M 4 24 320
16 58 37 48 11 17 0 0.00 0.0 0 16.6 32 290 M M 5 42 290
17 39 28 34 -4 31 0 T T 0 15.2 23 300 M M 7 31 310
18 39 23 31 -7 34 0 0.00 0.0 0 11.2 18 330 M M 5 26 350
19 61 27 44 5 21 0 0.00 0.0 0 16.5 30 270 M M 6 42 290
20 44 27 36 -3 29 0 0.00 0.0 0 11.5 23 310 M M 2 32 320
21 41 28 35 -4 30 0 0.00 0.0 0 5.3 10 100 M M 10 17 100
22 36 30 33 -7 32 0 0.60 5.6 1 8.9 18 350 M M 10 125 24 340
23 37 22 30 -10 35 0 0.00 0.0 5 6.6 14 360 M M 4 19 10
24 47 31 39 -2 26 0 T T 1 9.0 17 130 M M 10 1 30 100
25 56 45 51 10 14 0 1.68 0.0 0 10.4 21 150 M M 10 1 32 150
26 52 30 41 0 24 0 0.27 0.0 0 18.5 30 200 M M 10 1 46 180
27 43 28 36 -6 29 0 T T 0 13.1 24 230 M M 7 32 270
================================================================================
SM 1435 874 594 0 3.77 5.6 292.1 M 170
================================================================================
AV 53.1 32.4 10.8 FASTST M M 6 MAX(MPH)
MISC ----> # 32 160 50 150
================================================================================
NOTES:
# LAST OF SEVERAL OCCURRENCES
COLUMN 17 PEAK WIND IN M.P.H.
PRELIMINARY LOCAL CLIMATOLOGICAL DATA (WS FORM: F-6) , PAGE 2
STATION: ROCKFORD IL
MONTH: MARCH
YEAR: 2024
LATITUDE: 42 12 N
LONGITUDE: 89 6 W
[TEMPERATURE DATA] [PRECIPITATION DATA] SYMBOLS USED IN COLUMN 16
AVERAGE MONTHLY: 42.8 TOTAL FOR MONTH: 3.77 1 = FOG OR MIST
DPTR FM NORMAL: 6.3 DPTR FM NORMAL: 1.74 2 = FOG REDUCING VISIBILITY
HIGHEST: 75 ON 4, 3 GRTST 24HR 1.93 ON 25-26 TO 1/4 MILE OR LESS
LOWEST: 22 ON 23 3 = THUNDER
SNOW, ICE PELLETS, HAIL 4 = ICE PELLETS
TOTAL MONTH: 5.6 INCHES 5 = HAIL
GRTST 24HR 5.6 ON 22-22 6 = FREEZING RAIN OR DRIZZLE
GRTST DEPTH: 5 ON 23 7 = DUSTSTORM OR SANDSTORM:
VSBY 1/2 MILE OR LESS
8 = SMOKE OR HAZE
[NO. OF DAYS WITH] [WEATHER - DAYS WITH] 9 = BLOWING SNOW
X = TORNADO
MAX 32 OR BELOW: 0 0.01 INCH OR MORE: 7
MAX 90 OR ABOVE: 0 0.10 INCH OR MORE: 7
MIN 32 OR BELOW: 15 0.50 INCH OR MORE: 2
MIN 0 OR BELOW: 0 1.00 INCH OR MORE: 1
[HDD (BASE 65) ]
TOTAL THIS MO. 594 CLEAR (SCALE 0-3) 4
DPTR FM NORMAL -176 PTCLDY (SCALE 4-7) 16
TOTAL FM JUL 1 4768 CLOUDY (SCALE 8-10) 7
DPTR FM NORMAL -930
[CDD (BASE 65) ]
TOTAL THIS MO. 0
DPTR FM NORMAL 0 [PRESSURE DATA]
TOTAL FM JAN 1 0 HIGHEST SLP M ON M
DPTR FM NORMAL 0 LOWEST SLP 29.36 ON 26
[REMARKS]