000
CXUS53 KMPX 011000
CF6RGK
PRELIMINARY LOCAL CLIMATOLOGICAL DATA (WS FORM: F-6)

                                          STATION:   RED_WING MN
                                          MONTH:     AUGUST
                                          YEAR:      2015
                                          LATITUDE:   44 34 N
                                          LONGITUDE:  92 29 W

  TEMPERATURE IN F:       :PCPN:    SNOW:  WIND      :SUNSHINE: SKY     :PK WND
================================================================================
1   2   3   4   5  6A  6B    7    8   9   10  11  12  13   14  15   16   17  18
                                     12Z  AVG MX 2MIN
DY MAX MIN AVG DEP HDD CDD  WTR  SNW DPTH SPD SPD DIR MIN PSBL S-S WX    SPD DR
================================================================================

 1  88  61  75   M   0  10 0.00    M    M  3.4 12 260   M    M   1        18 260
 2  88  61  75   M   0  10 0.00    M    M  9.0 22 280   M    M   1        30 280
 3  81  54  68   M   0   3 0.00    M    M  4.4 10 300   M    M   1        22 310
 4  82  52  67   M   0   2 0.00    M    M  3.2 12 280   M    M   2        17 280
 5  82  55  69   M   0   4 0.00    M    M  2.4  6 100   M    M   1         M  M
 6  79  57  68   M   0   3 0.16    M    M  5.8 18 190   M    M   5 3      25 190
 7  82  64  73   M   0   8 0.26    M    M  6.8 13 290   M    M   6 3      17 160
 8  79  61  70   M   0   5 0.00    M    M  6.0 10 120   M    M   4         M  M
 9  84  66  75   M   0  10 0.00    M    M  2.6 10  40   M    M   3        16  40
10  82  64  73   M   0   8 0.00    M    M  4.2 10 320   M    M   2 1      16 320
11  81  55  68   M   0   3 0.00    M    M  2.7 12 340   M    M   1        16 340
12  86  55  71   M   0   6 0.00    M    M  3.8 13 240   M    M   0        17 240
13  86  72  79   M   0  14 0.00    M    M  7.0 15 280   M    M   1        22 280
14  93  66  80   M   0  15 0.00    M    M  4.2  9 270   M    M   0 1       M  M
15  90  66  78   M   0  13 0.00    M    M  4.7 12 210   M    M   0         M  M
16  88  72  80   M   0  15 0.38    M    M  5.7 15 240   M    M   3        18 240
17  73  64  69   M   0   4 0.13    M    M  2.9  8  30   M    M   8         M  M
18  68  63  66   M   0   1 3.30    M    M  3.4 10  90   M    M  10         M  M
19  66  57  62   M   3   0 0.04    M    M  7.9 13 310   M    M  10 1      21 300
20  75  54  65   M   0   0 0.04    M    M  8.2 17 280   M    M   4        24 300
21  82  54  68   M   0   3 0.00    M    M  6.1 15 200   M    M   6        22 200
22  82  63  73   M   0   8 0.63    M    M 12.1 20 290   M    M   5 3      29 160
23  70  55  63   M   2   0 0.11    M    M 13.5 25 280   M    M   8 3      32 280
24  64  54  59   M   6   0 0.00    M    M  9.4 18 320   M    M   7        30 320
25  75  52  64   M   1   0 0.00    M    M  6.6 14 340   M    M   2        20 330
26  75  46  61   M   4   0 0.00  0.0    0  1.1  6 300   M    M   0         M  M
27  77  52  65   M   0   0 0.00    M    M  4.7 10 190   M    M   3         M  M
28  72  57  65   M   0   0 0.03    M    M  6.1 13 140   M    M   4         M  M
29  73  55  64   M   1   0 0.00    M    M  2.9  7  70   M    M   4 1       M  M
30  79  61  70   M   0   5 0.00    M    M  5.3 12 180   M    M   3 1       M  M
31  86  63  75   M   0  10 0.00    M    M  5.3 10 210   M    M   5 1      17 200
================================================================================
SM 2468 1831        17 160  5.08     0.0 171.4          M      110
================================================================================
AV 79.6 59.1                               5.5 FASTST   M    M   4    MAX(MPH)
                                 MISC ---->    25   M                 32    M
================================================================================
NOTES:
# LAST OF SEVERAL OCCURRENCES

COLUMN 17 PEAK WIND IN M.P.H.

PRELIMINARY LOCAL CLIMATOLOGICAL DATA (WS FORM: F-6) , PAGE 2

                                          STATION:  RED_WING MN
                                          MONTH:    AUGUST
                                          YEAR:     2015
                                          LATITUDE:   44 34 N
                                          LONGITUDE:  92 29 W

[TEMPERATURE DATA]      [PRECIPITATION DATA]       SYMBOLS USED IN COLUMN 16

AVERAGE MONTHLY: 69.3   TOTAL FOR MONTH:   5.08    1 = FOG OR MIST
DPTR FM NORMAL:     M   DPTR FM NORMAL:       M    2 = FOG REDUCING VISIBILITY
HIGHEST:    93 ON 14    GRTST 24HR  3.30 ON 18-18      TO 1/4 MILE OR LESS
LOWEST:     46 ON 26                               3 = THUNDER
                        SNOW, ICE PELLETS, HAIL    4 = ICE PELLETS
                        TOTAL MONTH:   0.0 INCH    5 = HAIL
                        GRTST 24HR     0.0         6 = FREEZING RAIN OR DRIZZLE
                        GRTST DEPTH:   0           7 = DUSTSTORM OR SANDSTORM:
                                                       VSBY 1/2 MILE OR LESS
                                                   8 = SMOKE OR HAZE
[NO. OF DAYS WITH]      [WEATHER - DAYS WITH]      9 = BLOWING SNOW
                                                   X = TORNADO
MAX 32 OR BELOW:   0    0.01 INCH OR MORE:  10
MAX 90 OR ABOVE:   2    0.10 INCH OR MORE:   7
MIN 32 OR BELOW:   0    0.50 INCH OR MORE:   2
MIN  0 OR BELOW:   0    1.00 INCH OR MORE:   1

[HDD (BASE 65) ]
TOTAL THIS MO.    17    CLEAR  (SCALE 0-3)  15
DPTR FM NORMAL     M    PTCLDY (SCALE 4-7)  14
TOTAL FM JUL 1    23    CLOUDY (SCALE 8-10)  2
DPTR FM NORMAL     M

[CDD (BASE 65) ]
TOTAL THIS MO.   160
DPTR FM NORMAL     M    [PRESSURE DATA]
TOTAL FM JAN 1   548    HIGHEST SLP M ON M
DPTR FM NORMAL     M    LOWEST  SLP M ON M

[REMARKS]
#FINAL-08-15#
