000
CXUS53 KGRB 270645
CF6RHI
PRELIMINARY LOCAL CLIMATOLOGICAL DATA (WS FORM: F-6)

                                          STATION:   RHINELANDER WI
                                          MONTH:     MARCH
                                          YEAR:      2015
                                          LATITUDE:   45 37 N
                                          LONGITUDE:  89 27 W

  TEMPERATURE IN F:       :PCPN:    SNOW:  WIND      :SUNSHINE: SKY     :PK WND
================================================================================
1   2   3   4   5  6A  6B    7    8   9   10  11  12  13   14  15   16   17  18
                                     12Z  AVG MX 2MIN
DY MAX MIN AVG DEP HDD CDD  WTR  SNW DPTH SPD SPD DIR MIN PSBL S-S WX    SPD DR
================================================================================

 1  19   7  13  -8  52   0    T    T   17 11.2 20 260   M    M   7 8      24 280
 2  26   6  16  -5  49   0    T    T   17  7.4 16 300   M    M   4        25 300
 3  26  11  19  -3  46   0 0.13  2.5   19 10.2 21 280   M    M   9 128    30 310
 4  11 -13  -1 -23  66   0 0.00  0.0   19 10.8 24 260   M    M   3        33 280
 5  12 -20  -4 -26  69   0 0.00  0.0   19  7.3 15 260   M    M   0 8      19 260
 6  29  -2  14  -9  51   0 0.00  0.0   18 10.8 20 270   M    M   2        28 210
 7  35  11  23   0  42   0    T    T   17  7.3 21 320   M    M   7 1      29 310
 8  39  11  25   1  40   0 0.00  0.0   16  9.4 24 270   M    M   6        29 270
 9  48  20  34  10  31   0 0.00  0.0   14  8.7 16 240   M    M   5        33 220
10  55  33  44  20  21   0 0.00  0.0   11 11.0 25 270   M    M   0        33 280
11  48  23  36  11  29   0 0.00  0.0   10  6.5 16 330   M    M   2        23 300
12  52  30  41  16  24   0 0.00  0.0    9 10.0 20 190   M    M   0        26 180
13  58  40  49  23  16   0 0.00  0.0    5 10.0 16 270   M    M   5 18     22 320
14  43  23  33   7  32   0 0.00  0.0    3  8.0 21 330   M    M   8 1      29 330
15  57  22  40  14  25   0 0.00  0.0    T  7.6 25 210   M    M   1 1      33 200
16  53  30  42  15  23   0 0.16  0.0    T  5.9 17 360   M    M   7 1      28 330
17  37  24  31   4  34   0 0.00  0.0    T 10.5 25 300   M    M   0        34 310
18  43  22  33   5  32   0 0.00  0.0    T  6.0 16 290   M    M   0        26 280
19  45  25  35   7  30   0 0.00  0.0    0  6.8 16 190   M    M   5        22 200
20  51  33  42  13  23   0 0.05    T    0 10.0 18 270   M    M   9 1      25 260
21  35  20  28  -1  37   0 0.00  0.0    0  7.0 17 270   M    M   3        25 300
22  36  18  27  -3  38   0 0.00  0.0    0  4.4 13  70   M    M   1        16  80
23  40  22  31   1  34   0 0.00  0.0    0  6.2 12  80   M    M   1        15  80
24  45  16  31   0  34   0 0.00  0.0    0  8.0 17 130   M    M   0        27 180
25  35  26  31   0  34   0 0.31  3.8    3 13.1 26 260   M    M  10 1      38 260
26  31   4  18 -14  47   0    T    T    3  9.8 21 280   M    M   9        27 270
================================================================================
SM 1009  442       959   0  0.65     6.3 223.9          M      104
================================================================================
AV 38.8 17.0                               8.6 FASTST   M    M   4    MAX(MPH)
                                 MISC ---->  # 26 260               # 38  260
================================================================================
NOTES:
# LAST OF SEVERAL OCCURRENCES

COLUMN 17 PEAK WIND IN M.P.H.

PRELIMINARY LOCAL CLIMATOLOGICAL DATA (WS FORM: F-6) , PAGE 2

                                          STATION:  RHINELANDER WI
                                          MONTH:    MARCH
                                          YEAR:     2015
                                          LATITUDE:   45 37 N
                                          LONGITUDE:  89 27 W

[TEMPERATURE DATA]      [PRECIPITATION DATA]       SYMBOLS USED IN COLUMN 16

AVERAGE MONTHLY: 27.9   TOTAL FOR MONTH:   0.65    1 = FOG OR MIST
DPTR FM NORMAL:   1.9   DPTR FM NORMAL:   -0.62    2 = FOG REDUCING VISIBILITY
HIGHEST:    58 ON 13    GRTST 24HR  0.31 ON 25-25      TO 1/4 MILE OR LESS
LOWEST:    -20 ON  5                               3 = THUNDER
                        SNOW, ICE PELLETS, HAIL    4 = ICE PELLETS
                        TOTAL MONTH:   6.3 INCHES  5 = HAIL
                        GRTST 24HR   3.8 ON   M    6 = FREEZING RAIN OR DRIZZLE
                        GRTST DEPTH:  19 ON  5, 4  7 = DUSTSTORM OR SANDSTORM:
                                                       VSBY 1/2 MILE OR LESS
                                                   8 = SMOKE OR HAZE
[NO. OF DAYS WITH]      [WEATHER - DAYS WITH]      9 = BLOWING SNOW
                                                   X = TORNADO
MAX 32 OR BELOW:   7    0.01 INCH OR MORE:   4
MAX 90 OR ABOVE:   0    0.10 INCH OR MORE:   3
MIN 32 OR BELOW:  23    0.50 INCH OR MORE:   0
MIN  0 OR BELOW:   3    1.00 INCH OR MORE:   0

[HDD (BASE 65) ]
TOTAL THIS MO.   959    CLEAR  (SCALE 0-3)  13
DPTR FM NORMAL   -54    PTCLDY (SCALE 4-7)   9
TOTAL FM JUL 1  8300    CLOUDY (SCALE 8-10)  4
DPTR FM NORMAL   665

[CDD (BASE 65) ]
TOTAL THIS MO.     0
DPTR FM NORMAL     0    [PRESSURE DATA]
TOTAL FM JAN 1     0    HIGHEST SLP M ON M
DPTR FM NORMAL     0    LOWEST  SLP 29.57 ON  3

[REMARKS]
SNOWFALL AND PRECIPITATION AMOUNTS, AND SNOWDEPTH DURING
MIXED OR ALL SNOW EVENTS PROVIDED BY WJFW-TV.
