000
CXUS54 KCRP 311300
CF6RKP
PRELIMINARY LOCAL CLIMATOLOGICAL DATA (WS FORM: F-6)

                                          STATION:   ROCKPORT
                                          MONTH:     AUGUST
                                          YEAR:      2015
                                          LATITUDE:   28  4 N
                                          LONGITUDE:  97  3 W

  TEMPERATURE IN F:       :PCPN:    SNOW:  WIND      :SUNSHINE: SKY     :PK WND
================================================================================
1   2   3   4   5  6A  6B    7    8   9   10  11  12  13   14  15   16   17  18
                                     12Z  AVG MX 2MIN
DY MAX MIN AVG DEP HDD CDD  WTR  SNW DPTH SPD SPD DIR MIN PSBL S-S WX    SPD DR
================================================================================

 1  97  74  86   0   0  21 0.00  0.0    0  7.3 16 130   M    M   0        20 140
 2  95  77  86   0   0  21 0.00  0.0    0  8.1 16 130   M    M   2 1      22 120
 3  93  75  84  -2   0  19 0.00  0.0    0  8.7 18 140   M    M   1 18     23 130
 4  93  82  88   2   0  23    T  0.0    0 10.9 20 130   M    M   4        33 210
 5  93  83  88   2   0  23 0.00  0.0    0 11.8 18 150   M    M   4        25 130
 6  93  83  88   2   0  23 0.00  0.0    0 11.9 21 150   M    M   3        28 150
 7  93  82  88   2   0  23 0.00  0.0    0 11.7 20 140   M    M   5        26 140
 8  93  83  88   2   0  23 0.00  0.0    0 12.5 21 140   M    M   4        27 130
 9  93  81  87   1   0  22 0.00  0.0    0  9.9 18 140   M    M   2        23 130
10  92  76  84  -2   0  19 0.00  0.0    0  7.3 16 140   M    M   1 1      20 130
11  95  77  86   0   0  21 0.00  0.0    0  6.7 15 140   M    M   0        19 150
12  97  80  89   3   0  24 0.00  0.0    0  6.9 16 140   M    M   0        19 150
13  95  81  88   2   0  23 0.00  0.0    0  7.3 17 140   M    M   2        23 150
14  96  78  87   1   0  22 0.00  0.0    0  7.2 16 140   M    M   1        22 130
15  96  78  87   1   0  22 0.00  0.0    0  8.2 16 140   M    M   1        22 150
16  92  74  83  -3   0  18 0.75  0.0    0  8.2 18 120   M    M   2 13     22 120
17  93  76  85  -1   0  20    T  0.0    0  8.4 20 140   M    M   1 3      25 150
18  92  81  87   1   0  22    T  0.0    0 11.3 21 150   M    M   2        27 140
19  93  83  88   2   0  23 0.00  0.0    0 12.7 21 140   M    M   3        28 140
20  91  75  83  -3   0  18 0.74  0.0    0  8.5 24 100   M    M   4 138    29 100
21  88  74  81  -5   0  16 1.52  0.0    0 11.5 23 170   M    M   3 138    33 170
22  92  83  88   2   0  23    T  0.0    0 10.8 20 140   M    M   2        25 140
23  93  83  88   2   0  23    T  0.0    0  9.0 16 140   M    M   2        20 140
24  94  79  87   1   0  22    T  0.0    0  5.8 14 130   M    M   1        17 120
25  94  76  85  -1   0  20    T  0.0    0  7.4 21 110   M    M   1 18     26 110
26  93  78  86   0   0  21    T  0.0    0  9.2 16 120   M    M   0        19 110
27  92  73  83  -2   0  18    T  0.0    0  6.4 13 120   M    M   0        15 150
28  91  71  81  -4   0  16 0.00  0.0    0  7.5 15 140   M    M   0        19 130
29  90  72  81  -4   0  16 0.00  0.0    0  8.0 16 130   M    M   1        19 120
30  92  72  82  -3   0  17 0.00  0.0    0  8.4 17 130   M    M   1        22 110
================================================================================
SM 2794 2340         0 622  3.01     0.0 269.5          M       53
================================================================================
AV 93.1 78.0                               9.0 FASTST   M    M   2    MAX(MPH)
                                 MISC ---->    24   M                 33    M
================================================================================
NOTES:
# LAST OF SEVERAL OCCURRENCES

COLUMN 17 PEAK WIND IN M.P.H.

PRELIMINARY LOCAL CLIMATOLOGICAL DATA (WS FORM: F-6) , PAGE 2

                                          STATION:  ROCKPORT
                                          MONTH:    AUGUST
                                          YEAR:     2015
                                          LATITUDE:   28  4 N
                                          LONGITUDE:  97  3 W

[TEMPERATURE DATA]      [PRECIPITATION DATA]       SYMBOLS USED IN COLUMN 16

AVERAGE MONTHLY: 85.6   TOTAL FOR MONTH:   3.01    1 = FOG OR MIST
DPTR FM NORMAL:  -0.3   DPTR FM NORMAL:    0.63    2 = FOG REDUCING VISIBILITY
HIGHEST:    97 ON 12, 1 GRTST 24HR  2.19 ON 20-21      TO 1/4 MILE OR LESS
LOWEST:     71 ON 28                               3 = THUNDER
                        SNOW, ICE PELLETS, HAIL    4 = ICE PELLETS
                        TOTAL MONTH:   0.0 INCH    5 = HAIL
                        GRTST 24HR     0.0         6 = FREEZING RAIN OR DRIZZLE
                        GRTST DEPTH:   0           7 = DUSTSTORM OR SANDSTORM:
                                                       VSBY 1/2 MILE OR LESS
                                                   8 = SMOKE OR HAZE
[NO. OF DAYS WITH]      [WEATHER - DAYS WITH]      9 = BLOWING SNOW
                                                   X = TORNADO
MAX 32 OR BELOW:   0    0.01 INCH OR MORE:   3
MAX 90 OR ABOVE:  29    0.10 INCH OR MORE:   3
MIN 32 OR BELOW:   0    0.50 INCH OR MORE:   3
MIN  0 OR BELOW:   0    1.00 INCH OR MORE:   1

[HDD (BASE 65) ]
TOTAL THIS MO.     0    CLEAR  (SCALE 0-3)  24
DPTR FM NORMAL     0    PTCLDY (SCALE 4-7)   6
TOTAL FM JUL 1     0    CLOUDY (SCALE 8-10)  0
DPTR FM NORMAL     0

[CDD (BASE 65) ]
TOTAL THIS MO.   622
DPTR FM NORMAL    -2    [PRESSURE DATA]
TOTAL FM JAN 1  2689    HIGHEST SLP M ON M
DPTR FM NORMAL    68    LOWEST  SLP 29.64 ON 18

[REMARKS]
