000
CXUS54 KCRP 221210
CF6RKP
PRELIMINARY LOCAL CLIMATOLOGICAL DATA (WS FORM: F-6)
STATION: ROCKPORT
MONTH: APRIL
YEAR: 2024
LATITUDE: 28 4 N
LONGITUDE: 97 3 W
TEMPERATURE IN F: :PCPN: SNOW: WIND :SUNSHINE: SKY :PK WND
================================================================================
1 2 3 4 5 6A 6B 7 8 9 10 11 12 13 14 15 16 17 18
12Z AVG MX 2MIN
DY MAX MIN AVG DEP HDD CDD WTR SNW DPTH SPD SPD DIR MIN PSBL S-S WX SPD DR
================================================================================
1 79 73 76 6 0 11 0.00 0.0 0 13.0 22 170 M M 8 18 35 170
2 88 63 76 6 0 11 T 0.0 0 14.9 25 350 M M 3 18 35 350
3 81 58 70 -1 0 5 0.00 0.0 0 8.1 16 330 M M 0 22 360
4 81 50 66 -5 0 1 0.00 0.0 0 7.4 16 140 M M 0 22 150
5 81 62 72 1 0 7 0.00 0.0 0 9.6 18 160 M M 0 30 180
6 78 70 74 3 0 9 0.00 0.0 0 13.6 21 140 M M 3 18 29 150
7 82 73 78 7 0 13 T 0.0 0 9.1 16 130 M M 5 18 21 130
8 76 72 74 2 0 9 0.01 0.0 0 11.8 20 150 M M 9 12 30 150
9 81 73 77 5 0 12 0.00 0.0 0 14.6 31 130 M M 8 138 44 130
10 78 62 70 -2 0 5 1.00 0.0 0 15.5 29 340 M M 3 13 42 330
11 88 60 74 2 0 9 0.00 0.0 0 8.9 18 340 M M 0 25 340
12 80 59 70 -2 0 5 0.00 0.0 0 9.3 17 130 M M 0 24 110
13 81 68 75 2 0 10 0.00 0.0 0 13.2 20 140 M M 2 29 140
14 82 71 77 4 0 12 0.00 0.0 0 13.2 21 140 M M 3 30 140
15 81 73 77 4 0 12 0.00 0.0 0 14.2 23 150 M M 7 18 34 130
16 83 74 79 6 0 14 0.00 0.0 0 13.0 21 130 M M 8 18 30 130
17 80 74 77 4 0 12 T 0.0 0 10.8 24 140 M M 9 18 34 130
18 83 75 79 5 0 14 0.00 0.0 0 11.1 21 140 M M 3 18 27 150
19 85 74 80 6 0 15 0.00 0.0 0 10.4 18 120 M M 4 18 25 120
20 84 66 75 1 0 10 0.02 0.0 0 12.3 24 360 M M 6 18 32 10
21 75 58 67 -7 0 2 0.01 0.0 0 15.3 24 10 M M 7 13 35 360
================================================================================
SM 1707 1408 0 198 1.04 0.0 249.3 M 88
================================================================================
AV 81.3 67.0 11.9 FASTST M M 4 MAX(MPH)
MISC ----> 31 130 44 130
================================================================================
NOTES:
# LAST OF SEVERAL OCCURRENCES
COLUMN 17 PEAK WIND IN M.P.H.
PRELIMINARY LOCAL CLIMATOLOGICAL DATA (WS FORM: F-6) , PAGE 2
STATION: ROCKPORT
MONTH: APRIL
YEAR: 2024
LATITUDE: 28 4 N
LONGITUDE: 97 3 W
[TEMPERATURE DATA] [PRECIPITATION DATA] SYMBOLS USED IN COLUMN 16
AVERAGE MONTHLY: 74.2 TOTAL FOR MONTH: 1.04 1 = FOG OR MIST
DPTR FM NORMAL: 2.0 DPTR FM NORMAL: 0.07 2 = FOG REDUCING VISIBILITY
HIGHEST: 88 ON 11, 2 GRTST 24HR 1.00 ON 10-10 TO 1/4 MILE OR LESS
LOWEST: 50 ON 4 3 = THUNDER
SNOW, ICE PELLETS, HAIL 4 = ICE PELLETS
TOTAL MONTH: 0.0 INCH 5 = HAIL
GRTST 24HR 0.0 6 = FREEZING RAIN OR DRIZZLE
GRTST DEPTH: 0 7 = DUSTSTORM OR SANDSTORM:
VSBY 1/2 MILE OR LESS
8 = SMOKE OR HAZE
[NO. OF DAYS WITH] [WEATHER - DAYS WITH] 9 = BLOWING SNOW
X = TORNADO
MAX 32 OR BELOW: 0 0.01 INCH OR MORE: 4
MAX 90 OR ABOVE: 0 0.10 INCH OR MORE: 1
MIN 32 OR BELOW: 0 0.50 INCH OR MORE: 1
MIN 0 OR BELOW: 0 1.00 INCH OR MORE: 1
[HDD (BASE 65) ]
TOTAL THIS MO. 0 CLEAR (SCALE 0-3) 10
DPTR FM NORMAL -10 PTCLDY (SCALE 4-7) 8
TOTAL FM JUL 1 680 CLOUDY (SCALE 8-10) 3
DPTR FM NORMAL -144
[CDD (BASE 65) ]
TOTAL THIS MO. 198
DPTR FM NORMAL 38 [PRESSURE DATA]
TOTAL FM JAN 1 426 HIGHEST SLP M ON M
DPTR FM NORMAL 70 LOWEST SLP 29.52 ON 9
[REMARKS]