000
CXUS51 KRNK 230918
CF6RNK

PRELIMINARY LOCAL CLIMATOLOGICAL DATA (WS FORM: F-6)

                                          STATION:   BLACKSBURG VA
                                          MONTH:     AUGUST
                                          YEAR:      2016
                                          LATITUDE:   37 13 N
                                          LONGITUDE:  80 25 W

  TEMPERATURE IN F:       :PCPN:    SNOW:  WIND      :SUNSHINE: SKY     :PK WND
================================================================================
1   2   3   4   5  6A  6B    7    8   9   10  11  12  13   14  15   16   17  18
                                     12Z  AVG MX 2MIN
DY MAX MIN AVG DEP HDD CDD  WTR  SNW DPTH SPD SPD DIR MIN PSBL S-S WX    SPD DR
================================================================================

 1  86  65  76   5   0  11 0.00  0.0    0  1.6  8 360   M    M   6 12      M  M
 2  83  67  75   4   0  10 1.08  0.0    0  1.9  7 110   M    M   8 1       M  M
 3  71  68  70  -1   0   5 0.95  0.0    0  4.2  9  80   M    M  10 1       M  M
 4  70  64  67  -4   0   2 0.42  0.0    0  5.1 10 110   M    M  10 1       M  M
 5  79  67  73   2   0   8 0.59  0.0    0  1.2  9 110   M    M   8 123     M  M
 6  87  65  76   5   0  11 0.01  0.0    0  2.6  7 290   M    M   7 1       M  M
 7  77  67  72   1   0   7    T  0.0    0  2.1  8 110   M    M   8 1       M  M
 8  70  65  68  -3   0   3 0.10  0.0    0  5.5 10  80   M    M  10 1       M  M
 9  82  64  73   2   0   8 0.43  0.0    0  5.0 12 110   M    M   9 1       M  M
10  85  67  76   5   0  11    T  0.0    0  3.5  9 170   M    M   5 1       M  M
11  87  66  77   7   0  12 0.00  0.0    0  2.7  9 170   M    M   2         M  M
12  87  67  77   7   0  12 0.00  0.0    0  2.4  9 180   M    M   3        16 210
13  87  68  78   8   0  13 0.01  0.0    0  1.7 12 170   M    M   3 1      17 200
14  88  67  78   8   0  13    T  0.0    0  1.5  9 250   M    M   3 12      M  M
15  88  67  78   8   0  13 0.04  0.0    0  2.2 12 100   M    M   5 12     16 130
16  87  67  77   7   0  12    T  0.0    0  3.2  9 220   M    M   4 123    17 210
17  87  65  76   6   0  11 0.13  0.0    0  0.7  7 320   M    M   2 13      M  M
18  81  67  74   4   0   9    T  0.0    0  2.3  7 280   M    M   6 1       M  M
19  78  67  73   3   0   8 0.15  0.0    0  0.6  6 110   M    M   8 1       M  M
20  83  64  74   4   0   9 0.09  0.0    0  1.4  9 110   M    M   8 12     17 220
21  76  59  68  -2   0   3 0.15  0.0    0  2.8  9 300   M    M   7 12      M  M
22  78  55  67  -3   0   2 0.00  0.0    0  2.7 10 320   M    M   3 1       M  M
================================================================================
SM 1797 1438         0 193  4.15     0.0  56.9          M      135
================================================================================
AV 81.7 65.4                               2.6 FASTST   M    M   6    MAX(MPH)
                                 MISC ---->  # 12 110               # 17  200
================================================================================
NOTES:
# LAST OF SEVERAL OCCURRENCES

COLUMN 17 PEAK WIND IN M.P.H.

PRELIMINARY LOCAL CLIMATOLOGICAL DATA (WS FORM: F-6) , PAGE 2

                                          STATION:  BLACKSBURG VA
                                          MONTH:    AUGUST
                                          YEAR:     2016
                                          LATITUDE:   37 13 N
                                          LONGITUDE:  80 25 W

[TEMPERATURE DATA]      [PRECIPITATION DATA]       SYMBOLS USED IN COLUMN 16

AVERAGE MONTHLY: 73.5   TOTAL FOR MONTH:   4.15    1 = FOG OR MIST
DPTR FM NORMAL:   3.1   DPTR FM NORMAL:    1.55    2 = FOG REDUCING VISIBILITY
HIGHEST:    88 ON 15,14 GRTST 24HR  1.08 ON  2- 2      TO 1/4 MILE OR LESS
LOWEST:     55 ON 22                               3 = THUNDER
                        SNOW, ICE PELLETS, HAIL    4 = ICE PELLETS
                        TOTAL MONTH:   0.0 INCH    5 = HAIL
                        GRTST 24HR     0.0         6 = FREEZING RAIN OR DRIZZLE
                        GRTST DEPTH:   0           7 = DUSTSTORM OR SANDSTORM:
                                                       VSBY 1/2 MILE OR LESS
                                                   8 = SMOKE OR HAZE
[NO. OF DAYS WITH]      [WEATHER - DAYS WITH]      9 = BLOWING SNOW
                                                   X = TORNADO
MAX 32 OR BELOW:   0    0.01 INCH OR MORE:  13
MAX 90 OR ABOVE:   0    0.10 INCH OR MORE:   9
MIN 32 OR BELOW:   0    0.50 INCH OR MORE:   3
MIN  0 OR BELOW:   0    1.00 INCH OR MORE:   1

[HDD (BASE 65) ]
TOTAL THIS MO.     0    CLEAR  (SCALE 0-3)   4
DPTR FM NORMAL     0    PTCLDY (SCALE 4-7)  11
TOTAL FM JUL 1     0    CLOUDY (SCALE 8-10)  7
DPTR FM NORMAL    -6

[CDD (BASE 65) ]
TOTAL THIS MO.   193
DPTR FM NORMAL    66    [PRESSURE DATA]
TOTAL FM JAN 1   696    HIGHEST SLP M ON M
DPTR FM NORMAL   225    LOWEST  SLP M ON M

[REMARKS]
