000
CXUS56 KFGZ 290900
CF6RQE
PRELIMINARY LOCAL CLIMATOLOGICAL DATA (WS FORM: F-6)

                                          STATION:   WINDOW ROCK AZ AIRPORT
                                          MONTH:     MAY
                                          YEAR:      2016
                                          LATITUDE:   35 39 N
                                          LONGITUDE: 109  4 W

  TEMPERATURE IN F:       :PCPN:    SNOW:  WIND      :SUNSHINE: SKY     :PK WND
================================================================================
1   2   3   4   5  6A  6B    7    8   9   10  11  12  13   14  15   16   17  18
                                     12Z  AVG MX 2MIN
DY MAX MIN AVG DEP HDD CDD  WTR  SNW DPTH SPD SPD DIR MIN PSBL S-S WX    SPD DR
================================================================================

 1  49  34  42  -8  23   0 0.61    M    M  5.1 17 200   M    M   6 1      24 120
 2  59  31  45  -6  20   0 0.00    M    M  3.9 18 350   M    M   5        23 350
 3  68  39  54   3  11   0 0.00    M    M  3.7 13 100   M    M   1        17  70
 4  75  33  54   3  11   0 0.00    M    M  3.2 21 180   M    M   1        33 130
 5  80  37  59   7   6   0    T    M    M  6.2 25 160   M    M   3        39 180
 6  72  42  57   5   8   0 0.00    M    M  8.4 26 190   M    M   2        36 180
 7  59  34  47  -5  18   0 0.03    M    M  8.0 24 200   M    M   4 8      33 230
 8  61  35  48  -4  17   0 0.01    M    M 11.1 35 230   M    M   5        41 230
 9  69  42  56   3   9   0 0.00    M    M 12.6 24 260   M    M   6        32 260
10  71  39  55   2  10   0 0.00    M    M  6.4 21 230   M    M   3        27 240
11  71  38  55   2  10   0 0.00    M    M  6.6 20 310   M    M   2        25 320
12  78  32  55   1  10   0 0.00    M    M  3.5 14 250   M    M   0        20 260
13  82  34  58   4   7   0 0.00    M    M  3.4 17 230   M    M   0        26 250
14  80  38  59   5   6   0 0.00    M    M  7.6 33 230   M    M   2        40 220
15  77  45  61   6   4   0 0.00  0.0    0 12.1 30 230   M    M   0        45 250
16  71  46  59   4   6   0    T    M    0 11.0 28 230   M    M   6        35 230
17  67  36  52  -3  13   0 0.12    M    0  5.5 22 360   M    M   5 1      34 120
18  62  37  50  -6  15   0 0.01    M    0  3.8 23 220   M    M   5        30 190
19  71  32  52  -4  13   0    T    M    M  3.5 16 240   M    M   1 1      21 240
20  76  45  61   5   4   0 0.00    M    M 10.8 30 230   M    M   2        38 240
21  76  45  61   5   4   0 0.00    M    M 14.1 31 220   M    M   0        41 230
22  72  39  56  -1   9   0 0.00    M    M 11.6 28 230   M    M   0        38 210
23  73  37  55  -2  10   0 0.00    M    M  8.2 25 240   M    M   0        34 250
24  72  34  53  -4  12   0 0.00    M    M 11.5 32 220   M    M   0        40 230
25  73  33  53  -5  12   0 0.00    M    M  9.3 29 220   M    M   0        37 220
26  64  33  49  -9  16   0    T    M    M  7.8 25 280   M    M   2        33 300
27  71  37  54  -4  11   0 0.00    M    M  6.3 23 240   M    M   2        28 240
28  76  33  55  -3  10   0    T    M    M  3.8 20  30   M    M   2        29  20
================================================================================
SM 1975 1040       305   0  0.78     0.0 209.0          M       65
================================================================================
AV 70.5 37.1                               7.5 FASTST   M    M   2    MAX(MPH)
                                 MISC ---->  # 35 230               # 45  250
================================================================================
NOTES:
# LAST OF SEVERAL OCCURRENCES

COLUMN 17 PEAK WIND IN M.P.H.

PRELIMINARY LOCAL CLIMATOLOGICAL DATA (WS FORM: F-6) , PAGE 2

                                          STATION:  WINDOW ROCK AZ AIRPORT
                                          MONTH:    MAY
                                          YEAR:     2016
                                          LATITUDE:   35 39 N
                                          LONGITUDE: 109  4 W

[TEMPERATURE DATA]      [PRECIPITATION DATA]       SYMBOLS USED IN COLUMN 16

AVERAGE MONTHLY: 53.8   TOTAL FOR MONTH:   0.78    1 = FOG OR MIST
DPTR FM NORMAL:  -0.6   DPTR FM NORMAL:    0.22    2 = FOG REDUCING VISIBILITY
HIGHEST:    82 ON 13    GRTST 24HR  0.84 ON 30- 1      TO 1/4 MILE OR LESS
LOWEST:     31 ON  2                               3 = THUNDER
                        SNOW, ICE PELLETS, HAIL    4 = ICE PELLETS
                        TOTAL MONTH:   0.0 INCH    5 = HAIL
                        GRTST 24HR     0.0         6 = FREEZING RAIN OR DRIZZLE
                        GRTST DEPTH:   0           7 = DUSTSTORM OR SANDSTORM:
                                                       VSBY 1/2 MILE OR LESS
                                                   8 = SMOKE OR HAZE
[NO. OF DAYS WITH]      [WEATHER - DAYS WITH]      9 = BLOWING SNOW
                                                   X = TORNADO
MAX 32 OR BELOW:   0    0.01 INCH OR MORE:   5
MAX 90 OR ABOVE:   0    0.10 INCH OR MORE:   2
MIN 32 OR BELOW:   3    0.50 INCH OR MORE:   1
MIN  0 OR BELOW:   0    1.00 INCH OR MORE:   0

[HDD (BASE 65) ]
TOTAL THIS MO.   305    CLEAR  (SCALE 0-3)  20
DPTR FM NORMAL     6    PTCLDY (SCALE 4-7)   8
TOTAL FM JUL 1  5788    CLOUDY (SCALE 8-10)  0
DPTR FM NORMAL  -517

[CDD (BASE 65) ]
TOTAL THIS MO.     0
DPTR FM NORMAL     0    [PRESSURE DATA]
TOTAL FM JAN 1     0    HIGHEST SLP M ON M
DPTR FM NORMAL     0    LOWEST  SLP 29.69 ON M

[REMARKS]
