000
CXUS53 KARX 260930
CF6RST
PRELIMINARY LOCAL CLIMATOLOGICAL DATA (WS FORM: F-6)

                                          STATION:   ROCHESTER MN
                                          MONTH:     FEBRUARY
                                          YEAR:      2017
                                          LATITUDE:   43 55 N
                                          LONGITUDE:  92 30 W

  TEMPERATURE IN F:       :PCPN:    SNOW:  WIND      :SUNSHINE: SKY     :PK WND
================================================================================
1   2   3   4   5  6A  6B    7    8   9   10  11  12  13   14  15   16   17  18
                                     12Z  AVG MX 2MIN
DY MAX MIN AVG DEP HDD CDD  WTR  SNW DPTH SPD SPD DIR MIN PSBL S-S WX    SPD DR
================================================================================

 1  28   6  17   1  48   0 0.01  0.1   10 15.9 25 300   M    M   2 1      30 310
 2  15   3   9  -8  56   0 0.00  0.0    9 15.2 24 300   M    M   1        31 310
 3  19   2  11  -6  54   0 0.00  0.0    9 11.0 17 280   M    M   0        20 270
 4  30   2  16  -1  49   0    T  0.1    8 15.0 30 180   M    M   4 1      39 180
 5  29  13  21   4  44   0 0.00  0.0    8 11.3 26 300   M    M   4 1      31 290
 6  36  12  24   6  41   0 0.00  0.0    7 10.9 17 170   M    M   2 18     23 170
 7  35  16  26   8  39   0    T    T    7 15.2 30 320   M    M  10 16     35 320
 8  16   5  11  -7  54   0    T    T    7 15.6 24 300   M    M   3 1      30 300
 9  18   0   9  -9  56   0 0.00  0.0    6 12.1 24 180   M    M   1        29 180
10  38  16  27   9  38   0 0.00  0.0    6 15.8 26 180   M    M   2        34 170
11  43  34  39  20  26   0    T  0.0    6  6.1 13 300   M    M   8        15 350
12  36  26  31  12  34   0 0.04  0.0    4 17.8 31 310   M    M   0 1      38 320
13  39  21  30  11  35   0 0.00  0.0    3 14.2 28 210   M    M   0        33 210
14  40  25  33  13  32   0 0.00  0.0    1 18.4 31 310   M    M   0        38 310
15  32  19  26   6  39   0 0.00  0.0    T  9.6 20 350   M    M   0        24 360
16  36  24  30  10  35   0 0.00  0.0    T 13.8 22 150   M    M   0        27 150
17  47  30  39  18  26   0 0.00  0.0    0 12.8 20 180   M    M   0        25 180
18  55  33  44  23  21   0 0.00  0.0    0  6.8 15 280   M    M   0 1      21 280
19  57  31  44  22  21   0 0.00  0.0    0 11.2 20 150   M    M   0 1      23 150
20  52  41  47  25  18   0 0.81  0.0    0 16.0 30 250   M    M   5 1      36 240
21  56  30  43  21  22   0 0.00  0.0    0 12.1 24 180   M    M   0 12     29 180
22  56  34  45  22  20   0 0.00  0.0    0 11.0 25 320   M    M   2        30 320
23  41  29  35  12  30   0 0.33  3.8    0 17.2 28  30   M    M  10 123    33  40
24  30  17  24   1  41   0 0.47  6.4    8 21.1 30  10   M    M  10 1238   39  10
25  22   7  15  -9  50   0 0.00  0.0   10 16.3 24 320   M    M   3        29 320
================================================================================
SM  906  476       929   0  1.66    10.4 342.4          M       67
================================================================================
AV 36.2 19.0                              13.7 FASTST   M    M   3    MAX(MPH)
                                 MISC ---->  # 31 310               # 39  180
================================================================================
NOTES:
# LAST OF SEVERAL OCCURRENCES

COLUMN 17 PEAK WIND IN M.P.H.

PRELIMINARY LOCAL CLIMATOLOGICAL DATA (WS FORM: F-6) , PAGE 2

                                          STATION:  ROCHESTER MN
                                          MONTH:    FEBRUARY
                                          YEAR:     2017
                                          LATITUDE:   43 55 N
                                          LONGITUDE:  92 30 W

[TEMPERATURE DATA]      [PRECIPITATION DATA]       SYMBOLS USED IN COLUMN 16

AVERAGE MONTHLY: 27.6   TOTAL FOR MONTH:   1.66    1 = FOG OR MIST
DPTR FM NORMAL:   8.0   DPTR FM NORMAL:    0.95    2 = FOG REDUCING VISIBILITY
HIGHEST:    57 ON 19    GRTST 24HR  0.81 ON 20-20      TO 1/4 MILE OR LESS
LOWEST:      0 ON  9                               3 = THUNDER
                        SNOW, ICE PELLETS, HAIL    4 = ICE PELLETS
                        TOTAL MONTH:  10.4 INCHES  5 = HAIL
                        GRTST 24HR   6.4 ON   M    6 = FREEZING RAIN OR DRIZZLE
                        GRTST DEPTH:  10 ON 25, 1  7 = DUSTSTORM OR SANDSTORM:
                                                       VSBY 1/2 MILE OR LESS
                                                   8 = SMOKE OR HAZE
[NO. OF DAYS WITH]      [WEATHER - DAYS WITH]      9 = BLOWING SNOW
                                                   X = TORNADO
MAX 32 OR BELOW:  10    0.01 INCH OR MORE:   5
MAX 90 OR ABOVE:   0    0.10 INCH OR MORE:   3
MIN 32 OR BELOW:  21    0.50 INCH OR MORE:   1
MIN  0 OR BELOW:   1    1.00 INCH OR MORE:   0

[HDD (BASE 65) ]
TOTAL THIS MO.   929    CLEAR  (SCALE 0-3)  17
DPTR FM NORMAL  -202    PTCLDY (SCALE 4-7)   5
TOTAL FM JUL 1  4932    CLOUDY (SCALE 8-10)  3
DPTR FM NORMAL  -807

[CDD (BASE 65) ]
TOTAL THIS MO.     0
DPTR FM NORMAL     0    [PRESSURE DATA]
TOTAL FM JAN 1     0    HIGHEST SLP M ON M
DPTR FM NORMAL     0    LOWEST  SLP 29.47 ON  7

[REMARKS]
