000
CXUS54 KLZK 311430
CF6RUE
PRELIMINARY LOCAL CLIMATOLOGICAL DATA (WS FORM: F-6)

                                          STATION:   Russellville
                                          MONTH:     JANUARY
                                          YEAR:      2015
                                          LATITUDE:   35 15 N
                                          LONGITUDE:  93  6 W

  TEMPERATURE IN F:       :PCPN:    SNOW:  WIND      :SUNSHINE: SKY     :PK WND
================================================================================
1   2   3   4   5  6A  6B    7    8   9   10  11  12  13   14  15   16   17  18
                                     12Z  AVG MX 2MIN
DY MAX MIN AVG DEP HDD CDD  WTR  SNW DPTH SPD SPD DIR MIN PSBL S-S WX    SPD DR
================================================================================

 1  39  35  37  -3  28   0 0.25  0.0    0  1.4  8  80   M    M  10 1      10  70
 2  42  36  39   0  26   0 1.27  0.0    0  2.9 12 110   M    M  10 13     17 120
 3  48  41  45   6  20   0 2.20  0.0    0  5.2 15 290   M    M   9 13     22 280
 4  45  25  35  -4  30   0 0.00  0.0    0 11.7 26 280   M    M   4        38 290
 5  37  19  28 -11  37   0 0.00  0.0    0  3.9 10 120   M    M   0        15 110
 6  55  24  40   1  25   0 0.00  0.0    0  1.7 10 310   M    M   0        14 310
 7  34  15  25 -14  40   0 0.00  0.0    0  8.7 21 360   M    M   3        28 350
 8  34   8  21 -18  44   0 0.00  0.0    0  3.5 12 190   M    M   0        16 180
 9  38  18  28 -11  37   0 0.00  0.0    0  3.3 16  10   M    M   2        20 360
10  35  13  24 -15  41   0    T  0.0    0  3.1  9  80   M    M   5 6      13 110
11  37  31  34  -5  31   0 0.27  0.0    0  4.0  9 110   M    M  10 16     13  70
12  43  31  37  -2  28   0    T    M    0  6.7 16  10   M    M   8 1      22  10
13  42  25  34  -6  31   0 0.00  0.0    0  3.8 10  20   M    M   0        14  80
14  41  21  31  -9  34   0 0.00  0.0    0  0.7  6 190   M    M   2 18      8 190
15  50  27  39  -1  26   0    T    M    0  2.6 13 270   M    M   5 8      17 270
16  59  24  42   2  23   0 0.00  0.0    0  1.4  9 240   M    M   0 18     12 240
17  66  30  48   8  17   0 0.00  0.0    0  4.9 18 240   M    M   0        23 240
18  66  27  47   7  18   0 0.00  0.0    0  2.2 10 210   M    M   0        16 200
19  65  31  48   8  17   0 0.00  0.0    0  0.6  6 340   M    M   0         8 340
20  64  30  47   7  18   0 0.00  0.0    0  3.9 15  20   M    M   0 1      21  10
21  60  27  44   4  21   0 0.00  0.0    0  2.0  9  30   M    M   1 8      14 320
22  50  41  46   6  19   0 0.02    M    0  6.9 16  60   M    M  10 18     22 130
23  52  29  41   1  24   0 0.00  0.0    0  4.2 13 280   M    M   4        17 290
24  59  24  42   2  23   0 0.00  0.0    0  3.7 14 300   M    M   0 1      18 280
25  57  32  45   5  20   0    T    M    0 10.9 31 300   M    M   7        41 300
26  59  30  45   5  20   0 0.00  0.0    0  5.1 15 340   M    M   2        19 340
27  71  30  51  11  14   0 0.00  0.0    0  1.4 12  90   M    M   0 1      17  90
28  67  42  55  15  10   0 0.00  0.0    0  6.7 13 110   M    M   0        20 110
29  64  30  47   6  18   0 0.00  0.0    0  6.6 22 350   M    M   0        29 360
30  51  27  39  -2  26   0 0.00  0.0    0  1.8 10  20   M    M   0        13  10
================================================================================
SM 1530  823       766   0  4.01     0.0 125.5          M       92
================================================================================
AV 51.0 27.4                               4.2 FASTST   M    M   3    MAX(MPH)
                                 MISC ---->  # 31 300               # 41  300
================================================================================
NOTES:
# LAST OF SEVERAL OCCURRENCES

COLUMN 17 PEAK WIND IN M.P.H.

PRELIMINARY LOCAL CLIMATOLOGICAL DATA (WS FORM: F-6) , PAGE 2

                                          STATION:  Russellville
                                          MONTH:    JANUARY
                                          YEAR:     2015
                                          LATITUDE:   35 15 N
                                          LONGITUDE:  93  6 W

[TEMPERATURE DATA]      [PRECIPITATION DATA]       SYMBOLS USED IN COLUMN 16

AVERAGE MONTHLY: 39.2   TOTAL FOR MONTH:   4.01    1 = FOG OR MIST
DPTR FM NORMAL:  -0.5   DPTR FM NORMAL:    0.78    2 = FOG REDUCING VISIBILITY
HIGHEST:    71 ON 27    GRTST 24HR  3.19 ON  2- 3      TO 1/4 MILE OR LESS
LOWEST:      8 ON  8                               3 = THUNDER
                        SNOW, ICE PELLETS, HAIL    4 = ICE PELLETS
                        TOTAL MONTH:   0.0 INCH    5 = HAIL
                        GRTST 24HR     0.0         6 = FREEZING RAIN OR DRIZZLE
                        GRTST DEPTH:   0           7 = DUSTSTORM OR SANDSTORM:
                                                       VSBY 1/2 MILE OR LESS
                                                   8 = SMOKE OR HAZE
[NO. OF DAYS WITH]      [WEATHER - DAYS WITH]      9 = BLOWING SNOW
                                                   X = TORNADO
MAX 32 OR BELOW:   0    0.01 INCH OR MORE:   5
MAX 90 OR ABOVE:   0    0.10 INCH OR MORE:   4
MIN 32 OR BELOW:  25    0.50 INCH OR MORE:   2
MIN  0 OR BELOW:   0    1.00 INCH OR MORE:   2

[HDD (BASE 65) ]
TOTAL THIS MO.   766    CLEAR  (SCALE 0-3)  19
DPTR FM NORMAL     3    PTCLDY (SCALE 4-7)   5
TOTAL FM JUL 1  2106    CLOUDY (SCALE 8-10)  6
DPTR FM NORMAL    25

[CDD (BASE 65) ]
TOTAL THIS MO.     0
DPTR FM NORMAL     0    [PRESSURE DATA]
TOTAL FM JAN 1     0    HIGHEST SLP M ON M
DPTR FM NORMAL     0    LOWEST  SLP 29.74 ON 25

[REMARKS]
