243
CXUS51 KBTV 270700
CF6RUT
PRELIMINARY LOCAL CLIMATOLOGICAL DATA (WS FORM: F-6)

                                          STATION:   RUTLAND VT
                                          MONTH:     JULY
                                          YEAR:      2016
                                          LATITUDE:   43 31 N
                                          LONGITUDE:  72 57 W

  TEMPERATURE IN F:       :PCPN:    SNOW:  WIND      :SUNSHINE: SKY     :PK WND
================================================================================
1   2   3   4   5  6A  6B    7    8   9   10  11  12  13   14  15   16   17  18
                                     12Z  AVG MX 2MIN
DY MAX MIN AVG DEP HDD CDD  WTR  SNW DPTH SPD SPD DIR MIN PSBL S-S WX    SPD DR
================================================================================

 1  82  55  69   M   0   4 0.40  0.0    0  6.5 12 200   M    M   3 13      M  M
 2  70  57  64   M   1   0    T  0.0    0 10.4 18 280   M    M   6        27 260
 3  78  51  65   M   0   0    T  0.0    0  5.8 13 250   M    M   3        17 290
 4  81  51  66   M   0   1 0.00  0.0    0  6.1 12 120   M    M   0         M  M
 5  85  58  72   M   0   7 0.00  0.0    0  4.2  8 280   M    M   2         M  M
 6  86  61  74   M   0   9 0.00  0.0    0  6.0 13 120   M    M   0         M  M
 7  88  65  77   M   0  12 0.36  0.0    0  5.8 13 120   M    M   3 13      M  M
 8  79  64  72   M   0   7 0.04  0.0    0  7.3 17 120   M    M   6 1      24 110
 9  64  58  61   M   4   0 0.46  0.0    0 13.9 20 130   M    M  10 1      30 120
10  70  57  64   M   1   0 0.43  0.0    0  7.0 13 310   M    M  10 1      18 310
11  76  56  66   M   0   1 0.00  0.0    0  6.4 10 110   M    M   3         M  M
12  81  54  68   M   0   3 0.00  0.0    0  6.2 12 120   M    M   0         M  M
13  88  62  75   M   0  10 0.00  0.0    0  6.3 12 230   M    M   1         M  M
14  86  68  77   M   0  12 0.28  0.0    0  5.9 15 200   M    M   4 13     18 200
15  85  66  76   M   0  11 0.00  0.0    0  6.8 12 270   M    M   2 1      18 270
16  78  63  71   M   0   6 0.00  0.0    0  5.8 10 260   M    M   5         M  M
17  81  64  73   M   0   8 0.20  0.0    0  4.4  9 220   M    M   6         M  M
18  81  62  72   M   0   7 0.02  0.0    0  8.2 15 230   M    M   4 3      24 230
19  74  55  65   M   0   0 0.00  0.0    M  6.3 13 330   M    M   5        25 330
20  76  50  63   M   2   0 0.00  0.0    0  5.3 10 300   M    M   1         M  M
21  82  54  68   M   0   3 0.00  0.0    0  5.4  9 140   M    M   0         M  M
22  89  64  77   M   0  12 0.03  0.0    0  7.5 16 240   M    M   4        22 240
23  87  59  73   M   0   8 0.16  0.0    0  5.6 13 310   M    M   2 38     30 260
24  80  57  69   M   0   4 0.00  0.0    0  4.8 10 350   M    M   4 12      M  M
25  85  61  73   M   0   8    T  0.0    0  5.3 13 120   M    M   3         M  M
26  83  65  74   M   0   9 0.00  0.0    0  6.5 13 340   M    M   3        18 300
================================================================================
SM 2095 1537         8 142  2.38     0.0 169.7          M       90
================================================================================
AV 80.6 59.1                               6.5 FASTST   M    M   3    MAX(MPH)
                                 MISC ---->    20   M                 30    M
================================================================================
NOTES:
# LAST OF SEVERAL OCCURRENCES

COLUMN 17 PEAK WIND IN M.P.H.

PRELIMINARY LOCAL CLIMATOLOGICAL DATA (WS FORM: F-6) , PAGE 2

                                          STATION:  RUTLAND VT
                                          MONTH:    JULY
                                          YEAR:     2016
                                          LATITUDE:   43 31 N
                                          LONGITUDE:  72 57 W

[TEMPERATURE DATA]      [PRECIPITATION DATA]       SYMBOLS USED IN COLUMN 16

AVERAGE MONTHLY: 69.8   TOTAL FOR MONTH:   2.38    1 = FOG OR MIST
DPTR FM NORMAL:     M   DPTR FM NORMAL:       M    2 = FOG REDUCING VISIBILITY
HIGHEST:    89 ON 22    GRTST 24HR  0.46 ON  9- 9      TO 1/4 MILE OR LESS
LOWEST:     50 ON 20                               3 = THUNDER
                        SNOW, ICE PELLETS, HAIL    4 = ICE PELLETS
                        TOTAL MONTH:   0.0 INCH    5 = HAIL
                        GRTST 24HR     0.0         6 = FREEZING RAIN OR DRIZZLE
                        GRTST DEPTH:   0           7 = DUSTSTORM OR SANDSTORM:
                                                       VSBY 1/2 MILE OR LESS
                                                   8 = SMOKE OR HAZE
[NO. OF DAYS WITH]      [WEATHER - DAYS WITH]      9 = BLOWING SNOW
                                                   X = TORNADO
MAX 32 OR BELOW:   0    0.01 INCH OR MORE:  10
MAX 90 OR ABOVE:   0    0.10 INCH OR MORE:   7
MIN 32 OR BELOW:   0    0.50 INCH OR MORE:   0
MIN  0 OR BELOW:   0    1.00 INCH OR MORE:   0

[HDD (BASE 65) ]
TOTAL THIS MO.     8    CLEAR  (SCALE 0-3)  15
DPTR FM NORMAL     M    PTCLDY (SCALE 4-7)   9
TOTAL FM JUL 1     8    CLOUDY (SCALE 8-10)  2
DPTR FM NORMAL     M

[CDD (BASE 65) ]
TOTAL THIS MO.   142
DPTR FM NORMAL     M    [PRESSURE DATA]
TOTAL FM JAN 1   242    HIGHEST SLP M ON M
DPTR FM NORMAL     M    LOWEST  SLP M ON M

[REMARKS]
