000
CXUS51 KBTV 230700
CF6RUT
PRELIMINARY LOCAL CLIMATOLOGICAL DATA (WS FORM: F-6)

                                          STATION:   RUTLAND VT
                                          MONTH:     MARCH
                                          YEAR:      2017
                                          LATITUDE:   43 31 N
                                          LONGITUDE:  72 57 W

  TEMPERATURE IN F:       :PCPN:    SNOW:  WIND      :SUNSHINE: SKY     :PK WND
================================================================================
1   2   3   4   5  6A  6B    7    8   9   10  11  12  13   14  15   16   17  18
                                     12Z  AVG MX 2MIN
DY MAX MIN AVG DEP HDD CDD  WTR  SNW DPTH SPD SPD DIR MIN PSBL S-S WX    SPD DR
================================================================================

 1  68  49  59   M   6   0 0.16    M    0 14.1 18 230   M    M   8        32 230
 2  52  22  37   M  28   0 0.17    M    0 11.7 22 260   M    M   6        36 220
 3   M   M   M   M   M   M    T    M    0  8.3 15 330   M    M   5 1      23 330
 4  10   4   7   M  58   0    T    M    0 12.0 23 360   M    M   2        35 360
 5  22   3  13   M  52   0 0.00  0.0    0  7.9 15 330   M    M   0        27 320
 6  40   4  22   M  43   0    T    M    0  4.3  9 120   M    M   4         M  M
 7  46  34  40   M  25   0 0.06    M    0 15.7 20 120   M    M  10 1      27 120
 8  50  38  44   M  21   0 0.17    M    0  6.6 13 270   M    M   8 1      18 270
 9  43  30  37   M  28   0    T    M    0 13.4 21 270   M    M   9        43 290
10  31  11  21   M  44   0    T    M    0  6.8 20 330   M    M   8 1      32 330
11  11  -1   5   M  60   0    T    M    0 13.6 20 300   M    M  10        33 300
12  19  -1   9   M  56   0 0.00  0.0    0  8.9 14 290   M    M   0        22 290
13  22   3  13   M  52   0 0.00  0.0    0  4.8  8 120   M    M   1         M  M
14  24  12  18   M  47   0 0.16    M    0  7.7 21 340   M    M   9 12     37 340
15  22  12  17   M  48   0 0.03    M    0  8.6 17 260   M    M  10 1      25 270
16  31  14  23   M  42   0    T    M    0  9.8 15 300   M    M   6        23 270
17  35  14  25   M  40   0 0.00  0.0    0  5.7 12 340   M    M   2        16 330
18  39  10  25   M  40   0 0.00  0.0    0 11.7 20 120   M    M   1        24 100
19  40  24  32   M  33   0 0.00  0.0    0  6.0 12 360   M    M   3        16 310
20  45  14  30   M  35   0 0.00  0.0    0  4.6  9 350   M    M   2         M  M
21  46  28  37   M  28   0    T    M    0  3.6  7 270   M    M   7        18 280
22  38   8  23   M  42   0 0.01    M    0 13.7 23 330   M    M   5 1      33 330
================================================================================
SM  734  332       828   0  0.76     0.0 199.5          M      116
================================================================================
AV 35.0 15.8                               9.1 FASTST   M    M   5    MAX(MPH)
                                 MISC ---->  # 23 360                 43    M
================================================================================
NOTES:
# LAST OF SEVERAL OCCURRENCES

COLUMN 17 PEAK WIND IN M.P.H.

PRELIMINARY LOCAL CLIMATOLOGICAL DATA (WS FORM: F-6) , PAGE 2

                                          STATION:  RUTLAND VT
                                          MONTH:    MARCH
                                          YEAR:     2017
                                          LATITUDE:   43 31 N
                                          LONGITUDE:  72 57 W

[TEMPERATURE DATA]      [PRECIPITATION DATA]       SYMBOLS USED IN COLUMN 16

AVERAGE MONTHLY: 25.4   TOTAL FOR MONTH:   0.76    1 = FOG OR MIST
DPTR FM NORMAL:     M   DPTR FM NORMAL:       M    2 = FOG REDUCING VISIBILITY
HIGHEST:    68 ON  1    GRTST 24HR  0.17 ON  8- 8      TO 1/4 MILE OR LESS
LOWEST:     -1 ON 12,11                            3 = THUNDER
                        SNOW, ICE PELLETS, HAIL    4 = ICE PELLETS
                        TOTAL MONTH:   0.0 INCH    5 = HAIL
                        GRTST 24HR     0.0         6 = FREEZING RAIN OR DRIZZLE
                        GRTST DEPTH:   0           7 = DUSTSTORM OR SANDSTORM:
                                                       VSBY 1/2 MILE OR LESS
                                                   8 = SMOKE OR HAZE
[NO. OF DAYS WITH]      [WEATHER - DAYS WITH]      9 = BLOWING SNOW
                                                   X = TORNADO
MAX 32 OR BELOW:   9    0.01 INCH OR MORE:   7
MAX 90 OR ABOVE:   0    0.10 INCH OR MORE:   4
MIN 32 OR BELOW:  18    0.50 INCH OR MORE:   0
MIN  0 OR BELOW:   2    1.00 INCH OR MORE:   0

[HDD (BASE 65) ]
TOTAL THIS MO.   828    CLEAR  (SCALE 0-3)   8
DPTR FM NORMAL     M    PTCLDY (SCALE 4-7)   8
TOTAL FM JUL 1  5279    CLOUDY (SCALE 8-10)  6
DPTR FM NORMAL     M

[CDD (BASE 65) ]
TOTAL THIS MO.     0
DPTR FM NORMAL     M    [PRESSURE DATA]
TOTAL FM JAN 1     0    HIGHEST SLP M ON M
DPTR FM NORMAL     M    LOWEST  SLP M ON M

[REMARKS]
