000
CXUS54 KTSA 270840
CF6RVS
PRELIMINARY LOCAL CLIMATOLOGICAL DATA (WS FORM: F-6)

                                          STATION:   TULSA-RIVERSIDE  OKLAHOMA
                                          MONTH:     AUGUST
                                          YEAR:      2014
                                          LATITUDE:   36  2 N
                                          LONGITUDE:  95 59 W

  TEMPERATURE IN F:       :PCPN:    SNOW:  WIND      :SUNSHINE: SKY     :PK WND
================================================================================
1   2   3   4   5  6A  6B    7    8   9   10  11  12  13   14  15   16   17  18
                                     12Z  AVG MX 2MIN
DY MAX MIN AVG DEP HDD CDD  WTR  SNW DPTH SPD SPD DIR MIN PSBL S-S WX    SPD DR
================================================================================

 1  84  64  74  -9   0   9 0.00  0.0    0  1.4  8 120   M    M   5 1      10 130
 2  89  64  77  -6   0  12 0.00  0.0    0  2.0 12  60   M    M   1 1      15  70
 3  90  66  78  -5   0  13 0.00  0.0    0  0.7  7 210   M    M   1 1      10 190
 4  91  67  79  -4   0  14 0.00  0.0    0  2.5 10 160   M    M   0 1      14 180
 5  92  71  82  -1   0  17 0.00  0.0    0  4.3 12 190   M    M   0 1      17 210
 6  94  69  82  -1   0  17 0.00  0.0    0  7.6 17 200   M    M   1 1      24 190
 7  92  73  83   0   0  18 1.19  0.0    0  6.3 15 180   M    M   3 13     20 180
 8  89  71  80  -3   0  15 0.15  0.0    0  2.5 14 260   M    M   1 13     21 260
 9  88  73  81  -2   0  16 0.39  0.0    0  4.7 15 120   M    M   2 1      22 350
10  93  71  82  -1   0  17 0.22  0.0    0  2.6  9 330   M    M   1 1      14 300
11  90  70  80  -2   0  15 0.00  0.0    0  5.1 12 350   M    M   2        22  20
12  84  62  73  -9   0   8 0.00  0.0    0  4.3 14  20   M    M   0        19  40
13  88  61  75  -7   0  10 0.00  0.0    0  1.6  9 130   M    M   0        13 120
14  91  64  78  -4   0  13 0.00  0.0    0  4.7 14 120   M    M   0        19 130
15  92  67  80  -2   0  15 0.00  0.0    0  8.2 17 180   M    M   0 1      23 180
16  92  73  83   1   0  18 0.00  0.0    0  6.5 16 210   M    M   2 8      19 200
17  98  70  84   2   0  19 0.00  0.0    0  2.7 10 200   M    M   2 1      16 160
18  91  72  82   0   0  17 0.00  0.0    0  5.8 18 120   M    M   2 3      26 110
19  99  68  84   2   0  19 0.00  0.0    0  5.0 16 190   M    M   0        26 170
20  96  71  84   2   0  19 0.00  0.0    0 10.4 24 200   M    M   1        33 210
21  97  77  87   6   0  22 0.00  0.0    0  9.2 20 180   M    M   1        26 180
22 102  74  88   7   0  23 0.00  0.0    0  8.0 18 180   M    M   0        26 200
23 101  70  86   5   0  21 0.00  0.0    0  7.4 18 180   M    M   0        26 180
24 102  69  86   5   0  21 0.00  0.0    0  6.4 16 170   M    M   0        21 150
25 101  71  86   6   0  21 0.00  0.0    0  4.3 16 120   M    M   0        19 150
26  98  72  85   5   0  20 0.00  0.0    0  3.5 14 110   M    M   0        18 120
================================================================================
SM 2424 1800         0 429  1.95     0.0 127.7          M       25
================================================================================
AV 93.2 69.2                               4.9 FASTST   M    M   1    MAX(MPH)
                                 MISC ---->  # 24 200               # 33  210
================================================================================
NOTES:
# LAST OF SEVERAL OCCURRENCES

COLUMN 17 PEAK WIND IN M.P.H.

PRELIMINARY LOCAL CLIMATOLOGICAL DATA (WS FORM: F-6) , PAGE 2

                                          STATION:  TULSA-RIVERSIDE  OKLAHOMA
                                          MONTH:    AUGUST
                                          YEAR:     2014
                                          LATITUDE:   36  2 N
                                          LONGITUDE:  95 59 W

[TEMPERATURE DATA]      [PRECIPITATION DATA]       SYMBOLS USED IN COLUMN 16

AVERAGE MONTHLY: 81.2   TOTAL FOR MONTH:   1.95    1 = FOG OR MIST
DPTR FM NORMAL:  -0.8   DPTR FM NORMAL:   -0.80    2 = FOG REDUCING VISIBILITY
HIGHEST:   102 ON 24,22 GRTST 24HR  1.19 ON  7- 7      TO 1/4 MILE OR LESS
LOWEST:     61 ON 13                               3 = THUNDER
                        SNOW, ICE PELLETS, HAIL    4 = ICE PELLETS
                        TOTAL MONTH:   0.0 INCH    5 = HAIL
                        GRTST 24HR     0.0         6 = FREEZING RAIN OR DRIZZLE
                        GRTST DEPTH:   0           7 = DUSTSTORM OR SANDSTORM:
                                                       VSBY 1/2 MILE OR LESS
                                                   8 = SMOKE OR HAZE
[NO. OF DAYS WITH]      [WEATHER - DAYS WITH]      9 = BLOWING SNOW
                                                   X = TORNADO
MAX 32 OR BELOW:   0    0.01 INCH OR MORE:   4
MAX 90 OR ABOVE:  20    0.10 INCH OR MORE:   4
MIN 32 OR BELOW:   0    0.50 INCH OR MORE:   1
MIN  0 OR BELOW:   0    1.00 INCH OR MORE:   1

[HDD (BASE 65) ]
TOTAL THIS MO.     0    CLEAR  (SCALE 0-3)  25
DPTR FM NORMAL     0    PTCLDY (SCALE 4-7)   1
TOTAL FM JUL 1     0    CLOUDY (SCALE 8-10)  0
DPTR FM NORMAL     0

[CDD (BASE 65) ]
TOTAL THIS MO.   429
DPTR FM NORMAL   -17    [PRESSURE DATA]
TOTAL FM JAN 1  1557    HIGHEST SLP M ON M
DPTR FM NORMAL    29    LOWEST  SLP 29.81 ON 19

[REMARKS]
