000
CXUS53 KMPX 211000
CF6RWF
PRELIMINARY LOCAL CLIMATOLOGICAL DATA (WS FORM: F-6)

                                          STATION:   REDWOOD FALLS MN
                                          MONTH:     FEBRUARY
                                          YEAR:      2018
                                          LATITUDE:   44 32 N
                                          LONGITUDE:  95  5 W

  TEMPERATURE IN F:       :PCPN:    SNOW:  WIND      :SUNSHINE: SKY     :PK WND
================================================================================
1   2   3   4   5  6A  6B    7    8   9   10  11  12  13   14  15   16   17  18
                                     12Z  AVG MX 2MIN
DY MAX MIN AVG DEP HDD CDD  WTR  SNW DPTH SPD SPD DIR MIN PSBL S-S WX    SPD DR
================================================================================

 1   6  -5   1 -15  64   0 0.02    M    M 12.0 21 320   M    M   1        31 310
 2  15  -7   4 -12  61   0 0.00    M    M  8.6 18 150   M    M   5        22 150
 3  22   7  15  -1  50   0    T    M    M  8.6 17 360   M    M  10 18     26 350
 4   7 -10  -1 -17  66   0 0.02    M    M 12.4 20 280   M    M   3 18     29 340
 5  16  -4   6 -10  59   0 0.00    M    M 10.0 18 310   M    M   2 1      26 320
 6   8 -10  -1 -18  66   0 0.00    M    M  9.0 17 200   M    M   5 1      21 200
 7  15   0   8  -9  57   0 0.01    M    M  8.5 16 310   M    M   5 1      21 310
 8  15   2   9  -8  56   0 0.00    M    M  6.2 10  10   M    M   6 1      16  20
 9   9  -4   3 -14  62   0 0.03    M    M  8.4 12 280   M    M   3 1      18  10
10  13  -4   5 -13  60   0 0.00    M    M  7.9 13 270   M    M   1        16 290
11  21  -5   8 -10  57   0 0.00    M    M 11.0 20 280   M    M   1        24 270
12  12  -2   5 -13  60   0 0.00    M    M  6.0 13 140   M    M   1        15 150
13  29   8  19   0  46   0 0.00    M    M 13.2 24 190   M    M   5 1      32 190
14  48   8  28   9  37   0 0.00    M    M  9.5 21 230   M    M   0 1      24 230
15  34   4  19   0  46   0 0.00    M    M 13.6 24 330   M    M   6 1      37 320
16  22  -2  10 -10  55   0    M    M    M 13.0 22 210   M    M   0        27 190
17  38  15  27   7  38   0    M    M    M 11.6 24 300   M    M   4 1      32 280
18  45  16  31  11  34   0    M    M    M 14.8 36 210   M    M   3        44 130
19  21  15  18  -3  47   0    M    M    M 12.4 21 350   M    M  10 168    31  20
20  15   0   8 -13  57   0    M    M    M 12.5 24 280   M    M   8 18     30 290
================================================================================
SM  411   22      1078   0  0.08    M    209.2          M       79
================================================================================
AV 20.6  1.1                              10.5 FASTST   M    M   4    MAX(MPH)
                                 MISC ---->  # 36 210               # 44  130
================================================================================
NOTES:
# LAST OF SEVERAL OCCURRENCES

COLUMN 17 PEAK WIND IN M.P.H.

PRELIMINARY LOCAL CLIMATOLOGICAL DATA (WS FORM: F-6) , PAGE 2

                                          STATION:  REDWOOD FALLS MN
                                          MONTH:    FEBRUARY
                                          YEAR:     2018
                                          LATITUDE:   44 32 N
                                          LONGITUDE:  95  5 W

[TEMPERATURE DATA]      [PRECIPITATION DATA]       SYMBOLS USED IN COLUMN 16

AVERAGE MONTHLY: 10.8   TOTAL FOR MONTH:   0.08    1 = FOG OR MIST
DPTR FM NORMAL:  -7.2   DPTR FM NORMAL:   -0.25    2 = FOG REDUCING VISIBILITY
HIGHEST:    48 ON 14    GRTST 24HR  0.03 ON  9- 9      TO 1/4 MILE OR LESS
LOWEST:    -10 ON  6, 4                            3 = THUNDER
                        SNOW, ICE PELLETS, HAIL    4 = ICE PELLETS
                        TOTAL MONTH:    M          5 = HAIL
                        GRTST 24HR    M  ON   M    6 = FREEZING RAIN OR DRIZZLE
                        GRTST DEPTH:  M  ON   M    7 = DUSTSTORM OR SANDSTORM:
                                                       VSBY 1/2 MILE OR LESS
                                                   8 = SMOKE OR HAZE
[NO. OF DAYS WITH]      [WEATHER - DAYS WITH]      9 = BLOWING SNOW
                                                   X = TORNADO
MAX 32 OR BELOW:  16    0.01 INCH OR MORE:   4
MAX 90 OR ABOVE:   0    0.10 INCH OR MORE:   0
MIN 32 OR BELOW:  20    0.50 INCH OR MORE:   0
MIN  0 OR BELOW:  12    1.00 INCH OR MORE:   0

[HDD (BASE 65) ]
TOTAL THIS MO.  1078    CLEAR  (SCALE 0-3)   9
DPTR FM NORMAL   139    PTCLDY (SCALE 4-7)   9
TOTAL FM JUL 1  5250    CLOUDY (SCALE 8-10)  2
DPTR FM NORMAL  -432

[CDD (BASE 65) ]
TOTAL THIS MO.     0
DPTR FM NORMAL     0    [PRESSURE DATA]
TOTAL FM JAN 1     0    HIGHEST SLP M ON M
DPTR FM NORMAL     0    LOWEST  SLP 29.57 ON 18

[REMARKS]
