000
CXUS55 KCYS 240728
CF6RWL
PRELIMINARY LOCAL CLIMATOLOGICAL DATA (WS FORM: F-6)

                                          STATION:   RAWLINS WYOMING AIRPORT
                                          MONTH:     APRIL
                                          YEAR:      2014
                                          LATITUDE:   41 47 N
                                          LONGITUDE: 107 12 W

  TEMPERATURE IN F:       :PCPN:    SNOW:  WIND      :SUNSHINE: SKY     :PK WND
================================================================================
1   2   3   4   5  6A  6B    7    8   9   10  11  12  13   14  15   16   17  18
                                     12Z  AVG MX 2MIN
DY MAX MIN AVG DEP HDD CDD  WTR  SNW DPTH SPD SPD DIR MIN PSBL S-S WX    SPD DR
================================================================================

 1  46  22  34  -2  31   0 0.29    M    M  7.2 30 230   M    M   9 12     37 230
 2  35  22  29  -8  36   0 0.02    M    M  9.2 22 280   M    M   4 1      26 280
 3  39  18  29  -8  36   0    T    M    M  6.6 17 320   M    M   3        22 330
 4  47  25  36  -1  29   0 0.00    M    M 12.3 26 240   M    M   3        31 270
 5  49  29  39   2  26   0 0.00    M    M  9.7 25 270   M    M   2        30 280
 6  50  25  38   0  27   0 0.00    M    M 14.3 30 340   M    M   4        43 290
 7  51  24  38   0  27   0 0.02    M    M 10.2 23 290   M    M   5 1      30 280
 8  66  32  49  11  16   0 0.00    M    M 16.1 29 270   M    M   0        35 280
 9  68  40  54  16  11   0 0.00    M    M 20.3 39 250   M    M   1        51 280
10  60  37  49  11  16   0 0.00    M    M 18.6 36 280   M    M   1        48 280
11  68  31  50  11  15   0 0.00    M    M 14.9 35 270   M    M   0        41 270
12  65  35  50  11  15   0 0.01    M    M 12.6 38 230   M    M   4 3      51 240
13  36  11  24 -15  41   0    T    M    M 17.1 31  20   M    M  10 18     38  10
14  41  -1  20 -20  45   0 0.00    M    M 13.0 25 260   M    M   2        36 230
15  57  30  44   4  21   0 0.00    M    M 21.5 43 270   M    M   3        58 260
16  49  25  37  -3  28   0    T    M    M  8.0 21 260   M    M   6        26 260
17  59  18  39  -1  26   0 0.00    M    M 11.5 28 240   M    M   0        43 240
18  71  43  57  16   8   0 0.00    M    M 21.3 41 240   M    M   0        52 250
19  61  36  49   8  16   0 0.04    M    M 11.2 28 250   M    M   2        31 200
20  67  39  53  12  12   0 0.00    M    M 12.5 25 290   M    M   2        38 290
21  66  27  47   5  18   0 0.00    M    M  6.4 23 270   M    M   0        33 290
22  69  35  52  10  13   0    T    M    M 14.1 36 210   M    M   2        46 210
23  49  31  40  -2  25   0 0.06    M    M 23.1 35 270   M    M   4 1      41 270
================================================================================
SM 1269  634       538   0  0.44    M    311.7          M       67
================================================================================
AV 55.2 27.6                              13.6 FASTST   M    M   3    MAX(MPH)
                                 MISC ---->  # 43 270               # 58  260
================================================================================
NOTES:
# LAST OF SEVERAL OCCURRENCES

COLUMN 17 PEAK WIND IN M.P.H.

PRELIMINARY LOCAL CLIMATOLOGICAL DATA (WS FORM: F-6) , PAGE 2

                                          STATION:  RAWLINS WYOMING AIRPORT
                                          MONTH:    APRIL
                                          YEAR:     2014
                                          LATITUDE:   41 47 N
                                          LONGITUDE: 107 12 W

[TEMPERATURE DATA]      [PRECIPITATION DATA]       SYMBOLS USED IN COLUMN 16

AVERAGE MONTHLY: 41.4   TOTAL FOR MONTH:   0.44    1 = FOG OR MIST
DPTR FM NORMAL:   2.2   DPTR FM NORMAL:   -0.34    2 = FOG REDUCING VISIBILITY
HIGHEST:    71 ON 18    GRTST 24HR  0.31 ON  1- 2      TO 1/4 MILE OR LESS
LOWEST:     -1 ON 14                               3 = THUNDER
                        SNOW, ICE PELLETS, HAIL    4 = ICE PELLETS
                        TOTAL MONTH:    M          5 = HAIL
                        GRTST 24HR    M  ON   M    6 = FREEZING RAIN OR DRIZZLE
                        GRTST DEPTH:  M  ON   M    7 = DUSTSTORM OR SANDSTORM:
                                                       VSBY 1/2 MILE OR LESS
                                                   8 = SMOKE OR HAZE
[NO. OF DAYS WITH]      [WEATHER - DAYS WITH]      9 = BLOWING SNOW
                                                   X = TORNADO
MAX 32 OR BELOW:   0    0.01 INCH OR MORE:   6
MAX 90 OR ABOVE:   0    0.10 INCH OR MORE:   1
MIN 32 OR BELOW:  16    0.50 INCH OR MORE:   0
MIN  0 OR BELOW:   1    1.00 INCH OR MORE:   0

[HDD (BASE 65) ]
TOTAL THIS MO.   538    CLEAR  (SCALE 0-3)  15
DPTR FM NORMAL   -57    PTCLDY (SCALE 4-7)   6
TOTAL FM JUL 1  7243    CLOUDY (SCALE 8-10)  2
DPTR FM NORMAL  -324

[CDD (BASE 65) ]
TOTAL THIS MO.     0
DPTR FM NORMAL     0    [PRESSURE DATA]
TOTAL FM JAN 1     0    HIGHEST SLP M ON M
DPTR FM NORMAL     0    LOWEST  SLP 29.37 ON 23

[REMARKS]
