000
CXUS55 KCYS 291000
CF6RWL
PRELIMINARY LOCAL CLIMATOLOGICAL DATA (WS FORM: F-6)

                                          STATION:   RAWLINS WYOMING AIRPORT
                                          MONTH:     AUGUST
                                          YEAR:      2014
                                          LATITUDE:   41 47 N
                                          LONGITUDE: 107 12 W

  TEMPERATURE IN F:       :PCPN:    SNOW:  WIND      :SUNSHINE: SKY     :PK WND
================================================================================
1   2   3   4   5  6A  6B    7    8   9   10  11  12  13   14  15   16   17  18
                                     12Z  AVG MX 2MIN
DY MAX MIN AVG DEP HDD CDD  WTR  SNW DPTH SPD SPD DIR MIN PSBL S-S WX    SPD DR
================================================================================

 1  83  45  64  -4   1   0 0.00    M    M  8.7 22  80   M    M   0        32  50
 2  86  47  67  -1   0   2 0.00    M    M  5.9 10  90   M    M   0         M  M
 3  87  51  69   1   0   4 0.00    M    M  5.0 22 350   M    M   2        26 350
 4  79  52  66  -1   0   1 0.01    M    M  9.1 22 290   M    M   4        31 240
 5  82  50  66  -1   0   1    T    M    M 10.6 24 240   M    M   4        31 240
 6  80  49  65  -2   0   0    T    M    M 12.0 36 210   M    M   3 3      45 220
 7  75  46  61  -6   4   0 0.06    M    M  7.7 30 290   M    M   2 3      39 300
 8  78  42  60  -7   5   0 0.00    M    M  6.6 20 270   M    M   2        26 230
 9  79  55  67   0   0   2 0.00    M    M 13.9 24 250   M    M   1        30 290
10  81  50  66  -1   0   1 0.00    M    M  8.0 16  50   M    M   1        20  50
11  85  45  65  -1   0   0 0.00    M    M  4.4 14  80   M    M   1        17 100
12  88  46  67   1   0   2 0.00    M    M  5.6 20 280   M    M   0        24 280
13  85  59  72   6   0   7    T    M    M 10.4 23 250   M    M   5        30 250
14  80  56  68   2   0   3 0.08    M    M 11.5 24 230   M    M   5 3      29 220
15  83  50  67   1   0   2 0.10    M    M 10.5 25 280   M    M   2 3      29 280
16  86  51  69   3   0   4 0.00    M    M 11.5 28 260   M    M   0        38 280
17  87  47  67   2   0   2 0.00    M    M 10.1 32 330   M    M   0        39 320
18  86  46  66   1   0   1    T    M    M  6.1 30 200   M    M   1        45 190
19  74  47  61  -4   4   0    T    M    M  9.6 35 240   M    M   3        39 240
20  73  53  63  -2   2   0 0.05    M    M 11.6 26 320   M    M   7 3      32 320
21  73  47  60  -4   5   0 0.13    M    M 10.1 32 260   M    M   4 1      40 260
22  76  43  60  -4   5   0    T    M    M  7.6 24 170   M    M   3        31 170
23  60  45  53 -11  12   0 0.07    M    M 16.4 33 260   M    M   5 13     40 270
24  71  42  57  -7   8   0 0.00  0.0    0 14.5 31 230   M    M   4        41 220
25  74  49  62  -1   3   0 0.17    M    M  8.9 33 280   M    M   4 13     40 280
26  72  48  60  -3   5   0 0.02    M    M  8.1 18 260   M    M   2        22 230
27  63  51  57  -6   8   0 0.18    M    M 11.0 21 240   M    M   9 1      25 250
28  75  51  63   1   2   0 0.02    M    M 10.2 21 250   M    M   5 1      29 310
================================================================================
SM 2201 1363        64  32  0.89     0.0 265.6          M       79
================================================================================
AV 78.6 48.7                               9.5 FASTST   M    M   3    MAX(MPH)
                                 MISC ---->  # 36 210               # 45  220
================================================================================
NOTES:
# LAST OF SEVERAL OCCURRENCES

COLUMN 17 PEAK WIND IN M.P.H.

PRELIMINARY LOCAL CLIMATOLOGICAL DATA (WS FORM: F-6) , PAGE 2

                                          STATION:  RAWLINS WYOMING AIRPORT
                                          MONTH:    AUGUST
                                          YEAR:     2014
                                          LATITUDE:   41 47 N
                                          LONGITUDE: 107 12 W

[TEMPERATURE DATA]      [PRECIPITATION DATA]       SYMBOLS USED IN COLUMN 16

AVERAGE MONTHLY: 63.6   TOTAL FOR MONTH:   0.89    1 = FOG OR MIST
DPTR FM NORMAL:  -1.9   DPTR FM NORMAL:    0.21    2 = FOG REDUCING VISIBILITY
HIGHEST:    88 ON 12    GRTST 24HR  0.20 ON 27-28      TO 1/4 MILE OR LESS
LOWEST:     42 ON 24, 8                            3 = THUNDER
                        SNOW, ICE PELLETS, HAIL    4 = ICE PELLETS
                        TOTAL MONTH:   0.0 INCH    5 = HAIL
                        GRTST 24HR     0.0         6 = FREEZING RAIN OR DRIZZLE
                        GRTST DEPTH:   0           7 = DUSTSTORM OR SANDSTORM:
                                                       VSBY 1/2 MILE OR LESS
                                                   8 = SMOKE OR HAZE
[NO. OF DAYS WITH]      [WEATHER - DAYS WITH]      9 = BLOWING SNOW
                                                   X = TORNADO
MAX 32 OR BELOW:   0    0.01 INCH OR MORE:  11
MAX 90 OR ABOVE:   0    0.10 INCH OR MORE:   4
MIN 32 OR BELOW:   0    0.50 INCH OR MORE:   0
MIN  0 OR BELOW:   0    1.00 INCH OR MORE:   0

[HDD (BASE 65) ]
TOTAL THIS MO.    64    CLEAR  (SCALE 0-3)  15
DPTR FM NORMAL    17    PTCLDY (SCALE 4-7)  12
TOTAL FM JUL 1    90    CLOUDY (SCALE 8-10)  1
DPTR FM NORMAL     8

[CDD (BASE 65) ]
TOTAL THIS MO.    32
DPTR FM NORMAL   -29    [PRESSURE DATA]
TOTAL FM JAN 1   209    HIGHEST SLP M ON M
DPTR FM NORMAL    31    LOWEST  SLP 29.67 ON 19

[REMARKS]
