000
CXUS55 KLOX 231655
CF6SBA
PRELIMINARY LOCAL CLIMATOLOGICAL DATA (WS FORM: F-6)

                                          STATION:   SANTA BARBARA AIRPORT CA
                                          MONTH:     MARCH
                                          YEAR:      2017
                                          LATITUDE:   34 25 N
                                          LONGITUDE: 119 50 W

  TEMPERATURE IN F:       :PCPN:    SNOW:  WIND      :SUNSHINE: SKY     :PK WND
================================================================================
1   2   3   4   5  6A  6B    7    8   9   10  11  12  13   14  15   16   17  18
                                     12Z  AVG MX 2MIN
DY MAX MIN AVG DEP HDD CDD  WTR  SNW DPTH SPD SPD DIR MIN PSBL S-S WX    SPD DR
================================================================================

 1  69  37  53  -2  12   0 0.00  0.0    0  3.0 12 250   M    M   0        14 250
 2  70  38  54  -1  11   0 0.00  0.0    0  2.5 10 290   M    M   0        13 260
 3  73  38  56   1   9   0 0.00  0.0    0  3.8 15 260   M    M   0        17 250
 4  62  43  53  -2  12   0 0.00  0.0    0  3.4  9  50   M    M   2 12     12 160
 5  61  46  54  -1  11   0 0.20    M    0  8.1 25 290   M    M   5 1      33 270
 6  65  41  53  -2  12   0 0.00  0.0    0  6.7 16 280   M    M   0        21 290
 7  65  40  53  -2  12   0 0.00  0.0    0  2.7  9 250   M    M   1        11 260
 8  75  44  60   5   5   0 0.00  0.0    0  2.5 12 250   M    M   0 1      13 240
 9  76  46  61   6   4   0 0.00  0.0    0  2.3 12 270   M    M   0        14 280
10  71  50  61   6   4   0 0.00  0.0    0  3.2 12 270   M    M   0 1      15 270
11  77  46  62   7   3   0 0.00  0.0    0  4.4 21  20   M    M   0        26  30
12  69  48  59   4   6   0 0.00  0.0    0  3.4 12 150   M    M   1 1      14  40
13  70  52  61   6   4   0 0.00  0.0    0  3.1 12 150   M    M   6 12     14 150
14  65  51  58   3   7   0 0.00  0.0    0  3.8 13 270   M    M   9 12     16 260
15  65  50  58   2   7   0 0.00  0.0    0  3.9 14 270   M    M   4 128    18 260
16  69  48  59   3   6   0 0.00  0.0    0  4.3 10 150   M    M   1 1      12 150
17  62  51  57   1   8   0 0.00  0.0    0  3.5 10 260   M    M   9 12     14 270
18  62  53  58   2   7   0 0.00  0.0    0  5.4 10 100   M    M   7 18     12  90
19  62  54  58   2   7   0 0.00  0.0    0  5.0 14 140   M    M   9 18     19 140
20  64  56  60   4   5   0 0.00  0.0    0  5.4 14 130   M    M   7        18 120
21  60  56  58   2   7   0 0.76  0.0    0  8.1 16 110   M    M  10 1      21  90
22  68  50  59   3   6   0 0.00  0.0    0 10.0 24 270   M    M   4 1      29 280
================================================================================
SM 1480 1038       165   0  0.96     0.0  98.5          M       75
================================================================================
AV 67.3 47.2                               4.5 FASTST   M    M   3    MAX(MPH)
                                 MISC ---->  # 25 290               # 33  270
================================================================================
NOTES:
# LAST OF SEVERAL OCCURRENCES

COLUMN 17 PEAK WIND IN M.P.H.

PRELIMINARY LOCAL CLIMATOLOGICAL DATA (WS FORM: F-6) , PAGE 2

                                          STATION:  SANTA BARBARA AIRPORT CA
                                          MONTH:    MARCH
                                          YEAR:     2017
                                          LATITUDE:   34 25 N
                                          LONGITUDE: 119 50 W

[TEMPERATURE DATA]      [PRECIPITATION DATA]       SYMBOLS USED IN COLUMN 16

AVERAGE MONTHLY: 57.2   TOTAL FOR MONTH:   0.96    1 = FOG OR MIST
DPTR FM NORMAL:   1.9   DPTR FM NORMAL:   -1.53    2 = FOG REDUCING VISIBILITY
HIGHEST:    77 ON 11    GRTST 24HR  0.76 ON 21-21      TO 1/4 MILE OR LESS
LOWEST:     37 ON  1                               3 = THUNDER
                        SNOW, ICE PELLETS, HAIL    4 = ICE PELLETS
                        TOTAL MONTH:   0.0 INCH    5 = HAIL
                        GRTST 24HR     0.0         6 = FREEZING RAIN OR DRIZZLE
                        GRTST DEPTH:   0           7 = DUSTSTORM OR SANDSTORM:
                                                       VSBY 1/2 MILE OR LESS
                                                   8 = SMOKE OR HAZE
[NO. OF DAYS WITH]      [WEATHER - DAYS WITH]      9 = BLOWING SNOW
                                                   X = TORNADO
MAX 32 OR BELOW:   0    0.01 INCH OR MORE:   2
MAX 90 OR ABOVE:   0    0.10 INCH OR MORE:   2
MIN 32 OR BELOW:   0    0.50 INCH OR MORE:   1
MIN  0 OR BELOW:   0    1.00 INCH OR MORE:   0

[HDD (BASE 65) ]
TOTAL THIS MO.   165    CLEAR  (SCALE 0-3)  12
DPTR FM NORMAL   -49    PTCLDY (SCALE 4-7)   6
TOTAL FM JUL 1  1533    CLOUDY (SCALE 8-10)  4
DPTR FM NORMAL  -282

[CDD (BASE 65) ]
TOTAL THIS MO.     0
DPTR FM NORMAL     0    [PRESSURE DATA]
TOTAL FM JAN 1     0    HIGHEST SLP M ON M
DPTR FM NORMAL     0    LOWEST  SLP 29.90 ON M

[REMARKS]
