000
CXUS55 KLOX 281155
CF6SBA
PRELIMINARY LOCAL CLIMATOLOGICAL DATA (WS FORM: F-6)

                                          STATION:   SANTA BARBARA AIRPORT CA
                                          MONTH:     FEBRUARY
                                          YEAR:      2015
                                          LATITUDE:   34 25 N
                                          LONGITUDE: 119 50 W

  TEMPERATURE IN F:       :PCPN:    SNOW:  WIND      :SUNSHINE: SKY     :PK WND
================================================================================
1   2   3   4   5  6A  6B    7    8   9   10  11  12  13   14  15   16   17  18
                                     12Z  AVG MX 2MIN
DY MAX MIN AVG DEP HDD CDD  WTR  SNW DPTH SPD SPD DIR MIN PSBL S-S WX    SPD DR
================================================================================

 1  69  43  56   3   9   0 0.00  0.0    0  2.6  9 250   M    M   0        10 250
 2  69  44  57   4   8   0 0.00  0.0    0  3.1 10 260   M    M   1        13 260
 3  66  45  56   3   9   0 0.00  0.0    0  3.8 12 250   M    M   5 128    14 270
 4  64  55  60   7   5   0 0.00  0.0    0  5.3 12 270   M    M   8 18     15 270
 5  66  50  58   5   7   0 0.00  0.0    0  4.9 12 290   M    M   5 128    15 290
 6  65  48  57   4   8   0 0.00  0.0    0  5.1 15 140   M    M   5 18     17 140
 7  62  56  59   6   6   0 0.59  0.0    0  4.7  M   M   M    M  10 1       M  M
 8  68  60  64  11   1   0 0.04  0.0    0  4.1 13 160   M    M   9 1      15 170
 9  75  51  63  10   2   0 0.00  0.0    M  5.5 20 270   M    M   2 12     24 270
10  73  47  60   7   5   0 0.00  0.0    0  2.2 13 270   M    M   0 8      14 270
11  78  45  62   9   3   0 0.00  0.0    0  3.1 14 280   M    M   0        17 270
12  82  47  65  11   0   0 0.00  0.0    0  2.2 12 210   M    M   0        14 210
13  82  45  64  10   1   0 0.00  0.0    0  3.5 14 280   M    M   0 8      19 270
14  80  47  64  10   1   0 0.00  0.0    0  2.2  9 250   M    M   0        12 250
15  67  49  58   4   7   0 0.00  0.0    0  3.9 10 250   M    M   4 12     13 270
16  64  54  59   5   6   0 0.00  0.0    0  5.8 12 250   M    M   9 18     17 230
17  66  50  58   4   7   0 0.00  0.0    0  5.8 13 260   M    M   6 18     16 240
18  65  46  56   2   9   0 0.00  0.0    0  2.8 10 240   M    M   2 18     12 230
19  63  49  56   2   9   0 0.00  0.0    0   M   M   M   M    M   4 128     M  M
20  64  50  57   3   8   0 0.00  0.0    0  4.4 12 270   M    M   6 128    14 240
21  67  55  61   7   4   0 0.00  0.0    0  5.3 12 280   M    M  10 18     15 220
22  64  51  58   4   7   0 0.08  0.0    0  2.6 14 230   M    M  10 18     19 240
23  62  42  52  -2  13   0 0.19    M    0  5.0 17 280   M    M   1        22 270
24  73  39  56   2   9   0 0.00  0.0    0  4.0 20 330   M    M   0        24 330
25  67  42  55   1  10   0 0.00  0.0    0  2.5  8 130   M    M   0        11 180
26  65  42  54   0  11   0 0.00  0.0    0  3.2 10 150   M    M   1        13 140
27  70  46  58   3   7   0 0.00  0.0    0  8.7 26 270   M    M   2        42  20
================================================================================
SM 1856 1298       172   0  0.90     0.0 106.3          M      100
================================================================================
AV 68.7 48.1                               4.1 FASTST   M    M   4    MAX(MPH)
                                 MISC ---->    26   M                 42    M
================================================================================
NOTES:
# LAST OF SEVERAL OCCURRENCES

COLUMN 17 PEAK WIND IN M.P.H.

PRELIMINARY LOCAL CLIMATOLOGICAL DATA (WS FORM: F-6) , PAGE 2

                                          STATION:  SANTA BARBARA AIRPORT CA
                                          MONTH:    FEBRUARY
                                          YEAR:     2015
                                          LATITUDE:   34 25 N
                                          LONGITUDE: 119 50 W

[TEMPERATURE DATA]      [PRECIPITATION DATA]       SYMBOLS USED IN COLUMN 16

AVERAGE MONTHLY: 58.4   TOTAL FOR MONTH:   0.90    1 = FOG OR MIST
DPTR FM NORMAL:   4.8   DPTR FM NORMAL:   -2.93    2 = FOG REDUCING VISIBILITY
HIGHEST:    82 ON 13,12 GRTST 24HR  0.59 ON  7- 7      TO 1/4 MILE OR LESS
LOWEST:     39 ON 24                               3 = THUNDER
                        SNOW, ICE PELLETS, HAIL    4 = ICE PELLETS
                        TOTAL MONTH:   0.0 INCH    5 = HAIL
                        GRTST 24HR     0.0         6 = FREEZING RAIN OR DRIZZLE
                        GRTST DEPTH:   0           7 = DUSTSTORM OR SANDSTORM:
                                                       VSBY 1/2 MILE OR LESS
                                                   8 = SMOKE OR HAZE
[NO. OF DAYS WITH]      [WEATHER - DAYS WITH]      9 = BLOWING SNOW
                                                   X = TORNADO
MAX 32 OR BELOW:   0    0.01 INCH OR MORE:   4
MAX 90 OR ABOVE:   0    0.10 INCH OR MORE:   2
MIN 32 OR BELOW:   0    0.50 INCH OR MORE:   1
MIN  0 OR BELOW:   0    1.00 INCH OR MORE:   0

[HDD (BASE 65) ]
TOTAL THIS MO.   172    CLEAR  (SCALE 0-3)  14
DPTR FM NORMAL  -135    PTCLDY (SCALE 4-7)   8
TOTAL FM JUL 1   817    CLOUDY (SCALE 8-10)  5
DPTR FM NORMAL  -774

[CDD (BASE 65) ]
TOTAL THIS MO.     0
DPTR FM NORMAL     0    [PRESSURE DATA]
TOTAL FM JAN 1     0    HIGHEST SLP M ON M
DPTR FM NORMAL     0    LOWEST  SLP 29.71 ON 27

[REMARKS]
