000
CXUS53 KIWX 240800
CF6SBN
PRELIMINARY LOCAL CLIMATOLOGICAL DATA (WS FORM: F-6)

                                          STATION:   SOUTH BEND
                                          MONTH:     JULY
                                          YEAR:      2016
                                          LATITUDE:   41 42 N
                                          LONGITUDE:  86 19 W

  TEMPERATURE IN F:       :PCPN:    SNOW:  WIND      :SUNSHINE: SKY     :PK WND
================================================================================
1   2   3   4   5  6A  6B    7    8   9   10  11  12  13   14  15   16   17  18
                                     12Z  AVG MX 2MIN
DY MAX MIN AVG DEP HDD CDD  WTR  SNW DPTH SPD SPD DIR MIN PSBL S-S WX    SPD DR
================================================================================

 1  69  53  61 -12   4   0 0.01  0.0    0 12.6 25 350   M    M   5        31 330
 2  74  49  62 -11   3   0 0.00  0.0    0  2.7 12 340   M    M   0        14 330
 3  75  52  64  -9   1   0 0.00  0.0    0  7.4 16 140   M    M   3        20 120
 4  76  63  70  -3   0   5    T  0.0    0  6.7 13 150   M    M  10 1      17 130
 5  84  63  74   1   0   9 0.00  0.0    0  5.2 13 200   M    M   6 1      16 210
 6  85  66  76   3   0  11 0.46  0.0    0  6.6 30 260   M    M   3 13     38 280
 7  84  69  77   4   0  12    T  0.0    0  6.0 16 150   M    M   5 12     21 150
 8  86  67  77   4   0  12 0.00  0.0    0  7.7 21 320   M    M   6 1238   26 330
 9  73  58  66  -7   0   1 0.00  0.0    0 11.1 21 350   M    M   5        27 330
10  82  55  69  -4   0   4 0.00  0.0    0  2.3  9 140   M    M   0        12 270
11  89  63  76   3   0  11 0.00  0.0    0  7.7 18 190   M    M   2        22 190
12  92  69  81   8   0  16 0.00  0.0    0 11.3 24 220   M    M   1 3      30 220
13  86  68  77   4   0  12 0.34  0.0    0  9.1 32 290   M    M   5 123    41 290
14  87  67  77   4   0  12 0.00  0.0    0 11.4 20 290   M    M   4        27 270
15  76  60  68  -5   0   3 0.00  0.0    0  9.0 21 290   M    M   5        25 300
16  78  56  67  -6   0   2 0.00  0.0    0  5.3 13 300   M    M   1        21 300
17  83  54  69  -4   0   4 0.03  0.0    0 10.3 24 220   M    M   0 3      30 230
18  83  64  74   1   0   9 0.07  0.0    0  5.9 23 260   M    M   3 13     29 270
19  87  60  74   1   0   9 0.00  0.0    0  3.6 13 310   M    M   0 18     16 350
20  89  64  77   4   0  12 0.00  0.0    0  4.9 14 200   M    M   0        20 210
21  89  69  79   6   0  14 0.28  0.0    0  7.8 22 280   M    M   1 13     28 330
22  86  69  78   5   0  13 0.05  0.0    0  6.6 29 260   M    M   0 3      35 260
23  91  72  82   9   0  17 1.03  0.0    0  3.9 26 130   M    M   4 13     35 130
================================================================================
SM 1904 1430         8 188  2.27     0.0 165.1          M       69
================================================================================
AV 82.8 62.2                               7.2 FASTST   M    M   3    MAX(MPH)
                                 MISC ---->  # 32 290               # 41  290
================================================================================
NOTES:
# LAST OF SEVERAL OCCURRENCES

COLUMN 17 PEAK WIND IN M.P.H.

PRELIMINARY LOCAL CLIMATOLOGICAL DATA (WS FORM: F-6) , PAGE 2

                                          STATION:  SOUTH BEND
                                          MONTH:    JULY
                                          YEAR:     2016
                                          LATITUDE:   41 42 N
                                          LONGITUDE:  86 19 W

[TEMPERATURE DATA]      [PRECIPITATION DATA]       SYMBOLS USED IN COLUMN 16

AVERAGE MONTHLY: 72.5   TOTAL FOR MONTH:   2.27    1 = FOG OR MIST
DPTR FM NORMAL:  -0.5   DPTR FM NORMAL:   -0.68    2 = FOG REDUCING VISIBILITY
HIGHEST:    92 ON 12    GRTST 24HR  1.03 ON 23-23      TO 1/4 MILE OR LESS
LOWEST:     49 ON  2                               3 = THUNDER
                        SNOW, ICE PELLETS, HAIL    4 = ICE PELLETS
                        TOTAL MONTH:   0.0 INCH    5 = HAIL
                        GRTST 24HR     0.0         6 = FREEZING RAIN OR DRIZZLE
                        GRTST DEPTH:   0           7 = DUSTSTORM OR SANDSTORM:
                                                       VSBY 1/2 MILE OR LESS
                                                   8 = SMOKE OR HAZE
[NO. OF DAYS WITH]      [WEATHER - DAYS WITH]      9 = BLOWING SNOW
                                                   X = TORNADO
MAX 32 OR BELOW:   0    0.01 INCH OR MORE:   8
MAX 90 OR ABOVE:   2    0.10 INCH OR MORE:   4
MIN 32 OR BELOW:   0    0.50 INCH OR MORE:   1
MIN  0 OR BELOW:   0    1.00 INCH OR MORE:   1

[HDD (BASE 65) ]
TOTAL THIS MO.     8    CLEAR  (SCALE 0-3)  13
DPTR FM NORMAL     8    PTCLDY (SCALE 4-7)   9
TOTAL FM JUL 1     8    CLOUDY (SCALE 8-10)  1
DPTR FM NORMAL     8

[CDD (BASE 65) ]
TOTAL THIS MO.   188
DPTR FM NORMAL     4    [PRESSURE DATA]
TOTAL FM JAN 1   433    HIGHEST SLP M ON M
DPTR FM NORMAL    28    LOWEST  SLP 29.75 ON  7

[REMARKS]
