000
CXUS53 KIWX 300800
CF6SBN
PRELIMINARY LOCAL CLIMATOLOGICAL DATA (WS FORM: F-6)

                                          STATION:   SOUTH BEND
                                          MONTH:     JULY
                                          YEAR:      2015
                                          LATITUDE:   41 42 N
                                          LONGITUDE:  86 19 W

  TEMPERATURE IN F:       :PCPN:    SNOW:  WIND      :SUNSHINE: SKY     :PK WND
================================================================================
1   2   3   4   5  6A  6B    7    8   9   10  11  12  13   14  15   16   17  18
                                     12Z  AVG MX 2MIN
DY MAX MIN AVG DEP HDD CDD  WTR  SNW DPTH SPD SPD DIR MIN PSBL S-S WX    SPD DR
================================================================================

 1  69  55  62 -11   3   0 0.00  0.0    0  9.5 16 330   M    M   2        21 330
 2  75  53  64  -9   1   0 0.00  0.0    0  6.3 13  70   M    M   2        19  40
 3  77  58  68  -5   0   3 0.00  0.0    0  3.5 14 340   M    M   0        16 130
 4  81  54  68  -5   0   3 0.00  0.0    0  2.0  9 330   M    M   0        12 250
 5  84  59  72  -1   0   7 0.00  0.0    0  3.7 13 200   M    M   0 18     19 170
 6  86  63  75   2   0  10 0.00  0.0    0  9.9 23 210   M    M   1        32 160
 7  79  54  67  -6   0   2 0.27  0.0    0 12.0 23 350   M    M   5 18     28 320
 8  67  53  60 -13   5   0 0.02  0.0    0  5.8 15 110   M    M   4 1      19 130
 9  72  55  64  -9   1   0 0.70  0.0    0  8.0 16 340   M    M   7 1      20 350
10  79  53  66  -7   0   1 0.00  0.0    0  2.1  9 310   M    M   1 18     12 360
11  79  57  68  -5   0   3    T  0.0    0  5.3 13 240   M    M   2 18     15 240
12  79  66  73   0   0   8 0.06  0.0    0  5.8 12 130   M    M   9 1      13 120
13  84  66  75   2   0  10 1.21  0.0    0  9.3 32 310   M    M   5 1      44 320
14  77  62  70  -3   0   5 0.00  0.0    0 12.1 25 340   M    M   5        31 340
15  80  60  70  -3   0   5 0.00  0.0    0  6.7 15 310   M    M   2        18 310
16  75  60  68  -5   0   3 0.15  0.0    0  8.4 21 150   M    M   3 1      26 150
17  90  68  79   6   0  14 1.85  0.0    0  9.2 18 160   M    M   8 1      22 130
18  90  68  79   6   0  14 0.53  0.0    0  6.6 32 280   M    M   2 1      38 270
19  83  65  74   1   0   9 0.00  0.0    0  7.0 15 350   M    M   2        19 350
20  85  62  74   1   0   9 0.00  0.0    0  4.7 14 300   M    M   1        20 260
21  77  61  69  -4   0   4 0.00  0.0    0  8.9 18 340   M    M   1        23 320
22  81  59  70  -3   0   5 0.00  0.0    0  3.6 13 290   M    M   2        17 340
23  84  58  71  -2   0   6 0.00  0.0    0  2.5 12 320   M    M   1        15 340
24  86  61  74   1   0   9 0.00  0.0    0  4.9 15 210   M    M   0        19 250
25  88  68  78   5   0  13 0.00  0.0    0  6.2 15 230   M    M   5        19 230
26  85  63  74   1   0   9 0.00  0.0    0  4.1 10 100   M    M   1 1      13 100
27  89  67  78   5   0  13 0.00  0.0    0  5.7 17 140   M    M   1        22 120
28  90  65  78   5   0  13 0.00  0.0    0  5.8 17 130   M    M   1        20 130
29  85  67  76   4   0  11 0.00  0.0    0  7.2 18 310   M    M   2        22 300
================================================================================
SM 2356 1760        10 189  4.79     0.0 186.8          M       75
================================================================================
AV 81.2 60.7                               6.4 FASTST   M    M   3    MAX(MPH)
                                 MISC ---->  # 32 310               # 44  320
================================================================================
NOTES:
# LAST OF SEVERAL OCCURRENCES

COLUMN 17 PEAK WIND IN M.P.H.

PRELIMINARY LOCAL CLIMATOLOGICAL DATA (WS FORM: F-6) , PAGE 2

                                          STATION:  SOUTH BEND
                                          MONTH:    JULY
                                          YEAR:     2015
                                          LATITUDE:   41 42 N
                                          LONGITUDE:  86 19 W

[TEMPERATURE DATA]      [PRECIPITATION DATA]       SYMBOLS USED IN COLUMN 16

AVERAGE MONTHLY: 71.0   TOTAL FOR MONTH:   4.79    1 = FOG OR MIST
DPTR FM NORMAL:  -2.0   DPTR FM NORMAL:    1.05    2 = FOG REDUCING VISIBILITY
HIGHEST:    90 ON 28,18 GRTST 24HR  1.98 ON 16-17      TO 1/4 MILE OR LESS
LOWEST:     53 ON 10, 8                            3 = THUNDER
                        SNOW, ICE PELLETS, HAIL    4 = ICE PELLETS
                        TOTAL MONTH:   0.0 INCH    5 = HAIL
                        GRTST 24HR     0.0         6 = FREEZING RAIN OR DRIZZLE
                        GRTST DEPTH:   0           7 = DUSTSTORM OR SANDSTORM:
                                                       VSBY 1/2 MILE OR LESS
                                                   8 = SMOKE OR HAZE
[NO. OF DAYS WITH]      [WEATHER - DAYS WITH]      9 = BLOWING SNOW
                                                   X = TORNADO
MAX 32 OR BELOW:   0    0.01 INCH OR MORE:   8
MAX 90 OR ABOVE:   3    0.10 INCH OR MORE:   6
MIN 32 OR BELOW:   0    0.50 INCH OR MORE:   4
MIN  0 OR BELOW:   0    1.00 INCH OR MORE:   2

[HDD (BASE 65) ]
TOTAL THIS MO.    10    CLEAR  (SCALE 0-3)  20
DPTR FM NORMAL    10    PTCLDY (SCALE 4-7)   8
TOTAL FM JUL 1    10    CLOUDY (SCALE 8-10)  1
DPTR FM NORMAL    10

[CDD (BASE 65) ]
TOTAL THIS MO.   189
DPTR FM NORMAL   -43    [PRESSURE DATA]
TOTAL FM JAN 1   432    HIGHEST SLP M ON M
DPTR FM NORMAL   -21    LOWEST  SLP 29.56 ON 14

[REMARKS]
