000
CXUS55 KLOX 011155
CF6SBP
PRELIMINARY LOCAL CLIMATOLOGICAL DATA (WS FORM: F-6)

                                          STATION:   SAN LUIS OBISPO AIRPORT CA
                                          MONTH:     FEBRUARY
                                          YEAR:      2015
                                          LATITUDE:   35 13 N
                                          LONGITUDE: 120 38 W

  TEMPERATURE IN F:       :PCPN:    SNOW:  WIND      :SUNSHINE: SKY     :PK WND
================================================================================
1   2   3   4   5  6A  6B    7    8   9   10  11  12  13   14  15   16   17  18
                                     12Z  AVG MX 2MIN
DY MAX MIN AVG DEP HDD CDD  WTR  SNW DPTH SPD SPD DIR MIN PSBL S-S WX    SPD DR
================================================================================

 1  73  38  56   3   9   0 0.00  0.0    0  4.6 18 320   M    M   1        25 320
 2  79  41  60   7   5   0 0.00  0.0    0  4.1 22 310   M    M   1        25 300
 3  76  41  59   6   6   0 0.00  0.0    0  2.9 16 290   M    M   3 12     19 290
 4  69  41  55   2  10   0 0.00  0.0    0  3.3  9 310   M    M   7 12     22  20
 5  67  42  55   2  10   0 0.00  0.0    0  3.2 13 250   M    M   8 12     15 250
 6  66  47  57   4   8   0 0.29    M    M  6.7 18 190   M    M   7 1      26 200
 7  65  59  62   9   3   0 0.81  0.0    0  5.6 16 160   M    M  10 12     21 160
 8  69  54  62   9   3   0 0.39  0.0    0  8.1 16 180   M    M   9 128    23 190
 9  67  53  60   7   5   0 0.00  0.0    M  8.0 20 320   M    M   4 128    25 320
10  72  52  62   9   3   0 0.00  0.0    0  6.3 20 320   M    M   0        24 330
11  78  44  61   8   4   0 0.00  0.0    0  4.7 15 310   M    M   0         M  M
12  82  44  63  10   2   0 0.00  0.0    0  3.8 15 310   M    M   0        17 310
13  82  44  63  10   2   0 0.00    M    0  3.4 21 320   M    M   0        22 320
14  81  45  63  10   2   0 0.00  0.0    0  2.4 13 320   M    M   0        14 320
15  73  42  58   5   7   0 0.00  0.0    0  4.0 15 330   M    M   2 12     18 320
16  62  50  56   3   9   0 0.00  0.0    0  4.1 12 310   M    M   9 12     14 300
17  58  52  55   2  10   0 0.00  0.0    0  3.5 12 310   M    M  10        14 320
18  68  53  61   8   4   0 0.00  0.0    0  4.1 17 310   M    M   6 1      19 310
19  67  54  61   8   4   0 0.00  0.0    0  5.6 17 300   M    M   8 18     21 310
20  67  50  59   6   6   0 0.00  0.0    0  4.1 16 320   M    M   7 128    19 310
21  62  51  57   4   8   0 0.00  0.0    0  3.8 13 320   M    M  10 18     15 320
22  61  46  54   0  11   0 0.22    M    0  5.3 17 350   M    M   9 1      21 350
23  61  41  51  -3  14   0 0.00  0.0    0  4.6 16 320   M    M   3 1       M  M
24  69  38  54   0  11   0 0.00  0.0    0  4.3 20 320   M    M   0        22 300
25  69  39  54   0  11   0 0.00  0.0    0  6.6 22 320   M    M   0        27 320
26  72  41  57   3   8   0 0.00  0.0    0  8.2 20 310   M    M   1        23 320
27  65  45  55   1  10   0 0.00  0.0    0 10.0 28 310   M    M   4 18     36 310
28  57  43  50  -4  15   0 0.39    M    0  3.0 10 100   M    M   9 1      13  40
================================================================================
SM 1937 1290       200   0  2.10     0.0 138.4          M      128
================================================================================
AV 69.2 46.1                               4.9 FASTST   M    M   5    MAX(MPH)
                                 MISC ---->    28   M                 36    M
================================================================================
NOTES:
# LAST OF SEVERAL OCCURRENCES

COLUMN 17 PEAK WIND IN M.P.H.

PRELIMINARY LOCAL CLIMATOLOGICAL DATA (WS FORM: F-6) , PAGE 2

                                          STATION:  SAN LUIS OBISPO AIRPORT CA
                                          MONTH:    FEBRUARY
                                          YEAR:     2015
                                          LATITUDE:   35 13 N
                                          LONGITUDE: 120 38 W

[TEMPERATURE DATA]      [PRECIPITATION DATA]       SYMBOLS USED IN COLUMN 16

AVERAGE MONTHLY: 57.6   TOTAL FOR MONTH:   2.10    1 = FOG OR MIST
DPTR FM NORMAL:   4.4   DPTR FM NORMAL:   -1.55    2 = FOG REDUCING VISIBILITY
HIGHEST:    82 ON 13,12 GRTST 24HR  1.10 ON  6- 7      TO 1/4 MILE OR LESS
LOWEST:     38 ON 24, 1                            3 = THUNDER
                        SNOW, ICE PELLETS, HAIL    4 = ICE PELLETS
                        TOTAL MONTH:   0.0 INCH    5 = HAIL
                        GRTST 24HR     0.0         6 = FREEZING RAIN OR DRIZZLE
                        GRTST DEPTH:   0           7 = DUSTSTORM OR SANDSTORM:
                                                       VSBY 1/2 MILE OR LESS
                                                   8 = SMOKE OR HAZE
[NO. OF DAYS WITH]      [WEATHER - DAYS WITH]      9 = BLOWING SNOW
                                                   X = TORNADO
MAX 32 OR BELOW:   0    0.01 INCH OR MORE:   5
MAX 90 OR ABOVE:   0    0.10 INCH OR MORE:   5
MIN 32 OR BELOW:   0    0.50 INCH OR MORE:   1
MIN  0 OR BELOW:   0    1.00 INCH OR MORE:   0

[HDD (BASE 65) ]
TOTAL THIS MO.   200    CLEAR  (SCALE 0-3)  13
DPTR FM NORMAL  -132    PTCLDY (SCALE 4-7)   8
TOTAL FM JUL 1   906    CLOUDY (SCALE 8-10)  7
DPTR FM NORMAL  -665

[CDD (BASE 65) ]
TOTAL THIS MO.     0
DPTR FM NORMAL    -1    [PRESSURE DATA]
TOTAL FM JAN 1     0    HIGHEST SLP 30.34 ON 24
DPTR FM NORMAL    -1    LOWEST  SLP 29.78 ON 27

[REMARKS]
#FINAL-02-15#
