000
CXUS56 KSTO 191425
CF6SCK
PRELIMINARY LOCAL CLIMATOLOGICAL DATA (WS FORM: F-6)

                                          STATION:   STOCKTON AIRPORT CA
                                          MONTH:     AUGUST
                                          YEAR:      2017
                                          LATITUDE:   37 54 N
                                          LONGITUDE: 121 15 W

  TEMPERATURE IN F:       :PCPN:    SNOW:  WIND      :SUNSHINE: SKY     :PK WND
================================================================================
1   2   3   4   5  6A  6B    7    8   9   10  11  12  13   14  15   16   17  18
                                     12Z  AVG MX 2MIN
DY MAX MIN AVG DEP HDD CDD  WTR  SNW DPTH SPD SPD DIR MIN PSBL S-S WX    SPD DR
================================================================================

 1 107  64  86   9   0  21 0.00  0.0    0  5.6 16 290   M    M   0        18 290
 2 105  68  87  10   0  22 0.00  0.0    0  5.3 15 270   M    M   0        19 260
 3 102  73  88  11   0  23 0.00  0.0    0  7.2 20 260   M    M   0        25 260
 4  97  76  87  11   0  22    T  0.0    0  8.2 16 270   M    M   2        20 260
 5  96  70  83   7   0  18    T  0.0    0  8.0 15 290   M    M   0        19 300
 6  94  63  79   3   0  14 0.00  0.0    0  7.6 16 280   M    M   0        21 280
 7  93  60  77   1   0  12 0.00  0.0    0  6.6 14 290   M    M   0 8      19 310
 8  95  59  77   1   0  12 0.00  0.0    0  8.5 18 270   M    M   0 8      28 230
 9  93  61  77   1   0  12 0.00  0.0    0  8.7 18 290   M    M   0 1      26 270
10  94  60  77   1   0  12 0.00  0.0    0  7.7 15 310   M    M   0 8      26 310
11  98  59  79   3   0  14 0.00  0.0    0  6.8 15 300   M    M   0 18     18 270
12  96  61  79   3   0  14 0.00  0.0    0  8.0 18 260   M    M   0        21 260
13  96  59  78   2   0  13 0.00  0.0    0 10.9 25 260   M    M   0        31 250
14  86  61  74  -2   0   9 0.00  0.0    0 13.2 22 260   M    M   0        26 280
15  86  56  71  -5   0   6 0.00  0.0    0  9.0 21 270   M    M   0 18     24 260
16  91  57  74  -2   0   9 0.00  0.0    0  5.9 14 310   M    M   0 8      17 320
17  94  62  78   2   0  13 0.00  0.0    0  8.1 17 290   M    M   0 18     28 310
18  97  62  80   4   0  15 0.00  0.0    0  6.4 17 290   M    M   0 8      20 290
================================================================================
SM 1720 1131         0 261    T      0.0 141.7          M        2
================================================================================
AV 95.6 62.8                               7.9 FASTST   M    M   0    MAX(MPH)
                                 MISC ---->  # 25 260               # 31  250
================================================================================
NOTES:
# LAST OF SEVERAL OCCURRENCES

COLUMN 17 PEAK WIND IN M.P.H.

PRELIMINARY LOCAL CLIMATOLOGICAL DATA (WS FORM: F-6) , PAGE 2

                                          STATION:  STOCKTON AIRPORT CA
                                          MONTH:    AUGUST
                                          YEAR:     2017
                                          LATITUDE:   37 54 N
                                          LONGITUDE: 121 15 W

[TEMPERATURE DATA]      [PRECIPITATION DATA]       SYMBOLS USED IN COLUMN 16

AVERAGE MONTHLY: 79.2   TOTAL FOR MONTH:      T    1 = FOG OR MIST
DPTR FM NORMAL:   3.0   DPTR FM NORMAL:   -0.00    2 = FOG REDUCING VISIBILITY
HIGHEST:   107 ON  1    GRTST 24HR    T  ON  5- 5      TO 1/4 MILE OR LESS
LOWEST:     56 ON 15                               3 = THUNDER
                        SNOW, ICE PELLETS, HAIL    4 = ICE PELLETS
                        TOTAL MONTH:   0.0 INCH    5 = HAIL
                        GRTST 24HR     0.0         6 = FREEZING RAIN OR DRIZZLE
                        GRTST DEPTH:   0           7 = DUSTSTORM OR SANDSTORM:
                                                       VSBY 1/2 MILE OR LESS
                                                   8 = SMOKE OR HAZE
[NO. OF DAYS WITH]      [WEATHER - DAYS WITH]      9 = BLOWING SNOW
                                                   X = TORNADO
MAX 32 OR BELOW:   0    0.01 INCH OR MORE:   0
MAX 90 OR ABOVE:  16    0.10 INCH OR MORE:   0
MIN 32 OR BELOW:   0    0.50 INCH OR MORE:   0
MIN  0 OR BELOW:   0    1.00 INCH OR MORE:   0

[HDD (BASE 65) ]
TOTAL THIS MO.     0    CLEAR  (SCALE 0-3)  18
DPTR FM NORMAL     0    PTCLDY (SCALE 4-7)   0
TOTAL FM JUL 1     0    CLOUDY (SCALE 8-10)  0
DPTR FM NORMAL     0

[CDD (BASE 65) ]
TOTAL THIS MO.   261
DPTR FM NORMAL    59    [PRESSURE DATA]
TOTAL FM JAN 1  1272    HIGHEST SLP M ON M
DPTR FM NORMAL   358    LOWEST  SLP 29.75 ON  1

[REMARKS]
