000
CXUS56 KSTO 281355
CF6SCK
PRELIMINARY LOCAL CLIMATOLOGICAL DATA (WS FORM: F-6)

                                          STATION:   STOCKTON AIRPORT CA
                                          MONTH:     APRIL
                                          YEAR:      2017
                                          LATITUDE:   37 54 N
                                          LONGITUDE: 121 15 W

  TEMPERATURE IN F:       :PCPN:    SNOW:  WIND      :SUNSHINE: SKY     :PK WND
================================================================================
1   2   3   4   5  6A  6B    7    8   9   10  11  12  13   14  15   16   17  18
                                     12Z  AVG MX 2MIN
DY MAX MIN AVG DEP HDD CDD  WTR  SNW DPTH SPD SPD DIR MIN PSBL S-S WX    SPD DR
================================================================================

 1  77  41  59   3   6   0 0.00  0.0    0  3.8  9 100   M    M   0        13 330
 2  81  47  64   8   1   0 0.00  0.0    0  7.8 21 320   M    M   0        26 340
 3  78  49  64   7   1   0 0.00  0.0    0 11.9 26 300   M    M   0        31 310
 4  77  47  62   5   3   0 0.00  0.0    0  4.0 13 300   M    M   0        15 290
 5  80  49  65   8   0   0 0.00  0.0    0  5.2 17 310   M    M   0        20 300
 6  63  54  59   2   6   0 0.34  0.0    0  9.0 29 160   M    M   8 1      38 180
 7  65  51  58   1   7   0 0.16  0.0    0 14.0 24 150   M    M   7 1      31 130
 8  59  44  52  -6  13   0 0.42    M    0  6.9 24 290   M    M   5 18     27 290
 9  66  38  52  -6  13   0 0.00  0.0    0  4.9 16 300   M    M   1 1       M 220
10  72  39  56  -2   9   0 0.00  0.0    0  6.1 14 280   M    M   0        18 310
11  70  51  61   3   4   0 0.01  0.0    0  7.4 20 150   M    M   7 1      24 160
12  74  50  62   4   3   0 0.01  0.0    0 12.0 28 240   M    M   6 1      33 240
13  66  45  56  -2   9   0 0.19    M    0 11.1 26 260   M    M   5 1      35 280
14  67  40  54  -5  11   0 0.00  0.0    0 11.7 21 310   M    M   0        26 310
15  73  39  56  -3   9   0 0.00  0.0    0  3.6 10 330   M    M   0        18 290
16  62  48  55  -4  10   0 0.31  0.0    0  6.6 18 140   M    M   5 1      23 150
17  66  55  61   2   4   0 0.07  0.0    0  4.1 13 330   M    M   9 18     14 330
18  71  52  62   2   3   0 0.31  0.0    0  6.3 15 300   M    M   6 1      18 310
19  72  44  58  -2   7   0 0.00  0.0    0  5.1 16 290   M    M   1 1      21 280
20  73  51  62   2   3   0 0.04  0.0    0  9.9 20 330   M    M   3 1      26 310
21  79  47  63   3   2   0 0.00  0.0    0  7.0 15 310   M    M   0        23 300
22  74  47  61   0   4   0 0.00  0.0    0  7.9 18 290   M    M   1        22 300
23  74  52  63   2   2   0 0.00  0.0    0 12.1 24 250   M    M   0        30 270
24  65  52  59  -2   6   0    T  0.0    0 11.1 17 260   M    M   6        21 270
25  73  49  61  -1   4   0 0.00  0.0    0 12.5 22 320   M    M   0        29 320
26  72  55  64   2   1   0    T  0.0    0 10.6 18 270   M    M   9 1      24 280
27  78  47  63   1   2   0 0.00  0.0    0 11.5 22 320   M    M   1 1      27 350
================================================================================
SM 1927 1283       143   0  1.86     0.0 224.1          M       80
================================================================================
AV 71.4 47.5                               8.3 FASTST   M    M   3    MAX(MPH)
                                 MISC ---->  # 29 160               # 38  180
================================================================================
NOTES:
# LAST OF SEVERAL OCCURRENCES

COLUMN 17 PEAK WIND IN M.P.H.

PRELIMINARY LOCAL CLIMATOLOGICAL DATA (WS FORM: F-6) , PAGE 2

                                          STATION:  STOCKTON AIRPORT CA
                                          MONTH:    APRIL
                                          YEAR:     2017
                                          LATITUDE:   37 54 N
                                          LONGITUDE: 121 15 W

[TEMPERATURE DATA]      [PRECIPITATION DATA]       SYMBOLS USED IN COLUMN 16

AVERAGE MONTHLY: 59.4   TOTAL FOR MONTH:   1.86    1 = FOG OR MIST
DPTR FM NORMAL:   0.6   DPTR FM NORMAL:    0.95    2 = FOG REDUCING VISIBILITY
HIGHEST:    81 ON  2    GRTST 24HR  0.48 ON  7- 8      TO 1/4 MILE OR LESS
LOWEST:     38 ON  9                               3 = THUNDER
                        SNOW, ICE PELLETS, HAIL    4 = ICE PELLETS
                        TOTAL MONTH:   0.0 INCH    5 = HAIL
                        GRTST 24HR     0.0         6 = FREEZING RAIN OR DRIZZLE
                        GRTST DEPTH:   0           7 = DUSTSTORM OR SANDSTORM:
                                                       VSBY 1/2 MILE OR LESS
                                                   8 = SMOKE OR HAZE
[NO. OF DAYS WITH]      [WEATHER - DAYS WITH]      9 = BLOWING SNOW
                                                   X = TORNADO
MAX 32 OR BELOW:   0    0.01 INCH OR MORE:  10
MAX 90 OR ABOVE:   0    0.10 INCH OR MORE:   6
MIN 32 OR BELOW:   0    0.50 INCH OR MORE:   0
MIN  0 OR BELOW:   0    1.00 INCH OR MORE:   0

[HDD (BASE 65) ]
TOTAL THIS MO.   143    CLEAR  (SCALE 0-3)  16
DPTR FM NORMAL   -34    PTCLDY (SCALE 4-7)   8
TOTAL FM JUL 1  2079    CLOUDY (SCALE 8-10)  3
DPTR FM NORMAL  -484

[CDD (BASE 65) ]
TOTAL THIS MO.     0
DPTR FM NORMAL   -10    [PRESSURE DATA]
TOTAL FM JAN 1     1    HIGHEST SLP M ON M
DPTR FM NORMAL    -9    LOWEST  SLP 29.72 ON  6

[REMARKS]
