000
CXUS55 KSEW 250930
CF6SEW
PRELIMINARY LOCAL CLIMATOLOGICAL DATA (WS FORM: F-6)

                                          STATION:   SEATTLE WA WFO
                                          MONTH:     MAY
                                          YEAR:      2016
                                          LATITUDE:   47 41 N
                                          LONGITUDE: 122 15 W

  TEMPERATURE IN F:       :PCPN:    SNOW:  WIND      :SUNSHINE: SKY     :PK WND
================================================================================
1   2   3   4   5  6A  6B    7    8   9   10  11  12  13   14  15   16   17  18
                                     12Z  AVG MX 2MIN
DY MAX MIN AVG DEP HDD CDD  WTR  SNW DPTH SPD SPD DIR MIN PSBL S-S WX    SPD DR
================================================================================

 1  75  46  61   8   4   0 0.00  0.0    0   M   M   M   M    M   M         M  M
 2  88  52  70  17   0   5 0.00  0.0    0   M   M   M   M    M   M         M  M
 3  74  55  65  12   0   0 0.00  0.0    0   M   M   M   M    M   M         M  M
 4  58  51  55   1  10   0 0.01  0.0    0   M   M   M   M    M   M         M  M
 5  66  49  58   4   7   0 0.00  0.0    0   M   M   M   M    M   M         M  M
 6  73  50  62   8   3   0 0.00  0.0    0   M   M   M   M    M   M         M  M
 7  80  49  65  11   0   0 0.00  0.0    0   M   M   M   M    M   M         M  M
 8  65  49  57   3   8   0 0.13  0.0    0   M   M   M   M    M   M         M  M
 9  68  48  58   3   7   0 0.00  0.0    0   M   M   M   M    M   M         M  M
10  72  45  59   4   6   0 0.00  0.0    0   M   M   M   M    M   M         M  M
11  78  48  63   8   2   0 0.00  0.0    0   M   M   M   M    M   M         M  M
12  74  48  61   6   4   0 0.00  0.0    0   M   M   M   M    M   M         M  M
13  78  52  65   9   0   0 0.00  0.0    0   M   M   M   M    M   M         M  M
14  63  54  59   3   6   0 0.20  0.0    0   M   M   M   M    M   M         M  M
15  56  53  55  -1  10   0 0.11  0.0    0   M   M   M   M    M   M 1       M  M
16  60  51  56   0   9   0 0.05  0.0    0   M   M   M   M    M   M         M  M
17  71  52  62   6   3   0 0.00  0.0    0   M   M   M   M    M   M         M  M
18  65  50  58   2   7   0 0.18  0.0    0   M   M   M   M    M   M         M  M
19  62  49  56  -1   9   0 0.33  0.0    0   M   M   M   M    M   M 3       M  M
20  65  50  58   1   7   0 0.03  0.0    0   M   M   M   M    M   M         M  M
21  58  52  55  -2  10   0 0.12  0.0    0   M   M   M   M    M   M         M  M
22  67  53  60   3   5   0 0.01  0.0    0   M   M   M   M    M   M         M  M
23  62  54  58   0   7   0 0.00  0.0    0   M   M   M   M    M   M         M  M
24  66  55  61   3   4   0 0.00  0.0    0   M   M   M   M    M   M         M  M
================================================================================
SM 1644 1215       128   5  1.17     0.0     M          M        M
================================================================================
AV 68.5 50.6                                 M FASTST   M    M   6    MAX(MPH)
                                 MISC ---->     M   M                  M    M
================================================================================
NOTES:
# LAST OF SEVERAL OCCURRENCES

COLUMN 17 PEAK WIND IN M.P.H.

PRELIMINARY LOCAL CLIMATOLOGICAL DATA (WS FORM: F-6) , PAGE 2

                                          STATION:  SEATTLE WA WFO
                                          MONTH:    MAY
                                          YEAR:     2016
                                          LATITUDE:   47 41 N
                                          LONGITUDE: 122 15 W

[TEMPERATURE DATA]      [PRECIPITATION DATA]       SYMBOLS USED IN COLUMN 16

AVERAGE MONTHLY: 59.6   TOTAL FOR MONTH:   1.17    1 = FOG OR MIST
DPTR FM NORMAL:   4.2   DPTR FM NORMAL:   -0.46    2 = FOG REDUCING VISIBILITY
HIGHEST:    88 ON  2    GRTST 24HR  0.33 ON 19-19      TO 1/4 MILE OR LESS
LOWEST:     45 ON 10                               3 = THUNDER
                        SNOW, ICE PELLETS, HAIL    4 = ICE PELLETS
                        TOTAL MONTH:   0.0 INCH    5 = HAIL
                        GRTST 24HR     0.0         6 = FREEZING RAIN OR DRIZZLE
                        GRTST DEPTH:   0           7 = DUSTSTORM OR SANDSTORM:
                                                       VSBY 1/2 MILE OR LESS
                                                   8 = SMOKE OR HAZE
[NO. OF DAYS WITH]      [WEATHER - DAYS WITH]      9 = BLOWING SNOW
                                                   X = TORNADO
MAX 32 OR BELOW:   0    0.01 INCH OR MORE:  10
MAX 90 OR ABOVE:   0    0.10 INCH OR MORE:   6
MIN 32 OR BELOW:   0    0.50 INCH OR MORE:   0
MIN  0 OR BELOW:   0    1.00 INCH OR MORE:   0

[HDD (BASE 65) ]
TOTAL THIS MO.   128    CLEAR  (SCALE 0-3)   0
DPTR FM NORMAL  -106    PTCLDY (SCALE 4-7)   0
TOTAL FM JUL 1  3670    CLOUDY (SCALE 8-10)  0
DPTR FM NORMAL  -737

[CDD (BASE 65) ]
TOTAL THIS MO.     5
DPTR FM NORMAL     5    [PRESSURE DATA]
TOTAL FM JAN 1    11    HIGHEST SLP M ON M
DPTR FM NORMAL    11    LOWEST  SLP M ON M

[REMARKS]
