000
CXUS56 KOTX 200900
CF6SFF
PRELIMINARY LOCAL CLIMATOLOGICAL DATA (WS FORM: F-6)

                                          STATION:   SPOKANE WA FELTS AIRPORT
                                          MONTH:     AUGUST
                                          YEAR:      2014
                                          LATITUDE:   47 40 N
                                          LONGITUDE: 117 20 W

  TEMPERATURE IN F:       :PCPN:    SNOW:  WIND      :SUNSHINE: SKY     :PK WND
================================================================================
1   2   3   4   5  6A  6B    7    8   9   10  11  12  13   14  15   16   17  18
                                     12Z  AVG MX 2MIN
DY MAX MIN AVG DEP HDD CDD  WTR  SNW DPTH SPD SPD DIR MIN PSBL S-S WX    SPD DR
================================================================================

 1  98  59  79   7   0  14 0.00    M    M  2.3 15 140   M    M   0 8      19 140
 2  97  62  80   8   0  15 0.00    M    M  5.2 28 340   M    M   0 38     48 340
 3  96  62  79   7   0  14 0.00    M    M  2.5  8 350   M    M   0 8      14  30
 4  99  59  79   8   0  14 0.00    M    M  2.1 12 350   M    M   1 8      16 200
 5  98  62  80   9   0  15 0.00    M    M  2.9 13 200   M    M   0        17 230
 6  91  64  78   7   0  13 0.00    M    M  7.6 15 210   M    M   0        19 210
 7  90  62  76   5   0  11 0.00    M    M  5.5 15 240   M    M   0        24 240
 8  84  60  72   1   0   7 0.00    M    M  6.8 15 220   M    M   0        24 210
 9  89  54  72   1   0   7 0.00    M    M  2.3  8 290   M    M   0 8      14 250
10  95  54  75   4   0  10 0.00    M    M  2.7  8  80   M    M   0        12 140
11 100  55  78   7   0  13 0.00    M    M  2.4  8  20   M    M   0 8      13  20
12  93  63  78   8   0  13 0.07    M    M  6.9 33 230   M    M   4 1378   47 220
13  85  60  73   3   0   8 0.00    M    M  1.8 10  80   M    M   2 18     14 100
14  78  63  71   1   0   6 0.07    M    M  3.9 15 210   M    M   5 1      19 200
15  75  61  68  -2   0   3 0.03    M    M  3.7 15 290   M    M   7 38     21 290
16  83  58  71   1   0   6 0.00    M    M  2.7 14 220   M    M   4        19 240
17  88  57  73   4   0   8 0.00    M    M  2.0  9 220   M    M   1 8      15 220
18  92  60  76   7   0  11 0.00    M    M  2.8 12 250   M    M   1        15 250
19  90  59  75   6   0  10 0.01    M    M  3.9 18 330   M    M   2 38     29 330
================================================================================
SM 1721 1134         0 198  0.18    M     70.0          M       27
================================================================================
AV 90.6 59.7                               3.7 FASTST   M    M   1    MAX(MPH)
                                 MISC ---->  # 33 230               # 48  340
================================================================================
NOTES:
# LAST OF SEVERAL OCCURRENCES

COLUMN 17 PEAK WIND IN M.P.H.

PRELIMINARY LOCAL CLIMATOLOGICAL DATA (WS FORM: F-6) , PAGE 2

                                          STATION:  SPOKANE WA FELTS AIRPORT
                                          MONTH:    AUGUST
                                          YEAR:     2014
                                          LATITUDE:   47 40 N
                                          LONGITUDE: 117 20 W

[TEMPERATURE DATA]      [PRECIPITATION DATA]       SYMBOLS USED IN COLUMN 16

AVERAGE MONTHLY: 75.1   TOTAL FOR MONTH:   0.18    1 = FOG OR MIST
DPTR FM NORMAL:   4.6   DPTR FM NORMAL:   -0.21    2 = FOG REDUCING VISIBILITY
HIGHEST:   100 ON 11    GRTST 24HR  0.07 ON 14-14      TO 1/4 MILE OR LESS
LOWEST:     54 ON 10, 9                            3 = THUNDER
                        SNOW, ICE PELLETS, HAIL    4 = ICE PELLETS
                        TOTAL MONTH:    M          5 = HAIL
                        GRTST 24HR    M  ON   M    6 = FREEZING RAIN OR DRIZZLE
                        GRTST DEPTH:  M  ON   M    7 = DUSTSTORM OR SANDSTORM:
                                                       VSBY 1/2 MILE OR LESS
                                                   8 = SMOKE OR HAZE
[NO. OF DAYS WITH]      [WEATHER - DAYS WITH]      9 = BLOWING SNOW
                                                   X = TORNADO
MAX 32 OR BELOW:   0    0.01 INCH OR MORE:   4
MAX 90 OR ABOVE:  12    0.10 INCH OR MORE:   0
MIN 32 OR BELOW:   0    0.50 INCH OR MORE:   0
MIN  0 OR BELOW:   0    1.00 INCH OR MORE:   0

[HDD (BASE 65) ]
TOTAL THIS MO.     0    CLEAR  (SCALE 0-3)  15
DPTR FM NORMAL    -5    PTCLDY (SCALE 4-7)   4
TOTAL FM JUL 1     4    CLOUDY (SCALE 8-10)  0
DPTR FM NORMAL   -22

[CDD (BASE 65) ]
TOTAL THIS MO.   198
DPTR FM NORMAL    84    [PRESSURE DATA]
TOTAL FM JAN 1   562    HIGHEST SLP M ON M
DPTR FM NORMAL   230    LOWEST  SLP  0.00 ON M

[REMARKS]
