000
CXUS54 KLZK 241130
CF6SGT
PRELIMINARY LOCAL CLIMATOLOGICAL DATA (WS FORM: F-6)

                                          STATION:   Stuttgart Airport
                                          MONTH:     NOVEMBER
                                          YEAR:      2017
                                          LATITUDE:   34 35 N
                                          LONGITUDE:  91 34 W

  TEMPERATURE IN F:       :PCPN:    SNOW:  WIND      :SUNSHINE: SKY     :PK WND
================================================================================
1   2   3   4   5  6A  6B    7    8   9   10  11  12  13   14  15   16   17  18
                                     12Z  AVG MX 2MIN
DY MAX MIN AVG DEP HDD CDD  WTR  SNW DPTH SPD SPD DIR MIN PSBL S-S WX    SPD DR
================================================================================

 1  68  46  57  -1   8   0 0.08    M    M 11.9 24 180   M    M  10        31 180
 2  84  66  75  18   0  10 0.00    M    M 14.0 23 200   M    M   6 1      33 210
 3  84  62  73  16   0   8 0.03    M    M  7.9 13 190   M    M   6 13      M  M
 4  80  62  71  14   0   6 0.01    M    M  8.9 16 190   M    M   6 1       M  M
 5  81  69  75  19   0  10 0.00    M    M 14.9 23 210   M    M   6        32 210
 6  72  56  64   8   1   0 0.09    M    M 10.1 16  30   M    M  10 1      22  30
 7  56  50  53  -2  12   0    T    M    M 11.4 17  30   M    M  10 1       M  M
 8  51  44  48  -7  17   0 0.01    M    M 11.2 15  20   M    M  10         M  M
 9  62  38  50  -5  15   0 0.00    M    M  6.3 12  20   M    M   1         M  M
10  57  39  48  -6  17   0 0.00    M    M 10.3 16  40   M    M   0         M  M
11  63  35  49  -5  16   0    T    M    M  6.8 10 120   M    M   3 8       M  M
12  70  49  60   6   5   0    T    M    0  5.2  8  40   M    M   6 8       M  M
13  60  41  51  -2  14   0 0.00  0.0    0  8.9 13  50   M    M   0        20  50
14  64  39  52  -1  13   0 0.00  0.0    0  5.1  8 120   M    M   7 18      M  M
15  62  53  58   6   7   0 0.05  0.0    0  5.8 13 210   M    M  10 18      M  M
16  60  46  53   1  12   0    T    M    0  6.7 14  60   M    M   6 12      M  M
17  78  52  65  13   0   0 0.02  0.0    0 15.1 23 210   M    M   9        33 190
18  82  44  63  12   2   0 0.09    M    0 22.0 36 300   M    M   7 3      50 280
19  57  36  47  -4  18   0 0.00  0.0    0  9.4 20 350   M    M   0        24 350
20  57  33  45  -5  20   0 0.00  0.0    0  7.6 12 180   M    M   0         M  M
21  64  38  51   1  14   0 0.00  0.0    0  6.9 14 360   M    M   1 8       M  M
22  49  29  39 -11  26   0 0.00  0.0    0 11.3 22  20   M    M   0        30  20
23  55  27  41  -8  24   0    T    M    0  3.5  6 180   M    M   0         M  M
================================================================================
SM 1516 1054       241  34  0.38     0.0 221.2          M      114
================================================================================
AV 65.9 45.8                               9.6 FASTST   M    M   5    MAX(MPH)
                                 MISC ---->  # 36 300               # 50  280
================================================================================
NOTES:
# LAST OF SEVERAL OCCURRENCES

COLUMN 17 PEAK WIND IN M.P.H.

PRELIMINARY LOCAL CLIMATOLOGICAL DATA (WS FORM: F-6) , PAGE 2

                                          STATION:  Stuttgart Airport
                                          MONTH:    NOVEMBER
                                          YEAR:     2017
                                          LATITUDE:   34 35 N
                                          LONGITUDE:  91 34 W

[TEMPERATURE DATA]      [PRECIPITATION DATA]       SYMBOLS USED IN COLUMN 16

AVERAGE MONTHLY: 55.9   TOTAL FOR MONTH:   0.38    1 = FOG OR MIST
DPTR FM NORMAL:   2.3   DPTR FM NORMAL:   -3.17    2 = FOG REDUCING VISIBILITY
HIGHEST:    84 ON  3, 2 GRTST 24HR  0.09 ON 18-18      TO 1/4 MILE OR LESS
LOWEST:     27 ON 23                               3 = THUNDER
                        SNOW, ICE PELLETS, HAIL    4 = ICE PELLETS
                        TOTAL MONTH:   0.0 INCH    5 = HAIL
                        GRTST 24HR     0.0         6 = FREEZING RAIN OR DRIZZLE
                        GRTST DEPTH:   0           7 = DUSTSTORM OR SANDSTORM:
                                                       VSBY 1/2 MILE OR LESS
                                                   8 = SMOKE OR HAZE
[NO. OF DAYS WITH]      [WEATHER - DAYS WITH]      9 = BLOWING SNOW
                                                   X = TORNADO
MAX 32 OR BELOW:   0    0.01 INCH OR MORE:   8
MAX 90 OR ABOVE:   0    0.10 INCH OR MORE:   0
MIN 32 OR BELOW:   2    0.50 INCH OR MORE:   0
MIN  0 OR BELOW:   0    1.00 INCH OR MORE:   0

[HDD (BASE 65) ]
TOTAL THIS MO.   241    CLEAR  (SCALE 0-3)   9
DPTR FM NORMAL   -31    PTCLDY (SCALE 4-7)   8
TOTAL FM JUL 1   377    CLOUDY (SCALE 8-10)  6
DPTR FM NORMAL   -56

[CDD (BASE 65) ]
TOTAL THIS MO.    34
DPTR FM NORMAL    27    [PRESSURE DATA]
TOTAL FM JAN 1  1864    HIGHEST SLP M ON M
DPTR FM NORMAL  -174    LOWEST  SLP M ON M

[REMARKS]
