000
CXUS55 KBYZ 251055
CF6SHR
PRELIMINARY LOCAL CLIMATOLOGICAL DATA (WS FORM: F-6)

                                          STATION:   SHERIDAN WY
                                          MONTH:     SEPTEMBER
                                          YEAR:      2017
                                          LATITUDE:   44 46 N
                                          LONGITUDE: 106 58 W

  TEMPERATURE IN F:       :PCPN:    SNOW:  WIND      :SUNSHINE: SKY     :PK WND
================================================================================
1   2   3   4   5  6A  6B    7    8   9   10  11  12  13   14  15   16   17  18
                                     12Z  AVG MX 2MIN
DY MAX MIN AVG DEP HDD CDD  WTR  SNW DPTH SPD SPD DIR MIN PSBL S-S WX    SPD DR
================================================================================

 1  84  51  68   4   0   3 0.00    M    M  9.8 24 320   M    M   0        32 330
 2  93  51  72   8   0   7 0.00    M    M  2.7 10 180   M    M   0        10 180
 3  89  50  70   6   0   5 0.00    M    M  7.4 24 350   M    M   7 8      30 340
 4  70  44  57  -6   8   0 0.00    M    M  9.4 15 330   M    M   1 8      20 310
 5  75  37  56  -7   9   0 0.00    M    M  2.2 10  20   M    M   0 8      13  20
 6  82  38  60  -2   5   0 0.00    M    M  1.7  7 240   M    M   0         8  40
 7  88  41  65   3   0   0 0.00    M    M  2.4  8 350   M    M   0        13  40
 8  91  42  67   6   0   2 0.00    M    M  2.0  9 260   M    M   0        12 110
 9  93  50  72  11   0   7 0.00    M    M  1.7  8  20   M    M   0        11  20
10  88  57  73  13   0   8    T    M    M  4.5 15 350   M    M   1        18 360
11  91  52  72  12   0   7 0.00    M    M  3.6 12 280   M    M   0        16  40
12  95  53  74  14   0   9 0.00    M    M  3.8 12 360   M    M   0        15 310
13  86  52  69  10   0   4 0.00    M    M  5.8 26 310   M    M   1 8      34 300
14  62  49  56  -3   9   0 0.43    M    M 10.1 17 310   M    M   9 1      21 280
15  49  41  45 -13  20   0 0.80    M    M  9.3 20 340   M    M  10 1      23 330
16  48  35  42 -16  23   0 0.04    M    M  5.2 15 320   M    M   9 1      20 340
17  66  32  49  -8  16   0 0.00    M    M  2.1 10 200   M    M   0        11 190
18  78  35  57   0   8   0 0.00    M    M  5.1 23 330   M    M   1        29 320
19  64  37  51  -5  14   0 0.02    M    M 10.6 31 270   M    M   6 1      37 270
20  71  36  54  -2  11   0    T    M    M 10.0 33 240   M    M   0        43 240
21  59  45  52  -3  13   0 0.00    M    M 10.4 18 300   M    M  10        23 290
22  47  41  44 -11  21   0 0.10    M    M  5.7 15 310   M    M  10 1      18 300
23  43  40  42 -12  23   0 0.22    M    M  4.7 10 360   M    M  10 1      12  20
24  49  39  44 -10  21   0 0.08    M    M  4.5 12 340   M    M  10 1      14 330
================================================================================
SM 1761 1048       201  52  1.69    M    134.7          M       85
================================================================================
AV 73.4 43.7                               5.6 FASTST   M    M   4    MAX(MPH)
                                 MISC ---->  # 33 240               # 43  240
================================================================================
NOTES:
# LAST OF SEVERAL OCCURRENCES

COLUMN 17 PEAK WIND IN M.P.H.

PRELIMINARY LOCAL CLIMATOLOGICAL DATA (WS FORM: F-6) , PAGE 2

                                          STATION:  SHERIDAN WY
                                          MONTH:    SEPTEMBER
                                          YEAR:     2017
                                          LATITUDE:   44 46 N
                                          LONGITUDE: 106 58 W

[TEMPERATURE DATA]      [PRECIPITATION DATA]       SYMBOLS USED IN COLUMN 16

AVERAGE MONTHLY: 58.5   TOTAL FOR MONTH:   1.69    1 = FOG OR MIST
DPTR FM NORMAL:  -0.7   DPTR FM NORMAL:    0.58    2 = FOG REDUCING VISIBILITY
HIGHEST:    95 ON 12    GRTST 24HR  0.80 ON 15-15      TO 1/4 MILE OR LESS
LOWEST:     32 ON 17                               3 = THUNDER
                        SNOW, ICE PELLETS, HAIL    4 = ICE PELLETS
                        TOTAL MONTH:    M          5 = HAIL
                        GRTST 24HR    M  ON   M    6 = FREEZING RAIN OR DRIZZLE
                        GRTST DEPTH:  M  ON   M    7 = DUSTSTORM OR SANDSTORM:
                                                       VSBY 1/2 MILE OR LESS
                                                   8 = SMOKE OR HAZE
[NO. OF DAYS WITH]      [WEATHER - DAYS WITH]      9 = BLOWING SNOW
                                                   X = TORNADO
MAX 32 OR BELOW:   0    0.01 INCH OR MORE:   7
MAX 90 OR ABOVE:   5    0.10 INCH OR MORE:   4
MIN 32 OR BELOW:   1    0.50 INCH OR MORE:   1
MIN  0 OR BELOW:   0    1.00 INCH OR MORE:   0

[HDD (BASE 65) ]
TOTAL THIS MO.   201    CLEAR  (SCALE 0-3)  15
DPTR FM NORMAL    36    PTCLDY (SCALE 4-7)   2
TOTAL FM JUL 1   225    CLOUDY (SCALE 8-10)  7
DPTR FM NORMAL    -2

[CDD (BASE 65) ]
TOTAL THIS MO.    52
DPTR FM NORMAL    26    [PRESSURE DATA]
TOTAL FM JAN 1   481    HIGHEST SLP M ON M
DPTR FM NORMAL    65    LOWEST  SLP 29.42 ON 19

[REMARKS]
