000
CXUS55 KBYZ 281055
CF6SHR
PRELIMINARY LOCAL CLIMATOLOGICAL DATA (WS FORM: F-6)

                                          STATION:   SHERIDAN WY
                                          MONTH:     JULY
                                          YEAR:      2015
                                          LATITUDE:   44 46 N
                                          LONGITUDE: 106 58 W

  TEMPERATURE IN F:       :PCPN:    SNOW:  WIND      :SUNSHINE: SKY     :PK WND
================================================================================
1   2   3   4   5  6A  6B    7    8   9   10  11  12  13   14  15   16   17  18
                                     12Z  AVG MX 2MIN
DY MAX MIN AVG DEP HDD CDD  WTR  SNW DPTH SPD SPD DIR MIN PSBL S-S WX    SPD DR
================================================================================

 1  89  56  73   6   0   8 0.00    M    M  4.3 32  10   M    M   1        40  10
 2  85  55  70   3   0   5 0.00    M    M  5.4 14 340   M    M   2        19 290
 3  90  52  71   4   0   6 0.00    M    M  3.0 12 120   M    M   0        16 120
 4  95  57  76   8   0  11 0.00    M    M  2.5 10 130   M    M   0        14 130
 5  69  56  63  -5   2   0 0.30    M    M 11.7 33 320   M    M   7 18     42 320
 6  68  52  60  -8   5   0 0.07    M    M  3.9 12  20   M    M   7 1      14  20
 7  77  47  62  -6   3   0    T    M    M  4.0 23 290   M    M   2 13     29 290
 8  69  54  62  -7   3   0 0.02    M    M  6.9 23 310   M    M   4        30 310
 9  82  48  65  -4   0   0 0.00    M    M  4.1 16 130   M    M   1 3      20 130
10  87  52  70   1   0   5    T    M    M  5.4 25 280   M    M   2 3      31 260
11  91  50  71   1   0   6 0.00    M    M  7.0 28 270   M    M   0        34 260
12  92  57  75   5   0  10 0.00    M    M  7.9 29 320   M    M   1        34 320
13  91  52  72   2   0   7 0.07    M    M  5.0 21 250   M    M   0 3      29 250
14  89  57  73   3   0   8 0.19    M    M  5.0 25 260   M    M   1 3      33 260
15  79  54  67  -3   0   2 0.02    M    M  6.4 25 320   M    M   2 3      33 330
16  88  51  70  -1   0   5 0.00    M    M  6.4 39 310   M    M   1        48 320
17  76  53  65  -6   0   0 0.00    M    M  8.0 25 310   M    M   5        33 300
18  76  50  63  -8   2   0 0.00    M    M  7.5 22 330   M    M   2        28 320
19  85  46  66  -5   0   1 0.00    M    M  8.2 29 330   M    M   1        36 320
20  91  55  73   2   0   8 0.00    M    M  4.2 14 200   M    M   2        17 200
21  91  58  75   4   0  10 0.00    M    M  5.0 17 250   M    M   0        23 270
22  95  52  74   3   0   9 0.01    M    M  6.1 26 310   M    M   1 3      36 300
23  86  58  72   1   0   7 0.01    M    M  8.2 24 310   M    M   2        28 310
24  90  52  71  -1   0   6    T    M    M  4.9 25 250   M    M   1 3      31 240
25  91  54  73   1   0   8 0.00    M    M  4.2 14 290   M    M   0        18 290
26  96  53  75   3   0  10 0.00    M    M  4.6 26 310   M    M   0        28 310
27  82  51  67  -5   0   2 0.15    M    M 14.4 47 320   M    M   1 13     58 310
================================================================================
SM 2300 1432        15 134  0.84    M    164.2          M       46
================================================================================
AV 85.2 53.0                               6.1 FASTST   M    M   2    MAX(MPH)
                                 MISC ---->  # 47 320               # 58  310
================================================================================
NOTES:
# LAST OF SEVERAL OCCURRENCES

COLUMN 17 PEAK WIND IN M.P.H.

PRELIMINARY LOCAL CLIMATOLOGICAL DATA (WS FORM: F-6) , PAGE 2

                                          STATION:  SHERIDAN WY
                                          MONTH:    JULY
                                          YEAR:     2015
                                          LATITUDE:   44 46 N
                                          LONGITUDE: 106 58 W

[TEMPERATURE DATA]      [PRECIPITATION DATA]       SYMBOLS USED IN COLUMN 16

AVERAGE MONTHLY: 69.1   TOTAL FOR MONTH:   0.84    1 = FOG OR MIST
DPTR FM NORMAL:  -0.7   DPTR FM NORMAL:   -0.21    2 = FOG REDUCING VISIBILITY
HIGHEST:    96 ON 26    GRTST 24HR  0.37 ON  5- 6      TO 1/4 MILE OR LESS
LOWEST:     46 ON 19                               3 = THUNDER
                        SNOW, ICE PELLETS, HAIL    4 = ICE PELLETS
                        TOTAL MONTH:    M          5 = HAIL
                        GRTST 24HR    M  ON   M    6 = FREEZING RAIN OR DRIZZLE
                        GRTST DEPTH:  M  ON   M    7 = DUSTSTORM OR SANDSTORM:
                                                       VSBY 1/2 MILE OR LESS
                                                   8 = SMOKE OR HAZE
[NO. OF DAYS WITH]      [WEATHER - DAYS WITH]      9 = BLOWING SNOW
                                                   X = TORNADO
MAX 32 OR BELOW:   0    0.01 INCH OR MORE:   9
MAX 90 OR ABOVE:  11    0.10 INCH OR MORE:   3
MIN 32 OR BELOW:   0    0.50 INCH OR MORE:   0
MIN  0 OR BELOW:   0    1.00 INCH OR MORE:   0

[HDD (BASE 65) ]
TOTAL THIS MO.    15    CLEAR  (SCALE 0-3)  23
DPTR FM NORMAL    -9    PTCLDY (SCALE 4-7)   4
TOTAL FM JUL 1    15    CLOUDY (SCALE 8-10)  0
DPTR FM NORMAL    -9

[CDD (BASE 65) ]
TOTAL THIS MO.   134
DPTR FM NORMAL   -22    [PRESSURE DATA]
TOTAL FM JAN 1   213    HIGHEST SLP M ON M
DPTR FM NORMAL     7    LOWEST  SLP 29.53 ON 27

[REMARKS]
