000
CXUS54 KSHV 221300
CF6SHV
PRELIMINARY LOCAL CLIMATOLOGICAL DATA (WS FORM: F-6)

                                          STATION:   SHREVEPORT
                                          MONTH:     JULY
                                          YEAR:      2014
                                          LATITUDE:   32 28 N
                                          LONGITUDE:  93 49 W

  TEMPERATURE IN F:       :PCPN:    SNOW:  WIND      :SUNSHINE: SKY     :PK WND
================================================================================
1   2   3   4   5  6A  6B    7    8   9   10  11  12  13   14  15   16   17  18
                                     12Z  AVG MX 2MIN
DY MAX MIN AVG DEP HDD CDD  WTR  SNW DPTH SPD SPD DIR MIN PSBL S-S WX    SPD DR
================================================================================

 1  93  74  84   2   0  19 0.00  0.0    0  6.6 14 240   M    M   3 1      17 250
 2  94  74  84   2   0  19 0.00  0.0    0  5.8 17 320   M    M   6 13     22 320
 3  90  72  81  -1   0  16 0.00  0.0    0  5.1 12  40   M    M   7        17 290
 4  87  68  78  -4   0  13 0.00  0.0    0  5.6 13  80   M    M   7 8      17  90
 5  91  65  78  -4   0  13 0.00  0.0    0  2.8  9 140   M    M   2 18     13 140
 6  93  67  80  -3   0  15 0.00  0.0    0  4.0 13 210   M    M   4 1      22 190
 7  93  71  82  -1   0  17 0.00  0.0    0  6.1 15 250   M    M   4 18     20 250
 8  93  75  84   1   0  19 0.00  0.0    0  7.3 14 240   M    M   5        18 200
 9  93  77  85   2   0  20 0.00  0.0    0  5.0 14 360   M    M   7        26 220
10  94  76  85   2   0  20 0.00  0.0    0  5.0 14 210   M    M   7        17 210
11  96  73  85   2   0  20 0.00  0.0    0  3.9 13 270   M    M   3        16 260
12  97  73  85   2   0  20 0.01  0.0    0  3.6 16 300   M    M   3        21 360
13  99  74  87   4   0  22    T  0.0    0  4.1 13 200   M    M   3        17 170
14  96  76  86   3   0  21 0.00  0.0    0  6.4 14 200   M    M   4 3      18 210
15  89  72  81  -2   0  16 0.55  0.0    0  5.6 15 360   M    M   7 13     23 360
16  86  67  77  -6   0  12 0.00  0.0    0  4.6 12 110   M    M   5        21 180
17  79  68  74  -9   0   9 2.33  0.0    0  7.5 18 150   M    M  10 1      25 150
18  72  66  69 -14   0   4 0.20  0.0    0  7.4 13 360   M    M  10 1      17  80
19  73  66  70 -13   0   5 0.01  0.0    0  2.4  7  20   M    M  10 18     21 270
20  82  67  75  -8   0  10 0.00  0.0    0  1.9 10 360   M    M   7        13  70
21  90  64  77  -6   0  12 0.00  0.0    0  2.3  9  40   M    M   4 18      9  20
================================================================================
SM 1880 1485         0 322  3.10     0.0 103.0          M      118
================================================================================
AV 89.5 70.7                               4.9 FASTST   M    M   6    MAX(MPH)
                                 MISC ---->  # 18 150               # 26  220
================================================================================
NOTES:
# LAST OF SEVERAL OCCURRENCES

COLUMN 17 PEAK WIND IN M.P.H.

PRELIMINARY LOCAL CLIMATOLOGICAL DATA (WS FORM: F-6) , PAGE 2

                                          STATION:  SHREVEPORT
                                          MONTH:    JULY
                                          YEAR:     2014
                                          LATITUDE:   32 28 N
                                          LONGITUDE:  93 49 W

[TEMPERATURE DATA]      [PRECIPITATION DATA]       SYMBOLS USED IN COLUMN 16

AVERAGE MONTHLY: 80.1   TOTAL FOR MONTH:   3.10    1 = FOG OR MIST
DPTR FM NORMAL:  -2.6   DPTR FM NORMAL:    0.52    2 = FOG REDUCING VISIBILITY
HIGHEST:    99 ON 13    GRTST 24HR  2.53 ON 17-18      TO 1/4 MILE OR LESS
LOWEST:     64 ON 21                               3 = THUNDER
                        SNOW, ICE PELLETS, HAIL    4 = ICE PELLETS
                        TOTAL MONTH:   0.0 INCH    5 = HAIL
                        GRTST 24HR     0.0         6 = FREEZING RAIN OR DRIZZLE
                        GRTST DEPTH:   0           7 = DUSTSTORM OR SANDSTORM:
                                                       VSBY 1/2 MILE OR LESS
                                                   8 = SMOKE OR HAZE
[NO. OF DAYS WITH]      [WEATHER - DAYS WITH]      9 = BLOWING SNOW
                                                   X = TORNADO
MAX 32 OR BELOW:   0    0.01 INCH OR MORE:   5
MAX 90 OR ABOVE:  14    0.10 INCH OR MORE:   3
MIN 32 OR BELOW:   0    0.50 INCH OR MORE:   2
MIN  0 OR BELOW:   0    1.00 INCH OR MORE:   1

[HDD (BASE 65) ]
TOTAL THIS MO.     0    CLEAR  (SCALE 0-3)   5
DPTR FM NORMAL     0    PTCLDY (SCALE 4-7)  13
TOTAL FM JUL 1     0    CLOUDY (SCALE 8-10)  3
DPTR FM NORMAL     0

[CDD (BASE 65) ]
TOTAL THIS MO.   322
DPTR FM NORMAL   -51    [PRESSURE DATA]
TOTAL FM JAN 1  1161    HIGHEST SLP M ON M
DPTR FM NORMAL   -54    LOWEST  SLP 29.88 ON M

[REMARKS]
