000
CXUS56 KMFR 171000
CF6SIY
PRELIMINARY LOCAL CLIMATOLOGICAL DATA (WS FORM: F-6)

                                          STATION:   MONTAGUE CA
                                          MONTH:     OCTOBER
                                          YEAR:      2017
                                          LATITUDE:   41 46 N
                                          LONGITUDE: 122 28 W

  TEMPERATURE IN F:       :PCPN:    SNOW:  WIND      :SUNSHINE: SKY     :PK WND
================================================================================
1   2   3   4   5  6A  6B    7    8   9   10  11  12  13   14  15   16   17  18
                                     12Z  AVG MX 2MIN
DY MAX MIN AVG DEP HDD CDD  WTR  SNW DPTH SPD SPD DIR MIN PSBL S-S WX    SPD DR
================================================================================

 1  62  36  49  -8  16   0 0.00    M    M 10.6 25 360   M    M   3 8      33 350
 2  59  29  44 -13  21   0 0.00    M    M  8.3 24  30   M    M   2 8      32  40
 3  68  42  55  -2  10   0 0.00    M    M 12.5 28  10   M    M   0 8      42  20
 4  70  30  50  -6  15   0 0.00    M    M  3.0 13  50   M    M   0 8      17  90
 5  73  29  51  -5  14   0 0.00    M    M  2.3 10 360   M    M   0 8      13 340
 6  80  32  56   0   9   0 0.00    M    M  3.1 16  10   M    M   0        18  20
 7  74  36  55   0  10   0 0.00    M    M 11.1 25 350   M    M   0        30  20
 8  66  36  51  -4  14   0 0.00    M    M 11.7 28  10   M    M   0        35  10
 9  70  40  55   0  10   0 0.00    M    M  7.5 21 350   M    M   0        26 340
10  70  31  51  -3  14   0 0.00    M    M  7.9 21  20   M    M   2 8      24 250
11  58  32  45  -9  20   0 0.00    M    M  8.4 22 360   M    M   3 8      26 360
12  59  24  42 -12  23   0 0.00    M    M  3.8 15  20   M    M   1 8      18 270
13  62  28  45  -8  20   0    T    M    M  6.2 20  10   M    M   3        23  10
14  64  32  48  -5  17   0 0.00    M    M  5.3 16  10   M    M   0        19  20
15  66  26  46  -6  19   0 0.00    M    M  1.2  7  60   M    M   0         9 190
16  73  28  51  -1  14   0 0.00    M    M  1.5  8 190   M    M   0         9 180
================================================================================
SM 1074  511       246   0    T     M    104.4          M       14
================================================================================
AV 67.1 31.9                               6.5 FASTST   M    M   1    MAX(MPH)
                                 MISC ---->  # 28  10               # 42   20
================================================================================
NOTES:
# LAST OF SEVERAL OCCURRENCES

COLUMN 17 PEAK WIND IN M.P.H.

PRELIMINARY LOCAL CLIMATOLOGICAL DATA (WS FORM: F-6) , PAGE 2

                                          STATION:  MONTAGUE CA
                                          MONTH:    OCTOBER
                                          YEAR:     2017
                                          LATITUDE:   41 46 N
                                          LONGITUDE: 122 28 W

[TEMPERATURE DATA]      [PRECIPITATION DATA]       SYMBOLS USED IN COLUMN 16

AVERAGE MONTHLY: 49.5   TOTAL FOR MONTH:      T    1 = FOG OR MIST
DPTR FM NORMAL:  -5.2   DPTR FM NORMAL:   -0.38    2 = FOG REDUCING VISIBILITY
HIGHEST:    80 ON  6    GRTST 24HR    T  ON 13-13      TO 1/4 MILE OR LESS
LOWEST:     24 ON 12                               3 = THUNDER
                        SNOW, ICE PELLETS, HAIL    4 = ICE PELLETS
                        TOTAL MONTH:    M          5 = HAIL
                        GRTST 24HR    M  ON   M    6 = FREEZING RAIN OR DRIZZLE
                        GRTST DEPTH:  M  ON   M    7 = DUSTSTORM OR SANDSTORM:
                                                       VSBY 1/2 MILE OR LESS
                                                   8 = SMOKE OR HAZE
[NO. OF DAYS WITH]      [WEATHER - DAYS WITH]      9 = BLOWING SNOW
                                                   X = TORNADO
MAX 32 OR BELOW:   0    0.01 INCH OR MORE:   0
MAX 90 OR ABOVE:   0    0.10 INCH OR MORE:   0
MIN 32 OR BELOW:  11    0.50 INCH OR MORE:   0
MIN  0 OR BELOW:   0    1.00 INCH OR MORE:   0

[HDD (BASE 65) ]
TOTAL THIS MO.   246    CLEAR  (SCALE 0-3)  15
DPTR FM NORMAL    79    PTCLDY (SCALE 4-7)   1
TOTAL FM JUL 1   374    CLOUDY (SCALE 8-10)  0
DPTR FM NORMAL    65

[CDD (BASE 65) ]
TOTAL THIS MO.     0
DPTR FM NORMAL     0    [PRESSURE DATA]
TOTAL FM JAN 1   902    HIGHEST SLP M ON M
DPTR FM NORMAL   360    LOWEST  SLP 29.89 ON 10

[REMARKS]
