000
CXUS56 KMTR 301000
CF6SJC
PRELIMINARY LOCAL CLIMATOLOGICAL DATA (WS FORM: F-6)

                                          STATION:   SAN JOSE AIRPORT
                                          MONTH:     SEPTEMBER
                                          YEAR:      2014
                                          LATITUDE:   37 21 N
                                          LONGITUDE: 121 55 W

  TEMPERATURE IN F:       :PCPN:    SNOW:  WIND      :SUNSHINE: SKY     :PK WND
================================================================================
1   2   3   4   5  6A  6B    7    8   9   10  11  12  13   14  15   16   17  18
                                     12Z  AVG MX 2MIN
DY MAX MIN AVG DEP HDD CDD  WTR  SNW DPTH SPD SPD DIR MIN PSBL S-S WX    SPD DR
================================================================================

 1  86  58  72   2   0   7 0.00  0.0    0  4.6 17 300   M    M   0        22 290
 2  77  59  68  -2   0   3 0.00  0.0    0  6.2 15 300   M    M   1        20 310
 3  79  58  69  -1   0   4 0.00  0.0    0  8.7 18 310   M    M   3        22 320
 4  80  59  70   0   0   5 0.00  0.0    0  6.9 16 300   M    M   4 18     20 290
 5  76  57  67  -3   0   2 0.00  0.0    0  7.6 16 300   M    M   2        20 310
 6  76  58  67  -3   0   2 0.00  0.0    0  6.2 16 300   M    M   4 18     18 310
 7  74  58  66  -4   0   1 0.00  0.0    0  6.4 17 300   M    M   4        18 310
 8  70  56  63  -7   2   0 0.00  0.0    0  6.9 16 310   M    M   4        20 290
 9  75  54  65  -5   0   0 0.00  0.0    0  4.0 13 320   M    M   3 8      15 310
10  88  55  72   2   0   7 0.00  0.0    0  4.0 14 300   M    M   1 18     16 310
11  89  57  73   3   0   8 0.00  0.0    0  4.7 14 310   M    M   1        20 260
12  85  59  72   2   0   7 0.00  0.0    0  4.0 13 310   M    M   1 1      22 280
13  82  60  71   1   0   6 0.00  0.0    0  4.6 14 290   M    M   5        20 280
14  79  59  69  -1   0   4 0.00  0.0    0  5.7 13 310   M    M   3 1      20 290
15  77  60  69  -1   0   4 0.00  0.0    0  7.2 18 300   M    M   2        22 310
16  81  56  69   0   0   4 0.00  0.0    0  5.2 16 290   M    M   2        20 300
17  83  59  71   2   0   6 0.00  0.0    0  5.8 20 180   M    M   3        26 170
18  80  64  72   3   0   7    T  0.0    0  8.2 18 320   M    M   7 1      23 320
19  77  63  70   1   0   5 0.00  0.0    0  5.8 16 310   M    M   4        21 290
20  77  62  70   1   0   5 0.00  0.0    0  6.3 17 310   M    M   5 1      23 300
21  74  62  68  -1   0   3 0.00  0.0    0  7.8 18 320   M    M   7        24 320
22  79  62  71   2   0   6 0.00  0.0    0  6.7 20 310   M    M   5        24 290
23  78  59  69   1   0   4 0.00  0.0    0  5.7 17 320   M    M   4        20 310
24  80  62  71   3   0   6 0.00  0.0    M  5.5 23 300   M    M   5        25 300
25  73  57  65  -3   0   0 0.36  0.0    0  6.9 17 290   M    M   7 1      21 300
26  73  57  65  -3   0   0    T  0.0    0  7.3 22 300   M    M   5        25 310
27  74  59  67  -1   0   2 0.00  0.0    0  5.7 16 320   M    M   4        22 350
28  75  58  67  -1   0   2 0.00  0.0    0  8.0 18 300   M    M   5        22 300
29  72  58  65  -3   0   0 0.00  0.0    0  5.6 21 290   M    M   4        24 290
================================================================================
SM 2269 1705         2 110  0.36     0.0 178.2          M      105
================================================================================
AV 78.2 58.8                               6.1 FASTST   M    M   4    MAX(MPH)
                                 MISC ---->  # 23 300               # 26  170
================================================================================
NOTES:
# LAST OF SEVERAL OCCURRENCES

COLUMN 17 PEAK WIND IN M.P.H.

PRELIMINARY LOCAL CLIMATOLOGICAL DATA (WS FORM: F-6) , PAGE 2

                                          STATION:  SAN JOSE AIRPORT
                                          MONTH:    SEPTEMBER
                                          YEAR:     2014
                                          LATITUDE:   37 21 N
                                          LONGITUDE: 121 55 W

[TEMPERATURE DATA]      [PRECIPITATION DATA]       SYMBOLS USED IN COLUMN 16

AVERAGE MONTHLY: 68.5   TOTAL FOR MONTH:   0.36    1 = FOG OR MIST
DPTR FM NORMAL:  -0.8   DPTR FM NORMAL:    0.17    2 = FOG REDUCING VISIBILITY
HIGHEST:    89 ON 11    GRTST 24HR  0.36 ON 25-25      TO 1/4 MILE OR LESS
LOWEST:     54 ON  9                               3 = THUNDER
                        SNOW, ICE PELLETS, HAIL    4 = ICE PELLETS
                        TOTAL MONTH:   0.0 INCH    5 = HAIL
                        GRTST 24HR     0.0         6 = FREEZING RAIN OR DRIZZLE
                        GRTST DEPTH:   0           7 = DUSTSTORM OR SANDSTORM:
                                                       VSBY 1/2 MILE OR LESS
                                                   8 = SMOKE OR HAZE
[NO. OF DAYS WITH]      [WEATHER - DAYS WITH]      9 = BLOWING SNOW
                                                   X = TORNADO
MAX 32 OR BELOW:   0    0.01 INCH OR MORE:   1
MAX 90 OR ABOVE:   0    0.10 INCH OR MORE:   1
MIN 32 OR BELOW:   0    0.50 INCH OR MORE:   0
MIN  0 OR BELOW:   0    1.00 INCH OR MORE:   0

[HDD (BASE 65) ]
TOTAL THIS MO.     2    CLEAR  (SCALE 0-3)  12
DPTR FM NORMAL    -5    PTCLDY (SCALE 4-7)  17
TOTAL FM JUL 1     2    CLOUDY (SCALE 8-10)  0
DPTR FM NORMAL    -8

[CDD (BASE 65) ]
TOTAL THIS MO.   110
DPTR FM NORMAL   -25    [PRESSURE DATA]
TOTAL FM JAN 1   611    HIGHEST SLP M ON M
DPTR FM NORMAL   -70    LOWEST  SLP 29.70 ON  3

[REMARKS]
