000
CXUS56 KMTR 301000
CF6SJC
PRELIMINARY LOCAL CLIMATOLOGICAL DATA (WS FORM: F-6)

                                          STATION:   SAN JOSE AIRPORT
                                          MONTH:     JUNE
                                          YEAR:      2015
                                          LATITUDE:   37 21 N
                                          LONGITUDE: 121 55 W

  TEMPERATURE IN F:       :PCPN:    SNOW:  WIND      :SUNSHINE: SKY     :PK WND
================================================================================
1   2   3   4   5  6A  6B    7    8   9   10  11  12  13   14  15   16   17  18
                                     12Z  AVG MX 2MIN
DY MAX MIN AVG DEP HDD CDD  WTR  SNW DPTH SPD SPD DIR MIN PSBL S-S WX    SPD DR
================================================================================

 1  75  54  65  -1   0   0 0.00  0.0    0 10.0 18 270   M    M   6        23 300
 2  70  58  64  -2   1   0 0.00  0.0    0  8.1 18 300   M    M   6        30 290
 3  72  53  63  -3   2   0 0.00  0.0    0  6.8 18 260   M    M   5        24 260
 4  75  53  64  -3   1   0 0.00  0.0    0  8.1 15 300   M    M   2        23 110
 5  78  54  66  -1   0   1 0.00  0.0    0  9.1 17 290   M    M   3        20 280
 6  79  55  67   0   0   2 0.00  0.0    0  8.3 16 300   M    M   3        21 290
 7  82  60  71   4   0   6 0.00  0.0    0  5.0 14 290   M    M   4        17 290
 8  91  60  76   9   0  11 0.00  0.0    0  6.0 20 310   M    M   1        25 330
 9  85  60  73   6   0   8    T  0.0    M  5.0 20 310   M    M   8        24 310
10  73  62  68   0   0   3 0.10  0.0    0  5.3 16 300   M    M   7        18 310
11  82  60  71   3   0   6 0.00  0.0    0  5.5 18 290   M    M   4 18     22 320
12  86  58  72   4   0   7 0.00  0.0    0  5.8 16 290   M    M   1        20 290
13  85  59  72   4   0   7 0.00  0.0    0  5.9 17 280   M    M   0        21 290
14  75  55  65  -3   0   0 0.00  0.0    0  9.0 16 290   M    M   2        21 280
15  69  54  62  -6   3   0 0.00  0.0    0  5.8 16 320   M    M   4 8      21 310
16  76  53  65  -3   0   0 0.00  0.0    0  5.4 13 280   M    M   2         M  M
17  79  53  66  -3   0   1 0.00  0.0    0  6.1 15 310   M    M   4 18     20 300
18  75  53  64  -5   1   0 0.00  0.0    0  5.6 15 310   M    M   2        22 320
19  80  52  66  -3   0   1 0.00  0.0    0  7.1 20 300   M    M   3        23 300
20  80  56  68  -1   0   3 0.00  0.0    0  5.5 14 290   M    M   5        17 300
21  73  56  65  -4   0   0 0.00  0.0    0  8.2 18 300   M    M   3        23 290
22  71  55  63  -6   2   0 0.00  0.0    0  6.9 17 320   M    M   2        21 300
23  78  54  66  -4   0   1 0.00  0.0    0  6.5 20 300   M    M   0        31  90
24  81  55  68  -2   0   3 0.00  0.0    0  5.3 15 290   M    M   1        18 320
25  89  58  74   4   0   9 0.00  0.0    0  6.1 15 290   M    M   0        25 240
26  84  61  73   3   0   8 0.00  0.0    0  6.3 16 280   M    M   2        22 230
27  81  57  69  -1   0   4 0.00  0.0    0  8.6 16 310   M    M   6        21 320
28  75  61  68  -2   0   3 0.00  0.0    0  8.4 16 300   M    M   5        21 310
29  78  59  69  -1   0   4 0.00  0.0    0  8.0 15 290   M    M   6        18 290
================================================================================
SM 2277 1638        10  88  0.10     0.0 197.7          M       97
================================================================================
AV 78.5 56.5                               6.8 FASTST   M    M   3    MAX(MPH)
                                 MISC ---->  # 20 310               # 31   90
================================================================================
NOTES:
# LAST OF SEVERAL OCCURRENCES

COLUMN 17 PEAK WIND IN M.P.H.

PRELIMINARY LOCAL CLIMATOLOGICAL DATA (WS FORM: F-6) , PAGE 2

                                          STATION:  SAN JOSE AIRPORT
                                          MONTH:    JUNE
                                          YEAR:     2015
                                          LATITUDE:   37 21 N
                                          LONGITUDE: 121 55 W

[TEMPERATURE DATA]      [PRECIPITATION DATA]       SYMBOLS USED IN COLUMN 16

AVERAGE MONTHLY: 67.5   TOTAL FOR MONTH:   0.10    1 = FOG OR MIST
DPTR FM NORMAL:  -0.8   DPTR FM NORMAL:    0.01    2 = FOG REDUCING VISIBILITY
HIGHEST:    91 ON  8    GRTST 24HR  0.10 ON 10-10      TO 1/4 MILE OR LESS
LOWEST:     52 ON 19                               3 = THUNDER
                        SNOW, ICE PELLETS, HAIL    4 = ICE PELLETS
                        TOTAL MONTH:   0.0 INCH    5 = HAIL
                        GRTST 24HR     0.0         6 = FREEZING RAIN OR DRIZZLE
                        GRTST DEPTH:   0           7 = DUSTSTORM OR SANDSTORM:
                                                       VSBY 1/2 MILE OR LESS
                                                   8 = SMOKE OR HAZE
[NO. OF DAYS WITH]      [WEATHER - DAYS WITH]      9 = BLOWING SNOW
                                                   X = TORNADO
MAX 32 OR BELOW:   0    0.01 INCH OR MORE:   1
MAX 90 OR ABOVE:   1    0.10 INCH OR MORE:   1
MIN 32 OR BELOW:   0    0.50 INCH OR MORE:   0
MIN  0 OR BELOW:   0    1.00 INCH OR MORE:   0

[HDD (BASE 65) ]
TOTAL THIS MO.    10    CLEAR  (SCALE 0-3)  15
DPTR FM NORMAL    -3    PTCLDY (SCALE 4-7)  14
TOTAL FM JUL 1  1662    CLOUDY (SCALE 8-10)  0
DPTR FM NORMAL  -337

[CDD (BASE 65) ]
TOTAL THIS MO.    88
DPTR FM NORMAL   -22    [PRESSURE DATA]
TOTAL FM JAN 1   115    HIGHEST SLP M ON M
DPTR FM NORMAL   -65    LOWEST  SLP 29.73 ON M

[REMARKS]
