000
CXUS56 KFGZ 281219
CF6SJN
PRELIMINARY LOCAL CLIMATOLOGICAL DATA (WS FORM: F-6)

                                          STATION:   SAINT JOHNS AZ AIRPORT
                                          MONTH:     MAY
                                          YEAR:      2015
                                          LATITUDE:   34 31 N
                                          LONGITUDE: 109 23 W

  TEMPERATURE IN F:       :PCPN:    SNOW:  WIND      :SUNSHINE: SKY     :PK WND
================================================================================
1   2   3   4   5  6A  6B    7    8   9   10  11  12  13   14  15   16   17  18
                                     12Z  AVG MX 2MIN
DY MAX MIN AVG DEP HDD CDD  WTR  SNW DPTH SPD SPD DIR MIN PSBL S-S WX    SPD DR
================================================================================

 1  82  50  66   8   0   1 0.00    M    M  7.3 36 200   M    M   2        47 190
 2  79  45  62   3   3   0    T    M    M  6.9 30 230   M    M   2        34 240
 3  76  39  58  -1   7   0    T    M    M  9.1 37 180   M    M   4        44 170
 4  67  46  57  -2   8   0 0.18    M    M  7.9 25 230   M    M   7 13     31 230
 5  62  46  54  -5  11   0 0.08    M    M 11.1 26 290   M    M   8 1      32 280
 6  71  45  58  -2   7   0 0.00    M    M  9.6 26 250   M    M   4        33 270
 7  72  39  56  -4   9   0    T    M    M  8.1 31 220   M    M   3        42 230
 8  72  37  55  -5  10   0    T    M    M 13.2 43 220   M    M   2        55 220
 9  57  34  46 -15  19   0 0.01    M    M 12.5 30 290   M    M   7 1      39 280
10  66  33  50 -11  15   0 0.00    M    M  7.6 24 270   M    M   1        31 270
11  78  35  57  -4   8   0 0.00    M    M  8.9 17  80   M    M   1        24 330
12  76  49  63   2   2   0 0.00    M    M 12.7 28 140   M    M   1        35 150
13  74  42  58  -4   7   0 0.00    M    M 10.4 25 250   M    M   0        32 230
14  76  51  64   2   1   0 0.00    M    M 11.7 29 210   M    M   2        39 220
15  62  42  52 -10  13   0 0.02    M    M 14.1 35 190   M    M   5        45 180
16  60  40  50 -12  15   0 0.11    M    M 14.7 31 240   M    M   6 1      42 250
17  71  34  53 -10  12   0 0.00    M    M  4.5 16 290   M    M   0        23 260
18  78  39  59  -4   6   0 0.00    M    M 12.3 33 220   M    M   2        42 210
19  73  45  59  -4   6   0    T    M    M 11.1 24 260   M    M   1        35 230
20  78  39  59  -5   6   0 0.00    M    M  5.8 22 230   M    M   0        28 230
21  78  51  65   1   0   0 0.00    M    M 10.8 35 190   M    M   1        44 200
22  75  46  61  -3   4   0 0.00    M    M 11.2 31 230   M    M   0        40 180
23  68  39  54 -10  11   0 0.00    M    M  9.7 25 280   M    M   2        37 280
24  71  42  57  -8   8   0    T    M    M 10.4 28 280   M    M   3        36 280
25  72  44  58  -7   7   0    T    M    M 11.8 29 290   M    M   6        34 290
26  78  40  59  -6   6   0 0.00    M    M  4.4 17 240   M    M   2        23 240
27  81  48  65   0   0   0 0.00    M    M  5.3 18 260   M    M   0        28 250
================================================================================
SM 1953 1140       201   1  0.40    M    263.1          M       72
================================================================================
AV 72.3 42.2                               9.7 FASTST   M    M   3    MAX(MPH)
                                 MISC ---->  # 43 220               # 55  220
================================================================================
NOTES:
# LAST OF SEVERAL OCCURRENCES

COLUMN 17 PEAK WIND IN M.P.H.

PRELIMINARY LOCAL CLIMATOLOGICAL DATA (WS FORM: F-6) , PAGE 2

                                          STATION:  SAINT JOHNS AZ AIRPORT
                                          MONTH:    MAY
                                          YEAR:     2015
                                          LATITUDE:   34 31 N
                                          LONGITUDE: 109 23 W

[TEMPERATURE DATA]      [PRECIPITATION DATA]       SYMBOLS USED IN COLUMN 16

AVERAGE MONTHLY: 57.3   TOTAL FOR MONTH:   0.40    1 = FOG OR MIST
DPTR FM NORMAL:  -4.6   DPTR FM NORMAL:   -0.04    2 = FOG REDUCING VISIBILITY
HIGHEST:    82 ON  1    GRTST 24HR  0.18 ON  4- 4      TO 1/4 MILE OR LESS
LOWEST:     33 ON 10                               3 = THUNDER
                        SNOW, ICE PELLETS, HAIL    4 = ICE PELLETS
                        TOTAL MONTH:    M          5 = HAIL
                        GRTST 24HR    M  ON   M    6 = FREEZING RAIN OR DRIZZLE
                        GRTST DEPTH:  M  ON   M    7 = DUSTSTORM OR SANDSTORM:
                                                       VSBY 1/2 MILE OR LESS
                                                   8 = SMOKE OR HAZE
[NO. OF DAYS WITH]      [WEATHER - DAYS WITH]      9 = BLOWING SNOW
                                                   X = TORNADO
MAX 32 OR BELOW:   0    0.01 INCH OR MORE:   5
MAX 90 OR ABOVE:   0    0.10 INCH OR MORE:   2
MIN 32 OR BELOW:   0    0.50 INCH OR MORE:   0
MIN  0 OR BELOW:   0    1.00 INCH OR MORE:   0

[HDD (BASE 65) ]
TOTAL THIS MO.   201    CLEAR  (SCALE 0-3)  19
DPTR FM NORMAL    82    PTCLDY (SCALE 4-7)   7
TOTAL FM JUL 1  4110    CLOUDY (SCALE 8-10)  1
DPTR FM NORMAL  -576

[CDD (BASE 65) ]
TOTAL THIS MO.     1
DPTR FM NORMAL   -33    [PRESSURE DATA]
TOTAL FM JAN 1     1    HIGHEST SLP M ON M
DPTR FM NORMAL   -33    LOWEST  SLP 29.66 ON  8

[REMARKS]
