000
CXUS56 KSLC 301230
CF6SLC
PRELIMINARY LOCAL CLIMATOLOGICAL DATA (WS FORM: F-6)

                                          STATION:   SALT LAKE CITY UT
                                          MONTH:     JUNE
                                          YEAR:      2015
                                          LATITUDE:   40 46 N
                                          LONGITUDE: 111 58 W

  TEMPERATURE IN F:       :PCPN:    SNOW:  WIND      :SUNSHINE: SKY     :PK WND
================================================================================
1   2   3   4   5  6A  6B    7    8   9   10  11  12  13   14  15   16   17  18
                                     12Z  AVG MX 2MIN
DY MAX MIN AVG DEP HDD CDD  WTR  SNW DPTH SPD SPD DIR MIN PSBL S-S WX    SPD DR
================================================================================

 1  92  62  77  12   0  12 0.00  0.0    0 15.2 31 190   M    M   1        41 160
 2  80  56  68   3   0   3 0.00  0.0    0  6.6 17 350   M    M   0        23 320
 3  80  58  69   4   0   4    T  0.0    0  7.4 40 230   M    M   1 38     52 220
 4  81  55  68   2   0   3 0.00  0.0    0  6.7 17 310   M    M   5        24 310
 5  80  59  70   4   0   5    T  0.0    0  7.2 28 200   M    M   6        33 200
 6  79  56  68   2   0   3 0.37  0.0    0 12.1 32 170   M    M   8 135    39 170
 7  78  54  66  -1   0   1 0.00  0.0    0  5.2 12 320   M    M   5        16 310
 8  86  59  73   6   0   8 0.00  0.0    0  6.5 14 330   M    M   0        18 360
 9  89  64  77  10   0  12 0.00  0.0    0  6.7 16 110   M    M   1        20 110
10  84  69  77   9   0  12 0.00  0.0    0 10.9 20 170   M    M   4 3      24 170
11  78  65  72   4   0   7 0.15  0.0    0  6.6 25 350   M    M   5 3      35 340
12  87  61  74   6   0   9 0.00  0.0    0  7.4 17 360   M    M   0        20 340
13  88  61  75   6   0  10 0.00  0.0    0  5.7 16 340   M    M   0        24 360
14  89  62  76   7   0  11 0.00  0.0    0  6.2 16 340   M    M   0        22 340
15  91  69  80  11   0  15 0.13  0.0    0 13.6 25 310   M    M   1 3      32 150
16  91  63  77   7   0  12 0.00  0.0    0  6.0 14 320   M    M   0        23 320
17  94  62  78   8   0  13 0.00  0.0    0  6.6 14 280   M    M   0        17 330
18  98  68  83  13   0  18 0.00  0.0    0  9.7 18 180   M    M   0        24 170
19  94  71  83  12   0  18 0.00  0.0    0  8.1 18 340   M    M   0        23 340
20  93  63  78   7   0  13 0.00  0.0    0  6.9 17  10   M    M   0        20 360
21  96  65  81   9   0  16 0.00  0.0    0 10.0 25 180   M    M   0        32 190
22  91  65  78   6   0  13 0.00  0.0    0  6.5 16 350   M    M   0        22 340
23  94  62  78   6   0  13 0.00  0.0    0  6.5 16  20   M    M   1        20 330
24  97  69  83  10   0  18 0.00  0.0    0  7.3 18  10   M    M   1        24  10
25  96  68  82   9   0  17 0.00  0.0    0  6.1 15  10   M    M   0        19 300
26  99  68  84  10   0  19 0.00  0.0    0  4.4 13 350   M    M   0        16 350
27 101  72  87  13   0  22 0.00  0.0    0  6.1 14 330   M    M   1        19 360
28 102  74  88  14   0  23 0.00  0.0    0  6.7 14 300   M    M   0        19 340
29 104  78  91  16   0  26 0.00  0.0    0  7.7 15 170   M    M   0        22 160
================================================================================
SM 2612 1858         0 356  0.65     0.0 222.6          M       40
================================================================================
AV 90.1 64.1                               7.7 FASTST   M    M   1    MAX(MPH)
                                 MISC ---->  # 40 230               # 52  220
================================================================================
NOTES:
# LAST OF SEVERAL OCCURRENCES

COLUMN 17 PEAK WIND IN M.P.H.

PRELIMINARY LOCAL CLIMATOLOGICAL DATA (WS FORM: F-6) , PAGE 2

                                          STATION:  SALT LAKE CITY UT
                                          MONTH:    JUNE
                                          YEAR:     2015
                                          LATITUDE:   40 46 N
                                          LONGITUDE: 111 58 W

[TEMPERATURE DATA]      [PRECIPITATION DATA]       SYMBOLS USED IN COLUMN 16

AVERAGE MONTHLY: 77.1   TOTAL FOR MONTH:   0.65    1 = FOG OR MIST
DPTR FM NORMAL:   7.6   DPTR FM NORMAL:   -0.31    2 = FOG REDUCING VISIBILITY
HIGHEST:   104 ON 29    GRTST 24HR  0.37 ON  5- 6      TO 1/4 MILE OR LESS
LOWEST:     54 ON  7                               3 = THUNDER
                        SNOW, ICE PELLETS, HAIL    4 = ICE PELLETS
                        TOTAL MONTH:   0.0 INCH    5 = HAIL
                        GRTST 24HR     0.0         6 = FREEZING RAIN OR DRIZZLE
                        GRTST DEPTH:   0           7 = DUSTSTORM OR SANDSTORM:
                                                       VSBY 1/2 MILE OR LESS
                                                   8 = SMOKE OR HAZE
[NO. OF DAYS WITH]      [WEATHER - DAYS WITH]      9 = BLOWING SNOW
                                                   X = TORNADO
MAX 32 OR BELOW:   0    0.01 INCH OR MORE:   3
MAX 90 OR ABOVE:  16    0.10 INCH OR MORE:   3
MIN 32 OR BELOW:   0    0.50 INCH OR MORE:   0
MIN  0 OR BELOW:   0    1.00 INCH OR MORE:   0

[HDD (BASE 65) ]
TOTAL THIS MO.     0    CLEAR  (SCALE 0-3)  23
DPTR FM NORMAL   -44    PTCLDY (SCALE 4-7)   6
TOTAL FM JUL 1  4363    CLOUDY (SCALE 8-10)  0
DPTR FM NORMAL -1242

[CDD (BASE 65) ]
TOTAL THIS MO.   356
DPTR FM NORMAL   179    [PRESSURE DATA]
TOTAL FM JAN 1   387    HIGHEST SLP M ON M
DPTR FM NORMAL   160    LOWEST  SLP 29.60 ON M

[REMARKS]
